000
CDUS43 KFSD 030643
CLISUX


CLIMATE REPORT
NATIONAL WEATHER SERVICE SIOUX FALLS SD
143 AM CDT SUN MAY 3 2015


...................................

...THE SIOUX CITY IA CLIMATE SUMMARY FOR MAY 2 2015...

CLIMATE NORMAL PERIOD 1981 TO 2010
CLIMATE RECORD PERIOD 1889 TO 2015


WEATHER ITEM   OBSERVED TIME   RECORD YEAR NORMAL DEPARTURE LAST
                VALUE   (LST)  VALUE       VALUE  FROM      YEAR
                                                  NORMAL
..................................................................
TEMPERATURE (F)
 YESTERDAY
  MAXIMUM         79    449 PM  91    1965  69     10       70
  MINIMUM         46    451 AM  25    1908  44      2       34
  AVERAGE         63                        56      7       52

PRECIPITATION (IN)
  YESTERDAY        0.00          1.38 1913   0.12  -0.12     0.00
  MONTH TO DATE    0.18                      0.23  -0.05      T
  SINCE MAR 1      3.59                      5.18  -1.59     2.45
  SINCE JAN 1      4.55                      6.47  -1.92     3.22

SNOWFALL (IN)
  YESTERDAY        0.0           T    1976   0.0    0.0      0.0
                                      1954
  MONTH TO DATE    0.0                       0.0    0.0      0.0
  SINCE MAR 1      T                         8.3   -8.3     10.0
  SINCE JUL 1     21.5                      34.8  -13.3     23.8
  SNOW DEPTH       0

DEGREE DAYS
 HEATING
  YESTERDAY        2                        10     -8       13
  MONTH TO DATE    8                        20    -12       32
  SINCE MAR 1   1083                      1378   -295     1477
  SINCE JUL 1   6249                      6672   -423     7081

 COOLING
  YESTERDAY        0                         1     -1        0
  MONTH TO DATE    0                         2     -2        0
  SINCE MAR 1      1                        13    -12        9
  SINCE JAN 1      1                        13    -12        9
..................................................................


WIND (MPH)
  HIGHEST WIND SPEED    29   HIGHEST WIND DIRECTION     S (190)
  HIGHEST GUST SPEED    38   HIGHEST GUST DIRECTION     S (190)
  AVERAGE WIND SPEED    12.0


SKY COVER
  POSSIBLE SUNSHINE  MM
  AVERAGE SKY COVER 0.0


WEATHER CONDITIONS
 THE FOLLOWING WEATHER WAS RECORDED YESTERDAY.
  NO SIGNIFICANT WEATHER WAS OBSERVED.


RELATIVE HUMIDITY (PERCENT)
 HIGHEST    86           300 AM
 LOWEST     42           400 PM
 AVERAGE    64

..........................................................


THE SIOUX CITY IA CLIMATE NORMALS FOR TODAY
                         NORMAL    RECORD    YEAR
 MAXIMUM TEMPERATURE (F)   69        94      1949
 MINIMUM TEMPERATURE (F)   44        25      1976


SUNRISE AND SUNSET
MAY  3 2015...........SUNRISE   618 AM CDT   SUNSET   827 PM CDT
MAY  4 2015...........SUNRISE   617 AM CDT   SUNSET   828 PM CDT


-  INDICATES NEGATIVE NUMBERS.
R  INDICATES RECORD WAS SET OR TIED.
MM INDICATES DATA IS MISSING.
T  INDICATES TRACE AMOUNT.




$$
