000
CDUS43 KFSD 290703
CLISUX


CLIMATE REPORT
NATIONAL WEATHER SERVICE SIOUX FALLS SD
202 AM CDT WED APR 29 2015


...................................

...THE SIOUX CITY IA CLIMATE SUMMARY FOR APRIL 28 2015...

CLIMATE NORMAL PERIOD 1981 TO 2010
CLIMATE RECORD PERIOD 1889 TO 2015


WEATHER ITEM   OBSERVED TIME   RECORD YEAR NORMAL DEPARTURE LAST
                VALUE   (LST)  VALUE       VALUE  FROM      YEAR
                                                  NORMAL
..................................................................
TEMPERATURE (F)
 YESTERDAY
  MAXIMUM         73    411 PM  98    1910  67      6       62
  MINIMUM         38    421 AM  27    2008  42     -4       47
                                      1979
  AVERAGE         56                        55      1       55

PRECIPITATION (IN)
  YESTERDAY        0.00          1.60 1896   0.11  -0.11     0.12
  MONTH TO DATE    2.53                      2.74  -0.21     1.56
  SINCE MAR 1      3.41                      4.74  -1.33     1.94
  SINCE JAN 1      4.37                      6.03  -1.66     2.71

SNOWFALL (IN)
  YESTERDAY        0.0           5.0  1917   0.1   -0.1      0.0
  MONTH TO DATE    0.0                       1.8   -1.8      5.3
  SINCE MAR 1      T                         8.3   -8.3     10.0
  SINCE JUL 1     21.5                      34.8  -13.3     23.8
  SNOW DEPTH       0

DEGREE DAYS
 HEATING
  YESTERDAY        9                        11     -2       10
  MONTH TO DATE  352                       454   -102      422
  SINCE MAR 1   1059                      1338   -279     1402
  SINCE JUL 1   6225                      6632   -407     7006

 COOLING
  YESTERDAY        0                         1     -1        0
  MONTH TO DATE    1                         8     -7        9
  SINCE MAR 1      1                         8     -7        9
  SINCE JAN 1      1                         8     -7        9
..................................................................


WIND (MPH)
  HIGHEST WIND SPEED    22   HIGHEST WIND DIRECTION    NW (330)
  HIGHEST GUST SPEED    26   HIGHEST GUST DIRECTION    NW (330)
  AVERAGE WIND SPEED    10.2


SKY COVER
  POSSIBLE SUNSHINE  MM
  AVERAGE SKY COVER 0.1


WEATHER CONDITIONS
 THE FOLLOWING WEATHER WAS RECORDED YESTERDAY.
  NO SIGNIFICANT WEATHER WAS OBSERVED.


RELATIVE HUMIDITY (PERCENT)
 HIGHEST    71           700 AM
 LOWEST     28          1200 PM
 AVERAGE    50

..........................................................


THE SIOUX CITY IA CLIMATE NORMALS FOR TODAY
                         NORMAL    RECORD    YEAR
 MAXIMUM TEMPERATURE (F)   68        93      2007
                                             1891
 MINIMUM TEMPERATURE (F)   42        25      1958


SUNRISE AND SUNSET
APRIL 29 2015.........SUNRISE   624 AM CDT   SUNSET   823 PM CDT
APRIL 30 2015.........SUNRISE   622 AM CDT   SUNSET   824 PM CDT


-  INDICATES NEGATIVE NUMBERS.
R  INDICATES RECORD WAS SET OR TIED.
MM INDICATES DATA IS MISSING.
T  INDICATES TRACE AMOUNT.




$$
