000
CDUS43 KFSD 200628
CLISUX


CLIMATE REPORT
NATIONAL WEATHER SERVICE SIOUX FALLS SD
128 AM CDT MON APR 20 2015


...................................

...THE SIOUX CITY IA CLIMATE SUMMARY FOR APRIL 19 2015...

CLIMATE NORMAL PERIOD 1981 TO 2010
CLIMATE RECORD PERIOD 1889 TO 2015


WEATHER ITEM   OBSERVED TIME   RECORD YEAR NORMAL DEPARTURE LAST
                VALUE   (LST)  VALUE       VALUE  FROM      YEAR
                                                  NORMAL
..................................................................
TEMPERATURE (F)
 YESTERDAY
  MAXIMUM         56    523 PM  90    1987  64     -8       79
  MINIMUM         45   1159 PM  20    1928  38      7       52
  AVERAGE         51                        51      0       66

PRECIPITATION (IN)
  YESTERDAY        T             1.95 1993   0.10  -0.10     0.00
  MONTH TO DATE    2.50                      1.77   0.73     0.87
  SINCE MAR 1      3.38                      3.77  -0.39     1.25
  SINCE JAN 1      4.34                      5.06  -0.72     2.02

SNOWFALL (IN)
  YESTERDAY       MM             0.8  1959   0.1   MM        0.0
  MONTH TO DATE    0.0                       1.5   -1.5      5.3
  SINCE MAR 1      T                         8.0   -8.0     10.0
  SINCE JUL 1     21.5                      34.5  -13.0     23.8
  SNOW DEPTH       0

DEGREE DAYS
 HEATING
  YESTERDAY       14                        14      0        0
  MONTH TO DATE  230                       341   -111      361
  SINCE MAR 1    937                      1225   -288     1341
  SINCE JUL 1   6103                      6519   -416     6945

 COOLING
  YESTERDAY        0                         0      0        1
  MONTH TO DATE    1                         0      1        5
  SINCE MAR 1      1                         0      1        5
  SINCE JAN 1      1                         0      1        5
..................................................................


WIND (MPH)
  HIGHEST WIND SPEED    35   HIGHEST WIND DIRECTION    NW (330)
  HIGHEST GUST SPEED    41   HIGHEST GUST DIRECTION    NW (330)
  AVERAGE WIND SPEED    19.6


SKY COVER
  POSSIBLE SUNSHINE  MM
  AVERAGE SKY COVER 0.8


WEATHER CONDITIONS
 THE FOLLOWING WEATHER WAS RECORDED YESTERDAY.
  LIGHT RAIN
  FOG
  FOG W/VISIBILITY <= 1/4 MILE


RELATIVE HUMIDITY (PERCENT)
 HIGHEST   100           300 AM
 LOWEST     41           600 PM
 AVERAGE    71

..........................................................


THE SIOUX CITY IA CLIMATE NORMALS FOR TODAY
                         NORMAL    RECORD    YEAR
 MAXIMUM TEMPERATURE (F)   64        91      1980
 MINIMUM TEMPERATURE (F)   39        22      2013
                                             1953


SUNRISE AND SUNSET
APRIL 20 2015.........SUNRISE   637 AM CDT   SUNSET   813 PM CDT
APRIL 21 2015.........SUNRISE   635 AM CDT   SUNSET   814 PM CDT


-  INDICATES NEGATIVE NUMBERS.
R  INDICATES RECORD WAS SET OR TIED.
MM INDICATES DATA IS MISSING.
T  INDICATES TRACE AMOUNT.




$$
