000
CDUS43 KFSD 260627
CLISUX


CLIMATE REPORT
NATIONAL WEATHER SERVICE SIOUX FALLS SD
127 AM CDT SUN APR 26 2015


...................................

...THE SIOUX CITY IA CLIMATE SUMMARY FOR APRIL 25 2015...

CLIMATE NORMAL PERIOD 1981 TO 2010
CLIMATE RECORD PERIOD 1889 TO 2015


WEATHER ITEM   OBSERVED TIME   RECORD YEAR NORMAL DEPARTURE LAST
                VALUE   (LST)  VALUE       VALUE  FROM      YEAR
                                                  NORMAL
..................................................................
TEMPERATURE (F)
 YESTERDAY
  MAXIMUM         61    347 PM  93    1981  66     -5       76
  MINIMUM         46    755 AM  25    2013  41      5       35
  AVERAGE         54                        54      0       56

PRECIPITATION (IN)
  YESTERDAY        0.02          2.09 1998   0.10  -0.08     0.00
  MONTH TO DATE    2.53                      2.42   0.11     1.35
  SINCE MAR 1      3.41                      4.42  -1.01     1.73
  SINCE JAN 1      4.37                      5.71  -1.34     2.50

SNOWFALL (IN)
  YESTERDAY        0.0           3.1  1937   0.0    0.0      0.0
  MONTH TO DATE    0.0                       1.7   -1.7      5.3
  SINCE MAR 1      T                         8.2   -8.2     10.0
  SINCE JUL 1     21.5                      34.7  -13.2     23.8
  SNOW DEPTH       0

DEGREE DAYS
 HEATING
  YESTERDAY       11                        12     -1        9
  MONTH TO DATE  319                       420   -101      405
  SINCE MAR 1   1026                      1304   -278     1385
  SINCE JUL 1   6192                      6598   -406     6989

 COOLING
  YESTERDAY        0                         1     -1        0
  MONTH TO DATE    1                         5     -4        9
  SINCE MAR 1      1                         5     -4        9
  SINCE JAN 1      1                         5     -4        9
..................................................................


WIND (MPH)
  HIGHEST WIND SPEED    22   HIGHEST WIND DIRECTION    NE (60)
  HIGHEST GUST SPEED    29   HIGHEST GUST DIRECTION     E (100)
  AVERAGE WIND SPEED    13.4


SKY COVER
  POSSIBLE SUNSHINE  MM
  AVERAGE SKY COVER 0.9


WEATHER CONDITIONS
 THE FOLLOWING WEATHER WAS RECORDED YESTERDAY.
  LIGHT RAIN
  FOG
  HAZE


RELATIVE HUMIDITY (PERCENT)
 HIGHEST    89           200 AM
 LOWEST     51           300 PM
 AVERAGE    70

..........................................................


THE SIOUX CITY IA CLIMATE NORMALS FOR TODAY
                         NORMAL    RECORD    YEAR
 MAXIMUM TEMPERATURE (F)   67        91      1987
 MINIMUM TEMPERATURE (F)   41        25      1950


SUNRISE AND SUNSET
APRIL 26 2015.........SUNRISE   628 AM CDT   SUNSET   819 PM CDT
APRIL 27 2015.........SUNRISE   627 AM CDT   SUNSET   821 PM CDT


-  INDICATES NEGATIVE NUMBERS.
R  INDICATES RECORD WAS SET OR TIED.
MM INDICATES DATA IS MISSING.
T  INDICATES TRACE AMOUNT.




$$
