000
CDUS43 KFSD 222229
CLISUX


CLIMATE REPORT
NATIONAL WEATHER SERVICE SIOUX FALLS SD
528 PM CDT SUN MAR 22 2015


...................................

...THE SIOUX CITY IA CLIMATE SUMMARY FOR MARCH 22 2015...
VALID TODAY AS OF 0500 PM LOCAL TIME.

CLIMATE NORMAL PERIOD 1981 TO 2010
CLIMATE RECORD PERIOD 1889 TO 2015


WEATHER ITEM   OBSERVED TIME   RECORD YEAR NORMAL DEPARTURE LAST
                VALUE   (LST)  VALUE       VALUE  FROM      YEAR
                                                  NORMAL
..................................................................
TEMPERATURE (F)
 TODAY
  MAXIMUM         71    359 PM  85    1939  51     20       31
  MINIMUM         34    650 AM  -1    1955  28      6       16
                                      1899
  AVERAGE         53                        39     14       24

PRECIPITATION (IN)
  TODAY            0.00          1.22 1979   0.07  -0.07     0.00
  MONTH TO DATE    T                         1.26  -1.26     0.31
  SINCE MAR 1      T                         1.26  -1.26     0.31
  SINCE JAN 1      0.96                      2.55  -1.59     1.08

SNOWFALL (IN)
  TODAY            0.0           6.3  1966   0.2   -0.2      0.0
  MONTH TO DATE    T                         5.0   -5.0      4.6
  SINCE MAR 1      T                         5.0   -5.0      4.6
  SINCE JUL 1     21.5                      31.5  -10.0     18.4
  SNOW DEPTH       0

DEGREE DAYS
 HEATING
  TODAY           12                        26    -14       41
  MONTH TO DATE  501                       671   -170      729
  SINCE MAR 1    501                       671   -170      729
  SINCE JUL 1   5667                      5965   -298     6333

 COOLING
  TODAY            0                         0      0        0
  MONTH TO DATE    0                         0      0        0
  SINCE MAR 1      0                         0      0        0
  SINCE JAN 1      0                         0      0        0
..................................................................


WIND (MPH)
  HIGHEST WIND SPEED    23   HIGHEST WIND DIRECTION    SE (130)
  HIGHEST GUST SPEED    28   HIGHEST GUST DIRECTION    SE (130)
  AVERAGE WIND SPEED    14.4


SKY COVER
  POSSIBLE SUNSHINE  MM
  AVERAGE SKY COVER 0.0


WEATHER CONDITIONS
 THE FOLLOWING WEATHER WAS RECORDED TODAY.
  NO SIGNIFICANT WEATHER WAS OBSERVED.


RELATIVE HUMIDITY (PERCENT)
 HIGHEST    59          1200 AM
 LOWEST     25           400 PM
 AVERAGE    42

..........................................................


THE SIOUX CITY IA CLIMATE NORMALS FOR TOMORROW
                         NORMAL    RECORD    YEAR
 MAXIMUM TEMPERATURE (F)   51        88      1910
 MINIMUM TEMPERATURE (F)   28         1      1899


SUNRISE AND SUNSET
MARCH 22 2015.........SUNRISE   726 AM CDT   SUNSET   740 PM CDT
MARCH 23 2015.........SUNRISE   724 AM CDT   SUNSET   741 PM CDT


-  INDICATES NEGATIVE NUMBERS.
R  INDICATES RECORD WAS SET OR TIED.
MM INDICATES DATA IS MISSING.
T  INDICATES TRACE AMOUNT.




$$
