000
CDUS43 KFSD 230629
CLISUX


CLIMATE REPORT
NATIONAL WEATHER SERVICE SIOUX FALLS SD
127 AM CDT THU APR 23 2015


...................................

...THE SIOUX CITY IA CLIMATE SUMMARY FOR APRIL 22 2015...

CLIMATE NORMAL PERIOD 1981 TO 2010
CLIMATE RECORD PERIOD 1889 TO 2015


WEATHER ITEM   OBSERVED TIME   RECORD YEAR NORMAL DEPARTURE LAST
                VALUE   (LST)  VALUE       VALUE  FROM      YEAR
                                                  NORMAL
..................................................................
TEMPERATURE (F)
 YESTERDAY
  MAXIMUM         58    510 PM  97    1980  65     -7       70
  MINIMUM         24R   518 AM  26    1936  40    -16       30
  AVERAGE         41                        52    -11       50

PRECIPITATION (IN)
  YESTERDAY        0.00          1.13 2001   0.11  -0.11     0.00
  MONTH TO DATE    2.50                      2.10   0.40     0.88
  SINCE MAR 1      3.38                      4.10  -0.72     1.26
  SINCE JAN 1      4.34                      5.39  -1.05     2.03

SNOWFALL (IN)
  YESTERDAY        0.0           1.5  2013   0.0    0.0      0.0
  MONTH TO DATE    0.0                       1.6   -1.6      5.3
  SINCE MAR 1      T                         8.1   -8.1     10.0
  SINCE JUL 1     21.5                      34.6  -13.1     23.8
  SNOW DEPTH       0

DEGREE DAYS
 HEATING
  YESTERDAY       24                        13     11       15
  MONTH TO DATE  291                       382    -91      378
  SINCE MAR 1    998                      1266   -268     1358
  SINCE JUL 1   6164                      6560   -396     6962

 COOLING
  YESTERDAY        0                         1     -1        0
  MONTH TO DATE    1                         2     -1        9
  SINCE MAR 1      1                         2     -1        9
  SINCE JAN 1      1                         2     -1        9
..................................................................


WIND (MPH)
  HIGHEST WIND SPEED    21   HIGHEST WIND DIRECTION     N (350)
  HIGHEST GUST SPEED    27   HIGHEST GUST DIRECTION    NW (330)
  AVERAGE WIND SPEED     8.2


SKY COVER
  POSSIBLE SUNSHINE  MM
  AVERAGE SKY COVER 0.0


WEATHER CONDITIONS
 THE FOLLOWING WEATHER WAS RECORDED YESTERDAY.
  NO SIGNIFICANT WEATHER WAS OBSERVED.


RELATIVE HUMIDITY (PERCENT)
 HIGHEST    75           500 AM
 LOWEST     17           300 PM
 AVERAGE    46

..........................................................


THE SIOUX CITY IA CLIMATE NORMALS FOR TODAY
                         NORMAL    RECORD    YEAR
 MAXIMUM TEMPERATURE (F)   66        92      2009
 MINIMUM TEMPERATURE (F)   40        25      1996
                                             1910


SUNRISE AND SUNSET
APRIL 23 2015.........SUNRISE   632 AM CDT   SUNSET   816 PM CDT
APRIL 24 2015.........SUNRISE   631 AM CDT   SUNSET   817 PM CDT


-  INDICATES NEGATIVE NUMBERS.
R  INDICATES RECORD WAS SET OR TIED.
MM INDICATES DATA IS MISSING.
T  INDICATES TRACE AMOUNT.




$$
