000
CDUS43 KFSD 092233
CLISUX


CLIMATE REPORT
NATIONAL WEATHER SERVICE SIOUX FALLS SD
532 PM CDT THU APR 9 2015


...................................

...THE SIOUX CITY IA CLIMATE SUMMARY FOR APRIL 9 2015...
VALID TODAY AS OF 0500 PM LOCAL TIME.

CLIMATE NORMAL PERIOD 1981 TO 2010
CLIMATE RECORD PERIOD 1889 TO 2015


WEATHER ITEM   OBSERVED TIME   RECORD YEAR NORMAL DEPARTURE LAST
                VALUE   (LST)  VALUE       VALUE  FROM      YEAR
                                                  NORMAL
..................................................................
TEMPERATURE (F)
 TODAY
  MAXIMUM         46   1209 AM  87    1977  60    -14       83
  MINIMUM         37    246 PM  16    1928  34      3       29
  AVERAGE         42                        47     -5       56

PRECIPITATION (IN)
  TODAY            1.37          2.33 2013   0.09   1.28     0.00
  MONTH TO DATE    1.66                      0.79   0.87     0.66
  SINCE MAR 1      2.54                      2.79  -0.25     1.04
  SINCE JAN 1      3.50                      4.08  -0.58     1.81

SNOWFALL (IN)
  TODAY            0.0           2.9  1913   0.1   -0.1      0.0
  MONTH TO DATE    0.0                       0.9   -0.9      3.5
  SINCE MAR 1      T                         7.4   -7.4      8.2
  SINCE JUL 1     21.5                      33.9  -12.4     22.0
  SNOW DEPTH       0

DEGREE DAYS
 HEATING
  TODAY           23                        18      5        9
  MONTH TO DATE  138                       180    -42      202
  SINCE MAR 1    845                      1064   -219     1182
  SINCE JUL 1   6011                      6358   -347     6786

 COOLING
  TODAY            0                         0      0        0
  MONTH TO DATE    1                         0      1        0
  SINCE MAR 1      1                         0      1        0
  SINCE JAN 1      1                         0      1        0
..................................................................


WIND (MPH)
  HIGHEST WIND SPEED    30   HIGHEST WIND DIRECTION     N (350)
  HIGHEST GUST SPEED    37   HIGHEST GUST DIRECTION     N (360)
  AVERAGE WIND SPEED    18.8


SKY COVER
  POSSIBLE SUNSHINE  MM
  AVERAGE SKY COVER 1.0


WEATHER CONDITIONS
 THE FOLLOWING WEATHER WAS RECORDED TODAY.
  THUNDERSTORM
  HEAVY RAIN
  RAIN
  LIGHT RAIN
  FOG


RELATIVE HUMIDITY (PERCENT)
 HIGHEST    86          1200 AM
 LOWEST     82          1100 AM
 AVERAGE    84

..........................................................


THE SIOUX CITY IA CLIMATE NORMALS FOR TOMORROW
                         NORMAL    RECORD    YEAR
 MAXIMUM TEMPERATURE (F)   60        84      2006
                                             1977
                                             1930
 MINIMUM TEMPERATURE (F)   35        20      1989


SUNRISE AND SUNSET
APRIL  9 2015.........SUNRISE   655 AM CDT   SUNSET   800 PM CDT
APRIL 10 2015.........SUNRISE   653 AM CDT   SUNSET   801 PM CDT


-  INDICATES NEGATIVE NUMBERS.
R  INDICATES RECORD WAS SET OR TIED.
MM INDICATES DATA IS MISSING.
T  INDICATES TRACE AMOUNT.




$$
