000
CDUS43 KFSD 220625
CLISUX


CLIMATE REPORT
NATIONAL WEATHER SERVICE SIOUX FALLS SD
122 AM CDT WED APR 22 2015


...................................

...THE SIOUX CITY IA CLIMATE SUMMARY FOR APRIL 21 2015...

CLIMATE NORMAL PERIOD 1981 TO 2010
CLIMATE RECORD PERIOD 1889 TO 2015


WEATHER ITEM   OBSERVED TIME   RECORD YEAR NORMAL DEPARTURE LAST
                VALUE   (LST)  VALUE       VALUE  FROM      YEAR
                                                  NORMAL
..................................................................
TEMPERATURE (F)
 YESTERDAY
  MAXIMUM         55    530 PM  94    1980  65    -10       76
  MINIMUM         32    546 AM  23    1966  39     -7       50
                                      1927
  AVERAGE         44                        52     -8       63

PRECIPITATION (IN)
  YESTERDAY        0.00          1.00 1891   0.11  -0.11      T
  MONTH TO DATE    2.50                      1.99   0.51     0.88
  SINCE MAR 1      3.38                      3.99  -0.61     1.26
  SINCE JAN 1      4.34                      5.28  -0.94     2.03

SNOWFALL (IN)
  YESTERDAY        0.0           1.0  1927   0.1   -0.1      0.0
  MONTH TO DATE    0.0                       1.6   -1.6      5.3
  SINCE MAR 1      T                         8.1   -8.1     10.0
  SINCE JUL 1     21.5                      34.6  -13.1     23.8
  SNOW DEPTH       0

DEGREE DAYS
 HEATING
  YESTERDAY       21                        14      7        2
  MONTH TO DATE  267                       369   -102      363
  SINCE MAR 1    974                      1253   -279     1343
  SINCE JUL 1   6140                      6547   -407     6947

 COOLING
  YESTERDAY        0                         1     -1        0
  MONTH TO DATE    1                         1      0        9
  SINCE MAR 1      1                         1      0        9
  SINCE JAN 1      1                         1      0        9
..................................................................


WIND (MPH)
  HIGHEST WIND SPEED    30   HIGHEST WIND DIRECTION     N (340)
  HIGHEST GUST SPEED    36   HIGHEST GUST DIRECTION     N (350)
  AVERAGE WIND SPEED    15.1


SKY COVER
  POSSIBLE SUNSHINE  MM
  AVERAGE SKY COVER 0.2


WEATHER CONDITIONS
 THE FOLLOWING WEATHER WAS RECORDED YESTERDAY.
  NO SIGNIFICANT WEATHER WAS OBSERVED.


RELATIVE HUMIDITY (PERCENT)
 HIGHEST    52           700 AM
 LOWEST     24           500 PM
 AVERAGE    38

..........................................................


THE SIOUX CITY IA CLIMATE NORMALS FOR TODAY
                         NORMAL    RECORD    YEAR
 MAXIMUM TEMPERATURE (F)   65        97      1980
 MINIMUM TEMPERATURE (F)   40        26      1936


SUNRISE AND SUNSET
APRIL 22 2015.........SUNRISE   634 AM CDT   SUNSET   815 PM CDT
APRIL 23 2015.........SUNRISE   632 AM CDT   SUNSET   816 PM CDT


-  INDICATES NEGATIVE NUMBERS.
R  INDICATES RECORD WAS SET OR TIED.
MM INDICATES DATA IS MISSING.
T  INDICATES TRACE AMOUNT.




$$
