000
CDUS43 KFSD 012236
CLISUX


CLIMATE REPORT
NATIONAL WEATHER SERVICE SIOUX FALLS SD
535 PM CDT FRI MAY 1 2015


...................................

...THE SIOUX CITY IA CLIMATE SUMMARY FOR MAY 1 2015...
VALID TODAY AS OF 0500 PM LOCAL TIME.

CLIMATE NORMAL PERIOD 1981 TO 2010
CLIMATE RECORD PERIOD 1889 TO 2015


WEATHER ITEM   OBSERVED TIME   RECORD YEAR NORMAL DEPARTURE LAST
                VALUE   (LST)  VALUE       VALUE  FROM      YEAR
                                                  NORMAL
..................................................................
TEMPERATURE (F)
 TODAY
  MAXIMUM         64    359 PM  93    1987  68     -4       52
                                      1959
  MINIMUM         52    707 AM  23    1909  43      9       39
  AVERAGE         58                        56      2       46

PRECIPITATION (IN)
  TODAY            0.18          2.19 1972   0.11   0.07      T
  MONTH TO DATE    0.18                      0.11   0.07      T
  SINCE MAR 1      3.59                      5.06  -1.47     2.45
  SINCE JAN 1      4.55                      6.35  -1.80     3.22

SNOWFALL (IN)
  TODAY            0.0           1.4  2013   0.0    0.0      0.0
  MONTH TO DATE    0.0                       0.0    0.0      0.0
  SINCE MAR 1      T                         8.3   -8.3     10.0
  SINCE JUL 1     21.5                      34.8  -13.3     23.8
  SNOW DEPTH       0

DEGREE DAYS
 HEATING
  TODAY            7                        10     -3       19
  MONTH TO DATE    7                        10     -3       19
  SINCE MAR 1   1082                      1368   -286     1464
  SINCE JUL 1   6248                      6662   -414     7068

 COOLING
  TODAY            0                         1     -1        0
  MONTH TO DATE    0                         1     -1        0
  SINCE MAR 1      1                        12    -11        9
  SINCE JAN 1      1                        12    -11        9
..................................................................


WIND (MPH)
  HIGHEST WIND SPEED    14   HIGHEST WIND DIRECTION     S (160)
  HIGHEST GUST SPEED    18   HIGHEST GUST DIRECTION    SE (150)
  AVERAGE WIND SPEED     9.5


SKY COVER
  POSSIBLE SUNSHINE  MM
  AVERAGE SKY COVER 0.8


WEATHER CONDITIONS
 THE FOLLOWING WEATHER WAS RECORDED TODAY.
  RAIN
  LIGHT RAIN


RELATIVE HUMIDITY (PERCENT)
 HIGHEST    77           700 AM
 LOWEST     37          1200 AM
 AVERAGE    57

..........................................................


THE SIOUX CITY IA CLIMATE NORMALS FOR TOMORROW
                         NORMAL    RECORD    YEAR
 MAXIMUM TEMPERATURE (F)   69        91      1965
 MINIMUM TEMPERATURE (F)   44        25      1908


SUNRISE AND SUNSET
MAY  1 2015...........SUNRISE   621 AM CDT   SUNSET   825 PM CDT
MAY  2 2015...........SUNRISE   620 AM CDT   SUNSET   826 PM CDT


-  INDICATES NEGATIVE NUMBERS.
R  INDICATES RECORD WAS SET OR TIED.
MM INDICATES DATA IS MISSING.
T  INDICATES TRACE AMOUNT.




$$
