000
CDUS43 KFSD 110632
CLISUX


CLIMATE REPORT
NATIONAL WEATHER SERVICE SIOUX FALLS SD
130 AM CDT SAT APR 11 2015


...................................

...THE SIOUX CITY IA CLIMATE SUMMARY FOR APRIL 10 2015...

CLIMATE NORMAL PERIOD 1981 TO 2010
CLIMATE RECORD PERIOD 1889 TO 2015


WEATHER ITEM   OBSERVED TIME   RECORD YEAR NORMAL DEPARTURE LAST
                VALUE   (LST)  VALUE       VALUE  FROM      YEAR
                                                  NORMAL
..................................................................
TEMPERATURE (F)
 YESTERDAY
  MAXIMUM         59    534 PM  84    2006  60     -1       69
                                      1977
                                      1930
  MINIMUM         38    608 AM  20    1989  35      3       38
  AVERAGE         49                        47      2       54

PRECIPITATION (IN)
  YESTERDAY        0.00          2.10 1922   0.09  -0.09     0.00
  MONTH TO DATE    1.72                      0.88   0.84     0.66
  SINCE MAR 1      2.60                      2.88  -0.28     1.04
  SINCE JAN 1      3.56                      4.17  -0.61     1.81

SNOWFALL (IN)
  YESTERDAY        0.0          20.0  1913   0.1   -0.1      0.0
  MONTH TO DATE    0.0                       1.0   -1.0      3.5
  SINCE MAR 1      T                         7.5   -7.5      8.2
  SINCE JUL 1     21.5                      34.0  -12.5     22.0
  SNOW DEPTH       0

DEGREE DAYS
 HEATING
  YESTERDAY       16                        18     -2       11
  MONTH TO DATE  154                       198    -44      213
  SINCE MAR 1    861                      1082   -221     1193
  SINCE JUL 1   6027                      6376   -349     6797

 COOLING
  YESTERDAY        0                         0      0        0
  MONTH TO DATE    1                         0      1        0
  SINCE MAR 1      1                         0      1        0
  SINCE JAN 1      1                         0      1        0
..................................................................


WIND (MPH)
  HIGHEST WIND SPEED    23   HIGHEST WIND DIRECTION    NW (330)
  HIGHEST GUST SPEED    27   HIGHEST GUST DIRECTION    NW (320)
  AVERAGE WIND SPEED     8.8


SKY COVER
  POSSIBLE SUNSHINE  MM
  AVERAGE SKY COVER 0.0


WEATHER CONDITIONS
 THE FOLLOWING WEATHER WAS RECORDED YESTERDAY.
  NO SIGNIFICANT WEATHER WAS OBSERVED.


RELATIVE HUMIDITY (PERCENT)
 HIGHEST    73          1100 PM
 LOWEST     30           600 PM
 AVERAGE    52

..........................................................


THE SIOUX CITY IA CLIMATE NORMALS FOR TODAY
                         NORMAL    RECORD    YEAR
 MAXIMUM TEMPERATURE (F)   61        89      1968
 MINIMUM TEMPERATURE (F)   35        16      1940


SUNRISE AND SUNSET
APRIL 11 2015.........SUNRISE   651 AM CDT   SUNSET   802 PM CDT
APRIL 12 2015.........SUNRISE   650 AM CDT   SUNSET   804 PM CDT


-  INDICATES NEGATIVE NUMBERS.
R  INDICATES RECORD WAS SET OR TIED.
MM INDICATES DATA IS MISSING.
T  INDICATES TRACE AMOUNT.




$$
