000
CDUS43 KFSD 162224
CLISUX


CLIMATE REPORT
NATIONAL WEATHER SERVICE SIOUX FALLS SD
524 PM CDT THU APR 16 2015


...................................

...THE SIOUX CITY IA CLIMATE SUMMARY FOR APRIL 16 2015...
VALID TODAY AS OF 0500 PM LOCAL TIME.

CLIMATE NORMAL PERIOD 1981 TO 2010
CLIMATE RECORD PERIOD 1889 TO 2015


WEATHER ITEM   OBSERVED TIME   RECORD YEAR NORMAL DEPARTURE LAST
                VALUE   (LST)  VALUE       VALUE  FROM      YEAR
                                                  NORMAL
..................................................................
TEMPERATURE (F)
 TODAY
  MAXIMUM         73    359 PM  90    2004  63     10       61
  MINIMUM         48    602 AM  20    1904  37     11       34
  AVERAGE         61                        50     11       48

PRECIPITATION (IN)
  TODAY            T             1.24 1938   0.10  -0.10      T
  MONTH TO DATE    1.96                      1.46   0.50     0.87
  SINCE MAR 1      2.84                      3.46  -0.62     1.25
  SINCE JAN 1      3.80                      4.75  -0.95     2.02

SNOWFALL (IN)
  TODAY            0.0           0.7  1999   0.0    0.0       T
  MONTH TO DATE    0.0                       1.3   -1.3      5.3
  SINCE MAR 1      T                         7.8   -7.8     10.0
  SINCE JUL 1     21.5                      34.3  -12.8     23.8
  SNOW DEPTH       0

DEGREE DAYS
 HEATING
  TODAY            4                        15    -11       17
  MONTH TO DATE  208                       297    -89      322
  SINCE MAR 1    915                      1181   -266     1302
  SINCE JUL 1   6081                      6475   -394     6906

 COOLING
  TODAY            0                         0      0        0
  MONTH TO DATE    1                         0      1        4
  SINCE MAR 1      1                         0      1        4
  SINCE JAN 1      1                         0      1        4
..................................................................


WIND (MPH)
  HIGHEST WIND SPEED     9   HIGHEST WIND DIRECTION    NW (310)
  HIGHEST GUST SPEED    13   HIGHEST GUST DIRECTION     W (280)
  AVERAGE WIND SPEED     3.5


SKY COVER
  POSSIBLE SUNSHINE  MM
  AVERAGE SKY COVER 0.6


WEATHER CONDITIONS
 THE FOLLOWING WEATHER WAS RECORDED TODAY.
  LIGHT RAIN


RELATIVE HUMIDITY (PERCENT)
 HIGHEST    86           600 AM
 LOWEST     41           400 PM
 AVERAGE    64

..........................................................


THE SIOUX CITY IA CLIMATE NORMALS FOR TOMORROW
                         NORMAL    RECORD    YEAR
 MAXIMUM TEMPERATURE (F)   63        88      1985
 MINIMUM TEMPERATURE (F)   37        20      1997
                                             1907


SUNRISE AND SUNSET
APRIL 16 2015.........SUNRISE   643 AM CDT   SUNSET   808 PM CDT
APRIL 17 2015.........SUNRISE   642 AM CDT   SUNSET   809 PM CDT


-  INDICATES NEGATIVE NUMBERS.
R  INDICATES RECORD WAS SET OR TIED.
MM INDICATES DATA IS MISSING.
T  INDICATES TRACE AMOUNT.




$$
