000
CDUS43 KFSD 160625
CLISUX


CLIMATE REPORT
NATIONAL WEATHER SERVICE SIOUX FALLS SD
124 AM CDT THU APR 16 2015


...................................

...THE SIOUX CITY IA CLIMATE SUMMARY FOR APRIL 15 2015...

CLIMATE NORMAL PERIOD 1981 TO 2010
CLIMATE RECORD PERIOD 1889 TO 2015


WEATHER ITEM   OBSERVED TIME   RECORD YEAR NORMAL DEPARTURE LAST
                VALUE   (LST)  VALUE       VALUE  FROM      YEAR
                                                  NORMAL
..................................................................
TEMPERATURE (F)
 YESTERDAY
  MAXIMUM         59   1158 AM  96    2002  62     -3       52
  MINIMUM         37    503 AM  16    2014  37      0       16
  AVERAGE         48                        49     -1       34

PRECIPITATION (IN)
  YESTERDAY        T             2.01 2011   0.09  -0.09     0.00
  MONTH TO DATE    1.96                      1.36   0.60     0.87
  SINCE MAR 1      2.84                      3.36  -0.52     1.25
  SINCE JAN 1      3.80                      4.65  -0.85     2.02

SNOWFALL (IN)
  YESTERDAY        0.0           1.1  1953   0.1   -0.1      0.0
  MONTH TO DATE    0.0                       1.3   -1.3      5.3
  SINCE MAR 1      T                         7.8   -7.8     10.0
  SINCE JUL 1     21.5                      34.3  -12.8     23.8
  SNOW DEPTH       0

DEGREE DAYS
 HEATING
  YESTERDAY       17                        16      1       31
  MONTH TO DATE  204                       282    -78      305
  SINCE MAR 1    911                      1166   -255     1285
  SINCE JUL 1   6077                      6460   -383     6889

 COOLING
  YESTERDAY        0                         0      0        0
  MONTH TO DATE    1                         0      1        4
  SINCE MAR 1      1                         0      1        4
  SINCE JAN 1      1                         0      1        4
..................................................................


WIND (MPH)
  HIGHEST WIND SPEED    26   HIGHEST WIND DIRECTION    SE (130)
  HIGHEST GUST SPEED    32   HIGHEST GUST DIRECTION    SE (140)
  AVERAGE WIND SPEED    11.1


SKY COVER
  POSSIBLE SUNSHINE  MM
  AVERAGE SKY COVER 0.6


WEATHER CONDITIONS
 THE FOLLOWING WEATHER WAS RECORDED YESTERDAY.
  LIGHT RAIN


RELATIVE HUMIDITY (PERCENT)
 HIGHEST    70          1200 AM
 LOWEST     51           900 AM
 AVERAGE    61

..........................................................


THE SIOUX CITY IA CLIMATE NORMALS FOR TODAY
                         NORMAL    RECORD    YEAR
 MAXIMUM TEMPERATURE (F)   63        90      2004
 MINIMUM TEMPERATURE (F)   37        20      1904


SUNRISE AND SUNSET
APRIL 16 2015.........SUNRISE   643 AM CDT   SUNSET   808 PM CDT
APRIL 17 2015.........SUNRISE   642 AM CDT   SUNSET   809 PM CDT


-  INDICATES NEGATIVE NUMBERS.
R  INDICATES RECORD WAS SET OR TIED.
MM INDICATES DATA IS MISSING.
T  INDICATES TRACE AMOUNT.




$$
