000
CDUS43 KFSD 090631
CLISUX


CLIMATE REPORT
NATIONAL WEATHER SERVICE SIOUX FALLS SD
131 AM CDT THU APR 9 2015


...................................

...THE SIOUX CITY IA CLIMATE SUMMARY FOR APRIL 8 2015...

CLIMATE NORMAL PERIOD 1981 TO 2010
CLIMATE RECORD PERIOD 1889 TO 2015


WEATHER ITEM   OBSERVED TIME   RECORD YEAR NORMAL DEPARTURE LAST
                VALUE   (LST)  VALUE       VALUE  FROM      YEAR
                                                  NORMAL
..................................................................
TEMPERATURE (F)
 YESTERDAY
  MAXIMUM         47    640 PM  89    1931  59    -12       59
  MINIMUM         42    806 AM  14    2007  34      8       31
                                      1997
  AVERAGE         45                        46     -1       45

PRECIPITATION (IN)
  YESTERDAY        0.03          1.09 1999   0.09  -0.06     0.00
  MONTH TO DATE    0.29                      0.70  -0.41     0.66
  SINCE MAR 1      1.17                      2.70  -1.53     1.04
  SINCE JAN 1      2.13                      3.99  -1.86     1.81

SNOWFALL (IN)
  YESTERDAY       MM             1.2  1962   0.1   MM        0.0
  MONTH TO DATE    0.0                       0.8   -0.8      3.5
  SINCE MAR 1      T                         7.3   -7.3      8.2
  SINCE JUL 1     21.5                      33.8  -12.3     22.0
  SNOW DEPTH       0

DEGREE DAYS
 HEATING
  YESTERDAY       20                        19      1       20
  MONTH TO DATE  115                       162    -47      193
  SINCE MAR 1    822                      1046   -224     1173
  SINCE JUL 1   5988                      6340   -352     6777

 COOLING
  YESTERDAY        0                         0      0        0
  MONTH TO DATE    1                         0      1        0
  SINCE MAR 1      1                         0      1        0
  SINCE JAN 1      1                         0      1        0
..................................................................


WIND (MPH)
  HIGHEST WIND SPEED    18   HIGHEST WIND DIRECTION     E (100)
  HIGHEST GUST SPEED    23   HIGHEST GUST DIRECTION     E (110)
  AVERAGE WIND SPEED     8.6


SKY COVER
  POSSIBLE SUNSHINE  MM
  AVERAGE SKY COVER 1.0


WEATHER CONDITIONS
 THE FOLLOWING WEATHER WAS RECORDED YESTERDAY.
  LIGHT RAIN
  FOG
  HAZE


RELATIVE HUMIDITY (PERCENT)
 HIGHEST    93           500 PM
 LOWEST     76          1200 PM
 AVERAGE    85

..........................................................


THE SIOUX CITY IA CLIMATE NORMALS FOR TODAY
                         NORMAL    RECORD    YEAR
 MAXIMUM TEMPERATURE (F)   60        87      1977
 MINIMUM TEMPERATURE (F)   34        16      1928


SUNRISE AND SUNSET
APRIL  9 2015.........SUNRISE   655 AM CDT   SUNSET   800 PM CDT
APRIL 10 2015.........SUNRISE   653 AM CDT   SUNSET   801 PM CDT


-  INDICATES NEGATIVE NUMBERS.
R  INDICATES RECORD WAS SET OR TIED.
MM INDICATES DATA IS MISSING.
T  INDICATES TRACE AMOUNT.




$$
