000
CDUS43 KFSD 070626
CLISUX


CLIMATE REPORT
NATIONAL WEATHER SERVICE SIOUX FALLS SD
125 AM CDT TUE APR 7 2015


...................................

...THE SIOUX CITY IA CLIMATE SUMMARY FOR APRIL 6 2015...

CLIMATE NORMAL PERIOD 1981 TO 2010
CLIMATE RECORD PERIOD 1889 TO 2015


WEATHER ITEM   OBSERVED TIME   RECORD YEAR NORMAL DEPARTURE LAST
                VALUE   (LST)  VALUE       VALUE  FROM      YEAR
                                                  NORMAL
..................................................................
TEMPERATURE (F)
 YESTERDAY
  MAXIMUM         54    216 PM  91    1991  58     -4       68
  MINIMUM         47   1159 PM  12    1982  33     14       35
  AVERAGE         51                        46      5       52

PRECIPITATION (IN)
  YESTERDAY        0.04          0.64 1919   0.09  -0.05     0.02
  MONTH TO DATE    0.24                      0.52  -0.28     0.66
  SINCE MAR 1      1.12                      2.52  -1.40     1.04
  SINCE JAN 1      2.08                      3.81  -1.73     1.81

SNOWFALL (IN)
  YESTERDAY        0.0           6.3  2003   0.1   -0.1      0.0
  MONTH TO DATE    0.0                       0.6   -0.6      3.5
  SINCE MAR 1      T                         7.1   -7.1      8.2
  SINCE JUL 1     21.5                      33.6  -12.1     22.0
  SNOW DEPTH       0

DEGREE DAYS
 HEATING
  YESTERDAY       14                        20     -6       13
  MONTH TO DATE   76                       124    -48      159
  SINCE MAR 1    783                      1008   -225     1139
  SINCE JUL 1   5949                      6302   -353     6743

 COOLING
  YESTERDAY        0                         0      0        0
  MONTH TO DATE    1                         0      1        0
  SINCE MAR 1      1                         0      1        0
  SINCE JAN 1      1                         0      1        0
..................................................................


WIND (MPH)
  HIGHEST WIND SPEED    23   HIGHEST WIND DIRECTION     S (180)
  HIGHEST GUST SPEED    28   HIGHEST GUST DIRECTION     S (180)
  AVERAGE WIND SPEED    11.4


SKY COVER
  POSSIBLE SUNSHINE  MM
  AVERAGE SKY COVER 0.9


WEATHER CONDITIONS
 THE FOLLOWING WEATHER WAS RECORDED YESTERDAY.
  LIGHT RAIN
  FOG
  HAZE


RELATIVE HUMIDITY (PERCENT)
 HIGHEST    89           800 PM
 LOWEST     71          1200 AM
 AVERAGE    80

..........................................................


THE SIOUX CITY IA CLIMATE NORMALS FOR TODAY
                         NORMAL    RECORD    YEAR
 MAXIMUM TEMPERATURE (F)   59        88      1988
 MINIMUM TEMPERATURE (F)   33        14      1936


SUNRISE AND SUNSET
APRIL  7 2015.........SUNRISE   658 AM CDT   SUNSET   758 PM CDT
APRIL  8 2015.........SUNRISE   656 AM CDT   SUNSET   759 PM CDT


-  INDICATES NEGATIVE NUMBERS.
R  INDICATES RECORD WAS SET OR TIED.
MM INDICATES DATA IS MISSING.
T  INDICATES TRACE AMOUNT.




$$
