000
CDUS43 KFSD 060622
CLISUX


CLIMATE REPORT
NATIONAL WEATHER SERVICE SIOUX FALLS SD
121 AM CDT MON APR 6 2015


...................................

...THE SIOUX CITY IA CLIMATE SUMMARY FOR APRIL 5 2015...

CLIMATE NORMAL PERIOD 1981 TO 2010
CLIMATE RECORD PERIOD 1889 TO 2015


WEATHER ITEM   OBSERVED TIME   RECORD YEAR NORMAL DEPARTURE LAST
                VALUE   (LST)  VALUE       VALUE  FROM      YEAR
                                                  NORMAL
..................................................................
TEMPERATURE (F)
 YESTERDAY
  MAXIMUM         75    204 PM  89    1991  58     17       61
  MINIMUM         35    624 AM  16    1982  33      2       22
                                      1945
  AVERAGE         55                        45     10       42

PRECIPITATION (IN)
  YESTERDAY        0.00          1.52 1978   0.09  -0.09     0.00
  MONTH TO DATE    0.20                      0.43  -0.23     0.64
  SINCE MAR 1      1.08                      2.43  -1.35     1.02
  SINCE JAN 1      2.04                      3.72  -1.68     1.79

SNOWFALL (IN)
  YESTERDAY        0.0           4.0  1983   0.1   -0.1      0.0
  MONTH TO DATE    0.0                       0.5   -0.5      3.5
  SINCE MAR 1      T                         7.0   -7.0      8.2
  SINCE JUL 1     21.5                      33.5  -12.0     22.0
  SNOW DEPTH       0

DEGREE DAYS
 HEATING
  YESTERDAY       10                        20    -10       23
  MONTH TO DATE   62                       104    -42      146
  SINCE MAR 1    769                       988   -219     1126
  SINCE JUL 1   5935                      6282   -347     6730

 COOLING
  YESTERDAY        0                         0      0        0
  MONTH TO DATE    1                         0      1        0
  SINCE MAR 1      1                         0      1        0
  SINCE JAN 1      1                         0      1        0
..................................................................


WIND (MPH)
  HIGHEST WIND SPEED    26   HIGHEST WIND DIRECTION     S (190)
  HIGHEST GUST SPEED    33   HIGHEST GUST DIRECTION     S (200)
  AVERAGE WIND SPEED    12.2


SKY COVER
  POSSIBLE SUNSHINE  MM
  AVERAGE SKY COVER 0.0


WEATHER CONDITIONS
 THE FOLLOWING WEATHER WAS RECORDED YESTERDAY.
  NO SIGNIFICANT WEATHER WAS OBSERVED.


RELATIVE HUMIDITY (PERCENT)
 HIGHEST    66          1100 PM
 LOWEST     20           200 PM
 AVERAGE    43

..........................................................


THE SIOUX CITY IA CLIMATE NORMALS FOR TODAY
                         NORMAL    RECORD    YEAR
 MAXIMUM TEMPERATURE (F)   58        91      1991
 MINIMUM TEMPERATURE (F)   33        12      1982


SUNRISE AND SUNSET
APRIL  6 2015.........SUNRISE   700 AM CDT   SUNSET   757 PM CDT
APRIL  7 2015.........SUNRISE   658 AM CDT   SUNSET   758 PM CDT


-  INDICATES NEGATIVE NUMBERS.
R  INDICATES RECORD WAS SET OR TIED.
MM INDICATES DATA IS MISSING.
T  INDICATES TRACE AMOUNT.




$$
