000
CDUS43 KFSD 180657
CLISUX


CLIMATE REPORT
NATIONAL WEATHER SERVICE SIOUX FALLS SD
157 AM CDT SAT APR 18 2015


...................................

...THE SIOUX CITY IA CLIMATE SUMMARY FOR APRIL 17 2015...

CLIMATE NORMAL PERIOD 1981 TO 2010
CLIMATE RECORD PERIOD 1889 TO 2015


WEATHER ITEM   OBSERVED TIME   RECORD YEAR NORMAL DEPARTURE LAST
                VALUE   (LST)  VALUE       VALUE  FROM      YEAR
                                                  NORMAL
..................................................................
TEMPERATURE (F)
 YESTERDAY
  MAXIMUM         77    437 PM  88    1985  63     14       53
  MINIMUM         48    502 AM  20    1997  37     11       30
                                      1907
  AVERAGE         63                        50     13       42

PRECIPITATION (IN)
  YESTERDAY        0.00          1.26 1900   0.10  -0.10     0.00
  MONTH TO DATE    1.96                      1.56   0.40     0.87
  SINCE MAR 1      2.84                      3.56  -0.72     1.25
  SINCE JAN 1      3.80                      4.85  -1.05     2.02

SNOWFALL (IN)
  YESTERDAY        0.0           1.1  1910   0.1   -0.1      0.0
  MONTH TO DATE    0.0                       1.4   -1.4      5.3
  SINCE MAR 1      T                         7.9   -7.9     10.0
  SINCE JUL 1     21.5                      34.4  -12.9     23.8
  SNOW DEPTH       0

DEGREE DAYS
 HEATING
  YESTERDAY        2                        15    -13       23
  MONTH TO DATE  210                       312   -102      345
  SINCE MAR 1    917                      1196   -279     1325
  SINCE JUL 1   6083                      6490   -407     6929

 COOLING
  YESTERDAY        0                         0      0        0
  MONTH TO DATE    1                         0      1        4
  SINCE MAR 1      1                         0      1        4
  SINCE JAN 1      1                         0      1        4
..................................................................


WIND (MPH)
  HIGHEST WIND SPEED    12   HIGHEST WIND DIRECTION     W (250)
  HIGHEST GUST SPEED    14   HIGHEST GUST DIRECTION     W (260)
  AVERAGE WIND SPEED     3.8


SKY COVER
  POSSIBLE SUNSHINE  MM
  AVERAGE SKY COVER 0.4


WEATHER CONDITIONS
 THE FOLLOWING WEATHER WAS RECORDED YESTERDAY.
  NO SIGNIFICANT WEATHER WAS OBSERVED.


RELATIVE HUMIDITY (PERCENT)
 HIGHEST    86           400 AM
 LOWEST     35           600 PM
 AVERAGE    61

..........................................................


THE SIOUX CITY IA CLIMATE NORMALS FOR TODAY
                         NORMAL    RECORD    YEAR
 MAXIMUM TEMPERATURE (F)   64        92      1994
 MINIMUM TEMPERATURE (F)   38        19      1953


SUNRISE AND SUNSET
APRIL 18 2015.........SUNRISE   640 AM CDT   SUNSET   810 PM CDT
APRIL 19 2015.........SUNRISE   639 AM CDT   SUNSET   812 PM CDT


-  INDICATES NEGATIVE NUMBERS.
R  INDICATES RECORD WAS SET OR TIED.
MM INDICATES DATA IS MISSING.
T  INDICATES TRACE AMOUNT.




$$
