000
CXUS51 KPHI 270800
CF6ACY
PRELIMINARY LOCAL CLIMATOLOGICAL DATA (WS FORM: F-6)

                                          STATION:   ATLANTIC CITY NJ
                                          MONTH:     APRIL
                                          YEAR:      2015
                                          LATITUDE:   39 27 N
                                          LONGITUDE:  74 34 W

  TEMPERATURE IN F:       :PCPN:    SNOW:  WIND      :SUNSHINE: SKY     :PK WND
================================================================================
1   2   3   4   5  6A  6B    7    8   9   10  11  12  13   14  15   16   17  18
                                     12Z  AVG MX 2MIN
DY MAX MIN AVG DEP HDD CDD  WTR  SNW DPTH SPD SPD DIR MIN PSBL S-S WX    SPD DR
================================================================================

 1  56  30  43  -4  22   0 0.00  0.0    0  9.6 21 320   M    M   0        26 330
 2  62  28  45  -2  20   0 0.00  0.0    0 11.3 28 190   M    M   0        36 210
 3  63  50  57   9   8   0 0.09  0.0    0 10.3 22 230   M    M   6 1      30 180
 4  66  43  55   7  10   0    T  0.0    0 18.8 36 300   M    M   3        45 310
 5  63  38  51   3  14   0 0.00  0.0    0 13.7 25 220   M    M   0        34 200
 6  71  40  56   7   9   0 0.00  0.0    0 11.6 23 200   M    M   0 8      31 200
 7  66  42  54   5  11   0 0.44  0.0    0  9.6 22  60   M    M   8 18     32  60
 8  43  39  41  -8  24   0 0.17  0.0    0 15.7 25  50   M    M  10 1      35  50
 9  41  39  40 -10  25   0 0.01  0.0    0 12.6 18  40   M    M  10 1      24  40
10  67  40  54   4  11   0 0.11  0.0    0  6.0 22  40   M    M   8 128    27  40
11  65  35  50   0  15   0 0.00  0.0    0 10.6 26 330   M    M   0 1      34 330
12  62  30  46  -5  19   0 0.00  0.0    0  5.8 17 160   M    M   0        21 160
13  70  36  53   2  12   0 0.00  0.0    0  8.9 23 200   M    M   0        31 200
14  63  49  56   5   9   0 0.47  0.0    0  6.9 18  10   M    M   8 1      24 270
15  70  42  56   4   9   0 0.00  0.0    0  7.2 18  10   M    M   1        25 340
16  66  39  53   1  12   0 0.00  0.0    0  7.9 18  70   M    M   0        24  60
17  74  53  64  12   1   0 0.24  0.0    0  7.0 15 230   M    M   8 1      19 220
18  74  53  64  11   1   0 0.00  0.0    0  6.2 15 340   M    M   1 12     20 160
19  59  47  53   0  12   0 0.00  0.0    0 14.4 23  70   M    M   1        31 100
20  71  50  61   8   4   0 0.96  0.0    0 13.8 30 140   M    M   7 1      42 140
21  68  46  57   3   8   0 0.03  0.0    0 10.5 21 290   M    M  10        30 300
22  69  44  57   3   8   0 0.03  0.0    0 11.1 28 190   M    M   3        38 190
23  53  38  46  -8  19   0 0.00  0.0    0 15.1 25 290   M    M   5        36 300
24  55  35  45  -9  20   0 0.00  0.0    0 14.6 28 320   M    M   4        35 290
25  57  29  43 -12  22   0 0.00  0.0    0  6.3 16 280   M    M   2        25 310
26  59  41  50  -5  15   0 0.00  0.0    0  8.3 22  50   M    M   1        25  70
================================================================================
SM 1633 1056       340   0  2.55     0.0 273.8          M       96
================================================================================
AV 62.8 40.6                              10.5 FASTST   M    M   4    MAX(MPH)
                                 MISC ---->  # 36 300               # 45  310
================================================================================
NOTES:
# LAST OF SEVERAL OCCURRENCES

COLUMN 17 PEAK WIND IN M.P.H.

PRELIMINARY LOCAL CLIMATOLOGICAL DATA (WS FORM: F-6) , PAGE 2

                                          STATION:  ATLANTIC CITY NJ
                                          MONTH:    APRIL
                                          YEAR:     2015
                                          LATITUDE:   39 27 N
                                          LONGITUDE:  74 34 W

[TEMPERATURE DATA]      [PRECIPITATION DATA]       SYMBOLS USED IN COLUMN 16

AVERAGE MONTHLY: 51.7   TOTAL FOR MONTH:   2.55    1 = FOG OR MIST
DPTR FM NORMAL:   0.6   DPTR FM NORMAL:   -0.66    2 = FOG REDUCING VISIBILITY
HIGHEST:    74 ON 18,17 GRTST 24HR  0.96 ON 20-20      TO 1/4 MILE OR LESS
LOWEST:     28 ON  2                               3 = THUNDER
                        SNOW, ICE PELLETS, HAIL    4 = ICE PELLETS
                        TOTAL MONTH:   0.0 INCH    5 = HAIL
                        GRTST 24HR     0.0         6 = FREEZING RAIN OR DRIZZLE
                        GRTST DEPTH:   0           7 = DUSTSTORM OR SANDSTORM:
                                                       VSBY 1/2 MILE OR LESS
                                                   8 = SMOKE OR HAZE
[NO. OF DAYS WITH]      [WEATHER - DAYS WITH]      9 = BLOWING SNOW
                                                   X = TORNADO
MAX 32 OR BELOW:   0    0.01 INCH OR MORE:  10
MAX 90 OR ABOVE:   0    0.10 INCH OR MORE:   6
MIN 32 OR BELOW:   4    0.50 INCH OR MORE:   1
MIN  0 OR BELOW:   0    1.00 INCH OR MORE:   0

[HDD (BASE 65) ]
TOTAL THIS MO.   340    CLEAR  (SCALE 0-3)  14
DPTR FM NORMAL   -28    PTCLDY (SCALE 4-7)   6
TOTAL FM JUL 1  5042    CLOUDY (SCALE 8-10)  6
DPTR FM NORMAL   377

[CDD (BASE 65) ]
TOTAL THIS MO.     0
DPTR FM NORMAL     0    [PRESSURE DATA]
TOTAL FM JAN 1     0    HIGHEST SLP M ON M
DPTR FM NORMAL     0    LOWEST  SLP 29.53 ON  4

[REMARKS]
