000
CXUS55 KCAE 251400
CF6CAE
PRELIMINARY LOCAL CLIMATOLOGICAL DATA (WS FORM: F-6)

                                          STATION:   COLUMBIA METRO AIRPORT SC
                                          MONTH:     APRIL
                                          YEAR:      2015
                                          LATITUDE:   33 57 N
                                          LONGITUDE:  81  7 W

  TEMPERATURE IN F:       :PCPN:    SNOW:  WIND      :SUNSHINE: SKY     :PK WND
================================================================================
1   2   3   4   5  6A  6B    7    8   9   10  11  12  13   14  15   16   17  18
                                     12Z  AVG MX 2MIN
DY MAX MIN AVG DEP HDD CDD  WTR  SNW DPTH SPD SPD DIR MIN PSBL S-S WX    SPD DR
================================================================================

 1  77  58  68   8   0   3 0.00  0.0    0  8.4 18 130   M    M   4        23 130
 2  81  52  67   7   0   2 0.02  0.0    0  8.2 20 150   M    M   4        24 150
 3  86  64  75  15   0  10 0.03  0.0    0  9.7 23 200   M    M   6 18     29 200
 4  75  47  61   1   4   0 0.01    M    0  8.1 18 240   M    M   6        24  10
 5  70  37  54  -7  11   0 0.00  0.0    0  5.2 18  80   M    M   5 1      23  90
 6  81  57  69   8   0   4 0.00  0.0    0  6.2 15 150   M    M   7        19 140
 7  79  61  70   9   0   5 1.19  0.0    0  4.5 25 320   M    M   9 138    35 320
 8  89  65  77  16   0  12    T  0.0    0  5.6 16 270   M    M   4 1      20 280
 9  92  66  79  17   0  14 0.00  0.0    0  8.6 18 180   M    M   4        24 190
10  87  67  77  15   0  12 0.20  0.0    0  9.4 23 220   M    M   6 38     31 220
11  82  63  73  11   0   8    T  0.0    0  3.5 14  20   M    M   7        19  20
12  76  54  65   3   0   0 0.00  0.0    0  6.6 16 100   M    M   7 18     20 100
13  80  63  72   9   0   7 0.03  0.0    0  8.2 18 130   M    M   9        22 130
14  86  68  77  14   0  12    T  0.0    0  6.7 16 250   M    M   7 1      23 240
15  73  56  65   2   0   0 0.68  0.0    0  8.3 16  60   M    M   9 1      20  10
16  57  49  53 -10  12   0 0.10  0.0    0  6.6 15  50   M    M  10 18     22  20
17  72  56  64   0   1   0 0.03  0.0    0  2.3  7 360   M    M  10 18      9 340
18  74  66  70   6   0   5 0.02  0.0    0  2.4 10 160   M    M  10 1      12 150
19  74  64  69   5   0   4 0.89  0.0    0  8.0 26 180   M    M   9 123    38 190
20  78  65  72   8   0   7 0.00  0.0    0  9.9 18 190   M    M   7        23 200
21  76  52  64  -1   1   0 0.00  0.0    0  7.7 21 280   M    M   1        28 270
22  82  44  63  -2   2   0 0.00  0.0    0  9.0 25 270   M    M   1        32 270
23  80  57  69   4   0   4 0.00  0.0    0  7.7 22 270   M    M   4        26 270
24  75  43  59  -7   6   0 0.00  0.0    0  2.8 12  30   M    M   2        16  50
================================================================================
SM 1882 1374        37 109  3.20     0.0 163.6          M      148
================================================================================
AV 78.4 57.2                               6.8 FASTST   M    M   6    MAX(MPH)
                                 MISC ---->  # 26 180               # 38  190
================================================================================
NOTES:
# LAST OF SEVERAL OCCURRENCES

COLUMN 17 PEAK WIND IN M.P.H.

PRELIMINARY LOCAL CLIMATOLOGICAL DATA (WS FORM: F-6) , PAGE 2

                                          STATION:  COLUMBIA METRO AIRPORT SC
                                          MONTH:    APRIL
                                          YEAR:     2015
                                          LATITUDE:   33 57 N
                                          LONGITUDE:  81  7 W

[TEMPERATURE DATA]      [PRECIPITATION DATA]       SYMBOLS USED IN COLUMN 16

AVERAGE MONTHLY: 67.8   TOTAL FOR MONTH:   3.20    1 = FOG OR MIST
DPTR FM NORMAL:   5.3   DPTR FM NORMAL:    1.10    2 = FOG REDUCING VISIBILITY
HIGHEST:    92 ON  9    GRTST 24HR  1.19 ON  7- 7      TO 1/4 MILE OR LESS
LOWEST:     37 ON  5                               3 = THUNDER
                        SNOW, ICE PELLETS, HAIL    4 = ICE PELLETS
                        TOTAL MONTH:   0.0 INCH    5 = HAIL
                        GRTST 24HR     0.0         6 = FREEZING RAIN OR DRIZZLE
                        GRTST DEPTH:   0           7 = DUSTSTORM OR SANDSTORM:
                                                       VSBY 1/2 MILE OR LESS
                                                   8 = SMOKE OR HAZE
[NO. OF DAYS WITH]      [WEATHER - DAYS WITH]      9 = BLOWING SNOW
                                                   X = TORNADO
MAX 32 OR BELOW:   0    0.01 INCH OR MORE:  11
MAX 90 OR ABOVE:   1    0.10 INCH OR MORE:   5
MIN 32 OR BELOW:   0    0.50 INCH OR MORE:   3
MIN  0 OR BELOW:   0    1.00 INCH OR MORE:   1

[HDD (BASE 65) ]
TOTAL THIS MO.    37    CLEAR  (SCALE 0-3)   3
DPTR FM NORMAL   -72    PTCLDY (SCALE 4-7)  14
TOTAL FM JUL 1  2441    CLOUDY (SCALE 8-10)  7
DPTR FM NORMAL   -77

[CDD (BASE 65) ]
TOTAL THIS MO.   109
DPTR FM NORMAL    58    [PRESSURE DATA]
TOTAL FM JAN 1   134    HIGHEST SLP M ON M
DPTR FM NORMAL    61    LOWEST  SLP 29.68 ON 20

[REMARKS]
