000
CXUS54 KFWD 270730
CF6DAL
PRELIMINARY LOCAL CLIMATOLOGICAL DATA (WS FORM: F-6)

                                          STATION:   DALLAS LOVE FIELD
                                          MONTH:     APRIL
                                          YEAR:      2015
                                          LATITUDE:   32 50 N
                                          LONGITUDE:  96 51 W

  TEMPERATURE IN F:       :PCPN:    SNOW:  WIND      :SUNSHINE: SKY     :PK WND
================================================================================
1   2   3   4   5  6A  6B    7    8   9   10  11  12  13   14  15   16   17  18
                                     12Z  AVG MX 2MIN
DY MAX MIN AVG DEP HDD CDD  WTR  SNW DPTH SPD SPD DIR MIN PSBL S-S WX    SPD DR
================================================================================

 1  83  67  75  12   0  10    T  0.0    0 13.6 24 170   M    M   8 138    30 160
 2  86  70  78  15   0  13 0.00  0.0    0 16.5 28 160   M    M   7 8      36 180
 3  74  59  67   4   0   2 0.00  0.0    0 15.0 25 350   M    M   8 78     32 350
 4  70  50  60  -4   5   0    T  0.0    0  9.5 18  30   M    M   7        24  30
 5  62  51  57  -7   8   0 0.52  0.0    0 11.1 20 140   M    M  10 13     23 140
 6  84  59  72   8   0   7 0.01  0.0    0 14.2 29 170   M    M   9 1      36 170
 7  83  71  77  13   0  12 0.00  0.0    0 14.4 24 180   M    M   6 8      30 180
 8  78  68  73   9   0   8    T  0.0    0 13.4 25 150   M    M   8 38     34 160
 9  84  67  76  11   0  11 0.03  0.0    0 12.4 23 150   M    M   8 3      32 190
10  71  54  63  -2   2   0 0.00  0.0    0  8.4 21  20   M    M   8        27  20
11  77  54  66   1   0   1 0.00  0.0    0  9.3 17 140   M    M   9        22 140
12  80  66  73   7   0   8 0.01  0.0    0 10.8 21 130   M    M   9 138    25 140
13  72  59  66   0   0   1 1.08  0.0    0 12.4 20  20   M    M   9 13     27  30
14  61  56  59  -7   6   0 0.01  0.0    0  7.9 13 320   M    M  10 1      18 360
15  78  57  68   2   0   3 0.00  0.0    0  7.0 17 130   M    M   4        21 130
16  79  60  70   4   0   5 0.00  0.0    0 11.6 18 160   M    M   7 8      24 100
17  74  61  68   1   0   3 1.27  0.0    0  7.7 20 290   M    M   8 138    28 300
18  82  59  71   4   0   6 0.60  0.0    0  4.6 30 300   M    M   7 13     43 290
19  77  56  67   0   0   2 0.00  0.0    0 12.9 29 330   M    M   4        38 320
20  71  49  60  -8   5   0 0.00  0.0    0  6.6 17  10   M    M   3        27  30
21  75  52  64  -4   1   0 0.04  0.0    0  8.7 21 140   M    M   5 35     24 140
22  78  61  70   2   0   5    T  0.0    0 10.0 16  70   M    M   6        22  10
23  74  66  70   2   0   5 0.62  0.0    0 11.5 24 130   M    M   8 138    28 140
24  70  62  66  -3   0   1 1.02  0.0    0  9.6 36 300   M    M  10 123    56 300
25  88  58  73   4   0   8 0.00  0.0    0  5.7 18 260   M    M   1 1      27 260
26  87  61  74   5   0   9    T  0.0    0  8.1 28 110   M    M   5 38     36 110
================================================================================
SM 1998 1553        27 120  5.21     0.0 272.9          M      184
================================================================================
AV 76.8 59.7                              10.5 FASTST   M    M   7    MAX(MPH)
                                 MISC ---->  # 36 300               # 56  300
================================================================================
NOTES:
# LAST OF SEVERAL OCCURRENCES

COLUMN 17 PEAK WIND IN M.P.H.

PRELIMINARY LOCAL CLIMATOLOGICAL DATA (WS FORM: F-6) , PAGE 2

                                          STATION:  DALLAS LOVE FIELD
                                          MONTH:    APRIL
                                          YEAR:     2015
                                          LATITUDE:   32 50 N
                                          LONGITUDE:  96 51 W

[TEMPERATURE DATA]      [PRECIPITATION DATA]       SYMBOLS USED IN COLUMN 16

AVERAGE MONTHLY: 68.3   TOTAL FOR MONTH:   5.21    1 = FOG OR MIST
DPTR FM NORMAL:   2.4   DPTR FM NORMAL:    2.62    2 = FOG REDUCING VISIBILITY
HIGHEST:    88 ON 25    GRTST 24HR  1.55 ON 17-18      TO 1/4 MILE OR LESS
LOWEST:     49 ON 20                               3 = THUNDER
                        SNOW, ICE PELLETS, HAIL    4 = ICE PELLETS
                        TOTAL MONTH:   0.0 INCH    5 = HAIL
                        GRTST 24HR     0.0         6 = FREEZING RAIN OR DRIZZLE
                        GRTST DEPTH:   0           7 = DUSTSTORM OR SANDSTORM:
                                                       VSBY 1/2 MILE OR LESS
                                                   8 = SMOKE OR HAZE
[NO. OF DAYS WITH]      [WEATHER - DAYS WITH]      9 = BLOWING SNOW
                                                   X = TORNADO
MAX 32 OR BELOW:   0    0.01 INCH OR MORE:  11
MAX 90 OR ABOVE:   0    0.10 INCH OR MORE:   6
MIN 32 OR BELOW:   0    0.50 INCH OR MORE:   6
MIN  0 OR BELOW:   0    1.00 INCH OR MORE:   3

[HDD (BASE 65) ]
TOTAL THIS MO.    27    CLEAR  (SCALE 0-3)   2
DPTR FM NORMAL   -43    PTCLDY (SCALE 4-7)  15
TOTAL FM JUL 1  2177    CLOUDY (SCALE 8-10)  9
DPTR FM NORMAL    51

[CDD (BASE 65) ]
TOTAL THIS MO.   120
DPTR FM NORMAL    25    [PRESSURE DATA]
TOTAL FM JAN 1   173    HIGHEST SLP M ON M
DPTR FM NORMAL    28    LOWEST  SLP 29.48 ON 26

[REMARKS]
