000
CXUS53 KARX 250930
CF6FKA
PRELIMINARY LOCAL CLIMATOLOGICAL DATA (WS FORM: F-6)

                                          STATION:   PRESTON MN
                                          MONTH:     APRIL
                                          YEAR:      2015
                                          LATITUDE:   43 40 N
                                          LONGITUDE:  92 11 W

  TEMPERATURE IN F:       :PCPN:    SNOW:  WIND      :SUNSHINE: SKY     :PK WND
================================================================================
1   2   3   4   5  6A  6B    7    8   9   10  11  12  13   14  15   16   17  18
                                     12Z  AVG MX 2MIN
DY MAX MIN AVG DEP HDD CDD  WTR  SNW DPTH SPD SPD DIR MIN PSBL S-S WX    SPD DR
================================================================================

 1  76  40  58   M   7   0 0.13  0.0    0 16.8 36 200   M    M   1 3      48 200
 2  62  42  52   M  13   0 0.25  0.0    0 14.0 23 300   M    M   3        32 300
 3  41  28  35   M  30   0 0.00  0.0    0 13.3 20 330   M    M   4        28 320
 4  55  28  42   M  23   0    T  0.0    0 10.4 17 280   M    M   5        24 240
 5  56  34  45   M  20   0    T  0.0    0  7.5 13  60   M    M   3        21  60
 6  57  33  45   M  20   0    T  0.0    0  9.2 15  50   M    M   6 3      23  80
 7  41  35  38   M  27   0 1.30    T    0 13.6 20 110   M    M  10 135    28  60
 8  44  35  40   M  25   0 0.06  0.0    0  9.2 14 100   M    M  10 123    20 100
 9  40  32  36   M  29   0    M    M    0 12.3 22 350   M    M  10 123    30 350
10  49  33  41   M  24   0    M    M    M 13.4 24 300   M    M   4 1      30 300
11  63  35  49   M  16   0 0.00  0.0    0 12.2 17 190   M    M   0        22 180
12  69  46  58   M   7   0 0.00  0.0    0 19.4 30 190   M    M   2        40 190
13  59  44  52   M  13   0 0.01    M    0 15.7 29 310   M    M   1        37 290
14  67  35  51   M  14   0 0.00  0.0    0  4.6  8 170   M    M   0         M  M
15  66  44  55   M  10   0 0.00  0.0    0  9.9 18 150   M    M   0        27 150
16  69  46  58   M   7   0 0.00  0.0    0  4.5 10 180   M    M   6         M  M
17  74  50  62   M   3   0 0.00  0.0    0  3.8  9 290   M    M   1         M  M
18  73  46  60   M   5   0 0.05  0.0    0  8.3 18 100   M    M   3        22 110
19  59  43  51   M  14   0 0.52  0.0    0  8.1 18 330   M    M  10 1      28 330
20  43  34  39   M  26   0    M    M    0 21.0 29 300   M    M   9        35 300
21  40  32  36   M  29   0    M    M    0 22.2 29 290   M    M  10        39 300
22  47  29  38   M  27   0 0.00  0.0    0 16.5 25 310   M    M   4        31 330
23  52  26  39   M  26   0 0.00  0.0    0  7.6 14 320   M    M   0        21 310
24  50  31  41   M  24   0 0.04  0.0    0 10.7 16 120   M    M   9 8      25 140
================================================================================
SM 1352  881       439   0  2.36    T    284.2          M      111
================================================================================
AV 56.3 36.7                              11.8 FASTST   M    M   5    MAX(MPH)
                                 MISC ---->    36   M                 48    M
================================================================================
NOTES:
# LAST OF SEVERAL OCCURRENCES

COLUMN 17 PEAK WIND IN M.P.H.

PRELIMINARY LOCAL CLIMATOLOGICAL DATA (WS FORM: F-6) , PAGE 2

                                          STATION:  PRESTON MN
                                          MONTH:    APRIL
                                          YEAR:     2015
                                          LATITUDE:   43 40 N
                                          LONGITUDE:  92 11 W

[TEMPERATURE DATA]      [PRECIPITATION DATA]       SYMBOLS USED IN COLUMN 16

AVERAGE MONTHLY: 46.5   TOTAL FOR MONTH:   2.36    1 = FOG OR MIST
DPTR FM NORMAL:     M   DPTR FM NORMAL:       M    2 = FOG REDUCING VISIBILITY
HIGHEST:    76 ON  1    GRTST 24HR  1.30 ON  7- 7      TO 1/4 MILE OR LESS
LOWEST:     26 ON 23                               3 = THUNDER
                        SNOW, ICE PELLETS, HAIL    4 = ICE PELLETS
                        TOTAL MONTH:    T          5 = HAIL
                        GRTST 24HR    T  ON  7- 7  6 = FREEZING RAIN OR DRIZZLE
                        GRTST DEPTH:   0           7 = DUSTSTORM OR SANDSTORM:
                                                       VSBY 1/2 MILE OR LESS
                                                   8 = SMOKE OR HAZE
[NO. OF DAYS WITH]      [WEATHER - DAYS WITH]      9 = BLOWING SNOW
                                                   X = TORNADO
MAX 32 OR BELOW:   0    0.01 INCH OR MORE:   8
MAX 90 OR ABOVE:   0    0.10 INCH OR MORE:   4
MIN 32 OR BELOW:   7    0.50 INCH OR MORE:   2
MIN  0 OR BELOW:   0    1.00 INCH OR MORE:   1

[HDD (BASE 65) ]
TOTAL THIS MO.   439    CLEAR  (SCALE 0-3)   9
DPTR FM NORMAL     M    PTCLDY (SCALE 4-7)   8
TOTAL FM JUL 1  7761    CLOUDY (SCALE 8-10)  7
DPTR FM NORMAL     M

[CDD (BASE 65) ]
TOTAL THIS MO.     0
DPTR FM NORMAL     M    [PRESSURE DATA]
TOTAL FM JAN 1     0    HIGHEST SLP M ON M
DPTR FM NORMAL     M    LOWEST  SLP M ON M

[REMARKS]
