000
CXUS53 KUNR 010945
CF6GCC
PRELIMINARY LOCAL CLIMATOLOGICAL DATA (WS FORM: F-6)

                                          STATION:   GILLETTE AIRPORT WY
                                          MONTH:     MARCH
                                          YEAR:      2015
                                          LATITUDE:   44 20 N
                                          LONGITUDE: 105 32 W

  TEMPERATURE IN F:       :PCPN:    SNOW:  WIND      :SUNSHINE: SKY     :PK WND
================================================================================
1   2   3   4   5  6A  6B    7    8   9   10  11  12  13   14  15   16   17  18
                                     12Z  AVG MX 2MIN
DY MAX MIN AVG DEP HDD CDD  WTR  SNW DPTH SPD SPD DIR MIN PSBL S-S WX    SPD DR
================================================================================

 1  27   4  16 -15  49   0 0.00    M    M  8.9 20 320   M    M   1        24 310
 2  44  16  30  -1  35   0 0.03    M    M 14.2 31 350   M    M   2 18     36 350
 3  21  -3   9 -22  56   0 0.01    M    M 14.8 32 350   M    M   7 18     37 350
 4  18  -3   8 -24  57   0 0.00    M    M 10.2 20 210   M    M   1        23 300
 5  43  15  29  -3  36   0 0.00    M    M 13.4 22 280   M    M   1        27 290
 6  53  30  42  10  23   0 0.00    M    M 12.9 24 290   M    M   1        32 320
 7  58  29  44  12  21   0 0.00    M    M  9.1 23  20   M    M   4        28  20
 8  54  25  40   7  25   0 0.00    M    M  6.5 17 200   M    M   2        22 200
 9  57  27  42   9  23   0 0.00    M    M  8.1 17 320   M    M   0        23 320
10  60  35  48  15  17   0 0.00    M    M  9.3 15 190   M    M   0        19 210
11  67  25  46  12  19   0 0.00    M    M 10.1 21 220   M    M   0        27 220
12  61  34  48  14  17   0 0.00    M    M 13.8 28 330   M    M   3        33 320
13  60  35  48  14  17   0 0.00    M    M  8.0 17 170   M    M   0        22 300
14  71  36  54  20  11   0 0.00    M    M 19.9 32 240   M    M   0        39 240
15  72  53  63  28   2   0 0.00    M    M 18.7 31 220   M    M   0        38 240
16  64  31  48  13  17   0 0.04    M    M 15.6 33 330   M    M   5 12     40 330
17  38  30  34  -1  31   0 0.10    M    M 15.4 30 160   M    M   6 1      37 160
18  52  29  41   6  24   0    T    M    M  9.0 18 330   M    M   5        24 310
19  55  27  41   5  24   0 0.00    M    M 12.0 24 320   M    M   0        31 310
20  64  37  51  15  14   0 0.00    M    M 10.6 25 330   M    M   0        30 330
21  71  38  55  19  10   0 0.00    M    M  9.1 22 170   M    M   2        26 180
22  59  36  48  12  17   0    T    M    M  8.0 22 340   M    M   3        27 310
23  63  33  48  12  17   0 0.03    M    M 16.8 36 310   M    M   4 1      46 310
24  52  27  40   3  25   0 0.16    M    M 11.7 26 310   M    M   4 1      34 320
25  46  25  36  -1  29   0 0.00    M    M  8.7 24 360   M    M   7        28 360
26  53  37  45   8  20   0 0.06    M    M 11.9 23 310   M    M  10 1      30 310
27  68  35  52  15  13   0 0.02    M    M 12.7 30 310   M    M   3 1      36 310
28  77  35  56  18   9   0 0.00    M    M 16.7 45 320   M    M   2 8      55 320
29  62  33  48  10  17   0 0.00    M    M 11.5 46 320   M    M   1        61 330
30  65  37  51  13  14   0 0.00    M    M 11.1 22 330   M    M   0        25 310
31  74  40  57  19   8   0 0.00    M    M 12.9 22 210   M    M   0        25 210
================================================================================
SM 1729  888       697   0  0.45    M    371.6          M       74
================================================================================
AV 55.8 28.6                              12.0 FASTST   M    M   2    MAX(MPH)
                                 MISC ---->  # 46 320               # 61  330
================================================================================
NOTES:
# LAST OF SEVERAL OCCURRENCES

COLUMN 17 PEAK WIND IN M.P.H.

PRELIMINARY LOCAL CLIMATOLOGICAL DATA (WS FORM: F-6) , PAGE 2

                                          STATION:  GILLETTE AIRPORT WY
                                          MONTH:    MARCH
                                          YEAR:     2015
                                          LATITUDE:   44 20 N
                                          LONGITUDE: 105 32 W

[TEMPERATURE DATA]      [PRECIPITATION DATA]       SYMBOLS USED IN COLUMN 16

AVERAGE MONTHLY: 42.2   TOTAL FOR MONTH:   0.45    1 = FOG OR MIST
DPTR FM NORMAL:   7.5   DPTR FM NORMAL:   -0.51    2 = FOG REDUCING VISIBILITY
HIGHEST:    77 ON 28    GRTST 24HR  0.16 ON 24-24      TO 1/4 MILE OR LESS
LOWEST:     -3 ON  4, 3                            3 = THUNDER
                        SNOW, ICE PELLETS, HAIL    4 = ICE PELLETS
                        TOTAL MONTH:    M          5 = HAIL
                        GRTST 24HR    M  ON   M    6 = FREEZING RAIN OR DRIZZLE
                        GRTST DEPTH:  M  ON   M    7 = DUSTSTORM OR SANDSTORM:
                                                       VSBY 1/2 MILE OR LESS
                                                   8 = SMOKE OR HAZE
[NO. OF DAYS WITH]      [WEATHER - DAYS WITH]      9 = BLOWING SNOW
                                                   X = TORNADO
MAX 32 OR BELOW:   3    0.01 INCH OR MORE:   8
MAX 90 OR ABOVE:   0    0.10 INCH OR MORE:   2
MIN 32 OR BELOW:  16    0.50 INCH OR MORE:   0
MIN  0 OR BELOW:   2    1.00 INCH OR MORE:   0

[HDD (BASE 65) ]
TOTAL THIS MO.   697    CLEAR  (SCALE 0-3)  22
DPTR FM NORMAL  -242    PTCLDY (SCALE 4-7)   8
TOTAL FM JUL 1  5787    CLOUDY (SCALE 8-10)  1
DPTR FM NORMAL  -560

[CDD (BASE 65) ]
TOTAL THIS MO.     0
DPTR FM NORMAL     0    [PRESSURE DATA]
TOTAL FM JAN 1     0    HIGHEST SLP 30.48 ON 17
DPTR FM NORMAL     0    LOWEST  SLP 29.41 ON 31

[REMARKS]
#FINAL-03-15#
