000
CXUS53 KAPX 240631
CF6GLR
PRELIMINARY LOCAL CLIMATOLOGICAL DATA (WS FORM: F-6)

                                          STATION:   GAYLORD
                                          MONTH:     APRIL
                                          YEAR:      2015
                                          LATITUDE:   45  0 N
                                          LONGITUDE:  84 42 W

  TEMPERATURE IN F:       :PCPN:    SNOW:  WIND      :SUNSHINE: SKY     :PK WND
================================================================================
1   2   3   4   5  6A  6B    7    8   9   10  11  12  13   14  15   16   17  18
                                     12Z  AVG MX 2MIN
DY MAX MIN AVG DEP HDD CDD  WTR  SNW DPTH SPD SPD DIR MIN PSBL S-S WX    SPD DR
================================================================================

 1  52  29  41   6  24   0    T    M    M  7.4 16 180   M    M   5        22 170
 2  57  38  48  13  17   0 0.10    M    M 10.8 21 210   M    M   3 1      26 220
 3  45  19  32  -4  33   0 0.00    M    M  7.9 14 300   M    M   1        23 300
 4  35  14  25 -11  40   0    T    M    M  6.8 20 250   M    M   3 1      26 290
 5  34  23  29  -8  36   0 0.00    M    M  2.8  8  40   M    M   7         M  M
 6  32  27  30  -7  35   0 0.09    M    M  6.5 13  60   M    M  10 1      18  40
 7  47  28  38   0  27   0 0.01    M    M  8.4 13 110   M    M   6 1      21 140
 8  37  32  35  -3  30   0 0.02    M    M  8.8 16 110   M    M   9        30 120
 9  40  31  36  -3  29   0 0.37    M    M  7.2 17 130   M    M  10 123    23 130
10  49  32  41   2  24   0 0.17    M    M 13.1 30 260   M    M   9 136    41 230
11  52  28  40   0  25   0 0.00    M    M  5.6 17 250   M    M   2 1      23 250
12  66  34  50  10  15   0 0.00    M    M 10.5 21 220   M    M   0        26 230
13  56  43  50   9  15   0 0.18    M    M 11.5 26 240   M    M   6 1      33 260
14  59  30  45   4  20   0 0.00    M    M  4.9 21 260   M    M   1        27 270
15  62  25  44   2  21   0 0.00    M    M  4.2 14 130   M    M   0        19 130
16  65  34  50   8  15   0    T    M    M  3.8 10 270   M    M   5        15 270
17  67  35  51   9  14   0 0.00    M    M  5.1 15 270   M    M   3        19 290
18  62  39  51   8  14   0 0.00    M    M  7.4 16  50   M    M   0        22  50
19  60  36  48   5  17   0 0.01    M    M 12.5 25 130   M    M   1        32 130
20  50  33  42  -2  23   0 0.53    M    M 12.6 24 240   M    M  10        32 250
21  41  32  37  -7  28   0 0.07    M    M 14.3 29 260   M    M  10        37 260
22  33  24  29 -15  36   0 0.12    M    M  8.0 17 270   M    M   8        26 310
23  35  23  29 -16  36   0 0.01    M    M  7.4 16 280   M    M   7 1      25 270
================================================================================
SM 1136  689       574   0  1.68    M    187.5          M      116
================================================================================
AV 49.4 30.0                               8.2 FASTST   M    M   5    MAX(MPH)
                                 MISC ---->  # 30 260               # 41  230
================================================================================
NOTES:
# LAST OF SEVERAL OCCURRENCES

COLUMN 17 PEAK WIND IN M.P.H.

PRELIMINARY LOCAL CLIMATOLOGICAL DATA (WS FORM: F-6) , PAGE 2

                                          STATION:  GAYLORD
                                          MONTH:    APRIL
                                          YEAR:     2015
                                          LATITUDE:   45  0 N
                                          LONGITUDE:  84 42 W

[TEMPERATURE DATA]      [PRECIPITATION DATA]       SYMBOLS USED IN COLUMN 16

AVERAGE MONTHLY: 39.7   TOTAL FOR MONTH:   1.68    1 = FOG OR MIST
DPTR FM NORMAL:  -0.4   DPTR FM NORMAL:   -0.20    2 = FOG REDUCING VISIBILITY
HIGHEST:    67 ON 17    GRTST 24HR  0.54 ON  9-10      TO 1/4 MILE OR LESS
LOWEST:     14 ON  4                               3 = THUNDER
                        SNOW, ICE PELLETS, HAIL    4 = ICE PELLETS
                        TOTAL MONTH:    M          5 = HAIL
                        GRTST 24HR    M  ON   M    6 = FREEZING RAIN OR DRIZZLE
                        GRTST DEPTH:  M  ON   M    7 = DUSTSTORM OR SANDSTORM:
                                                       VSBY 1/2 MILE OR LESS
                                                   8 = SMOKE OR HAZE
[NO. OF DAYS WITH]      [WEATHER - DAYS WITH]      9 = BLOWING SNOW
                                                   X = TORNADO
MAX 32 OR BELOW:   1    0.01 INCH OR MORE:  12
MAX 90 OR ABOVE:   0    0.10 INCH OR MORE:   6
MIN 32 OR BELOW:  15    0.50 INCH OR MORE:   1
MIN  0 OR BELOW:   0    1.00 INCH OR MORE:   0

[HDD (BASE 65) ]
TOTAL THIS MO.   574    CLEAR  (SCALE 0-3)   9
DPTR FM NORMAL    -1    PTCLDY (SCALE 4-7)   8
TOTAL FM JUL 1  8539    CLOUDY (SCALE 8-10)  6
DPTR FM NORMAL   744

[CDD (BASE 65) ]
TOTAL THIS MO.     0
DPTR FM NORMAL     0    [PRESSURE DATA]
TOTAL FM JAN 1     0    HIGHEST SLP M ON M
DPTR FM NORMAL     0    LOWEST  SLP 29.08 ON 20

[REMARKS]
