000
CXUS53 KUNR 190945
CF6ICR
PRELIMINARY LOCAL CLIMATOLOGICAL DATA (WS FORM: F-6)

                                          STATION:   WINNER REGIONAL AIRPORT SD
                                          MONTH:     APRIL
                                          YEAR:      2015
                                          LATITUDE:   43 23 N
                                          LONGITUDE:  99 50 W

  TEMPERATURE IN F:       :PCPN:    SNOW:  WIND      :SUNSHINE: SKY     :PK WND
================================================================================
1   2   3   4   5  6A  6B    7    8   9   10  11  12  13   14  15   16   17  18
                                     12Z  AVG MX 2MIN
DY MAX MIN AVG DEP HDD CDD  WTR  SNW DPTH SPD SPD DIR MIN PSBL S-S WX    SPD DR
================================================================================

 1  72  46  59  16   6   0 0.00    M    M 20.2 30 320   M    M   0        38 340
 2  61  29  45   2  20   0 0.00    M    M 16.6 33 310   M    M   1 8      40 320
 3  55  25  40  -3  25   0 0.00    M    M 11.8 25 280   M    M   3 8      34 290
 4  72  29  51   7  14   0 0.00    M    M 12.6 25 290   M    M   0        35 270
 5  71  31  51   7  14   0 0.00    M    M  7.7 20  50   M    M   0        24  40
 6  43  36  40  -4  25   0    T    M    M 12.8 21  30   M    M   8 128    26  60
 7  43  37  40  -5  25   0 0.01    M    M  6.5 14  50   M    M  10 12     17  40
 8  42  39  41  -4  24   0 0.12    M    M  8.9 21 120   M    M  10 12     25 120
 9  57  34  46   1  19   0 0.25    M    M 17.6 33 330   M    M   7 18     40 330
10  66  35  51   5  14   0 0.00    M    M  9.4 23 360   M    M   0        30  10
11  80  47  64  18   1   0 0.00    M    M 22.0 31 210   M    M   0        44 190
12  68  39  54   8  11   0 0.00    M    M 20.0 31 320   M    M   0        39 340
13  69  35  52   5  13   0 0.00    M    M  9.9 23 280   M    M   0 8      32 280
14  77  46  62  15   3   0 0.00    M    M 22.4 36 180   M    M   0 8      43 180
15  70  49  60  12   5   0 0.00    M    M 19.5 30 130   M    M   1 8      38 170
16  72  46  59  11   6   0 0.00    M    M  7.5 15 290   M    M   5 8      21 270
17  70  42  56   8   9   0 0.03    M    M  7.1 17  60   M    M   5        21  40
18  61  48  55   6  10   0 0.22    M    M  9.2 24  80   M    M   9 18     31  70
================================================================================
SM 1149  693       244   0  0.63    M    241.7          M       59
================================================================================
AV 63.8 38.5                              13.4 FASTST   M    M   3    MAX(MPH)
                                 MISC ---->  # 36 180               # 44  190
================================================================================
NOTES:
# LAST OF SEVERAL OCCURRENCES

COLUMN 17 PEAK WIND IN M.P.H.

PRELIMINARY LOCAL CLIMATOLOGICAL DATA (WS FORM: F-6) , PAGE 2

                                          STATION:  WINNER REGIONAL AIRPORT SD
                                          MONTH:    APRIL
                                          YEAR:     2015
                                          LATITUDE:   43 23 N
                                          LONGITUDE:  99 50 W

[TEMPERATURE DATA]      [PRECIPITATION DATA]       SYMBOLS USED IN COLUMN 16

AVERAGE MONTHLY: 51.2   TOTAL FOR MONTH:   0.63    1 = FOG OR MIST
DPTR FM NORMAL:   5.6   DPTR FM NORMAL:   -0.65    2 = FOG REDUCING VISIBILITY
HIGHEST:    80 ON 11    GRTST 24HR  0.37 ON  8- 9      TO 1/4 MILE OR LESS
LOWEST:     25 ON  3                               3 = THUNDER
                        SNOW, ICE PELLETS, HAIL    4 = ICE PELLETS
                        TOTAL MONTH:    M          5 = HAIL
                        GRTST 24HR    M  ON   M    6 = FREEZING RAIN OR DRIZZLE
                        GRTST DEPTH:  M  ON   M    7 = DUSTSTORM OR SANDSTORM:
                                                       VSBY 1/2 MILE OR LESS
                                                   8 = SMOKE OR HAZE
[NO. OF DAYS WITH]      [WEATHER - DAYS WITH]      9 = BLOWING SNOW
                                                   X = TORNADO
MAX 32 OR BELOW:   0    0.01 INCH OR MORE:   5
MAX 90 OR ABOVE:   0    0.10 INCH OR MORE:   3
MIN 32 OR BELOW:   4    0.50 INCH OR MORE:   0
MIN  0 OR BELOW:   0    1.00 INCH OR MORE:   0

[HDD (BASE 65) ]
TOTAL THIS MO.   244    CLEAR  (SCALE 0-3)  11
DPTR FM NORMAL  -105    PTCLDY (SCALE 4-7)   4
TOTAL FM JUL 1  5629    CLOUDY (SCALE 8-10)  3
DPTR FM NORMAL  -605

[CDD (BASE 65) ]
TOTAL THIS MO.     0
DPTR FM NORMAL     0    [PRESSURE DATA]
TOTAL FM JAN 1     6    HIGHEST SLP M ON M
DPTR FM NORMAL     6    LOWEST  SLP 29.25 ON 12

[REMARKS]
