000
CXUS55 KCTP 171131
CF6IPT
PRELIMINARY LOCAL CLIMATOLOGICAL DATA (WS FORM: F-6)

                                          STATION:   WILLIAMSPORT PA
                                          MONTH:     APRIL
                                          YEAR:      2015
                                          LATITUDE:   41 15 N
                                          LONGITUDE:  76 55 W

  TEMPERATURE IN F:       :PCPN:    SNOW:  WIND      :SUNSHINE: SKY     :PK WND
================================================================================
1   2   3   4   5  6A  6B    7    8   9   10  11  12  13   14  15   16   17  18
                                     12Z  AVG MX 2MIN
DY MAX MIN AVG DEP HDD CDD  WTR  SNW DPTH SPD SPD DIR MIN PSBL S-S WX    SPD DR
================================================================================

 1  52  27  40  -4  25   0 0.00  0.0    2  7.2 16 250   M    M   3 1      19 260
 2  67  27  47   2  18   0 0.07  0.0    0  5.4 22 210   M    M   2        35 160
 3  59  47  53   8  12   0 0.16  0.0    0  2.4 16 300   M    M  10 12     20 290
 4  51  34  43  -3  22   0 0.05  0.0    0 12.4 25 300   M    M   6 1      35 330
 5  62  28  45  -1  20   0 0.00  0.0    0  3.8 26 270   M    M   5        34 280
 6  71  29  50   4  15   0 0.01  0.0    0  4.1 23 240   M    M   4 12     32 240
 7  56  46  51   4  14   0 0.22  0.0    0  2.3  8  10   M    M   9 1      11 350
 8  47  41  44  -3  21   0 0.42  0.0    0 10.4 21  90   M    M  10 1      33  90
 9  45  39  42  -6  23   0 0.35  0.0    0  9.4 23  70   M    M  10 18     38  90
10  54  37  46  -2  19   0 0.45  0.0    M  6.5 21  80   M    M   8 123    36  80
11  58  36  47  -1  18   0    T  0.0    0  8.9 23 320   M    M   4 1      28 320
12  68  29  49   0  16   0 0.00  0.0    0  4.0 16 140   M    M   0        19 140
13  76  44  60  11   5   0    T  0.0    0 12.5 33 160   M    M   2        43 160
14  67  45  56   6   9   0 0.22  0.0    0  2.9 16 350   M    M   4 1      22 350
15  68  38  53   3  12   0 0.00  0.0    0  5.0 15 330   M    M   0        23 320
16  70  37  54   4  11   0 0.02  0.0    0  5.0 18 150   M    M   3        29 160
================================================================================
SM  971  584       260   0  1.97     0.0 102.2          M       80
================================================================================
AV 60.7 36.5                               6.4 FASTST   M    M   5    MAX(MPH)
                                 MISC ---->  # 33 160               # 43  160
================================================================================
NOTES:
# LAST OF SEVERAL OCCURRENCES

COLUMN 17 PEAK WIND IN M.P.H.

PRELIMINARY LOCAL CLIMATOLOGICAL DATA (WS FORM: F-6) , PAGE 2

                                          STATION:  WILLIAMSPORT PA
                                          MONTH:    APRIL
                                          YEAR:     2015
                                          LATITUDE:   41 15 N
                                          LONGITUDE:  76 55 W

[TEMPERATURE DATA]      [PRECIPITATION DATA]       SYMBOLS USED IN COLUMN 16

AVERAGE MONTHLY: 48.6   TOTAL FOR MONTH:   1.97    1 = FOG OR MIST
DPTR FM NORMAL:   1.2   DPTR FM NORMAL:    0.20    2 = FOG REDUCING VISIBILITY
HIGHEST:    76 ON 13    GRTST 24HR  0.80 ON  9-10      TO 1/4 MILE OR LESS
LOWEST:     27 ON  2, 1                            3 = THUNDER
                        SNOW, ICE PELLETS, HAIL    4 = ICE PELLETS
                        TOTAL MONTH:   0.0 INCH    5 = HAIL
                        GRTST 24HR     0.0         6 = FREEZING RAIN OR DRIZZLE
                        GRTST DEPTH:   2 ON  1     7 = DUSTSTORM OR SANDSTORM:
                                                       VSBY 1/2 MILE OR LESS
                                                   8 = SMOKE OR HAZE
[NO. OF DAYS WITH]      [WEATHER - DAYS WITH]      9 = BLOWING SNOW
                                                   X = TORNADO
MAX 32 OR BELOW:   0    0.01 INCH OR MORE:  10
MAX 90 OR ABOVE:   0    0.10 INCH OR MORE:   6
MIN 32 OR BELOW:   5    0.50 INCH OR MORE:   0
MIN  0 OR BELOW:   0    1.00 INCH OR MORE:   0

[HDD (BASE 65) ]
TOTAL THIS MO.   260    CLEAR  (SCALE 0-3)   6
DPTR FM NORMAL   -23    PTCLDY (SCALE 4-7)   6
TOTAL FM JUL 1  5886    CLOUDY (SCALE 8-10)  4
DPTR FM NORMAL   307

[CDD (BASE 65) ]
TOTAL THIS MO.     0
DPTR FM NORMAL     0    [PRESSURE DATA]
TOTAL FM JAN 1     0    HIGHEST SLP M ON M
DPTR FM NORMAL     0    LOWEST  SLP 29.58 ON  3

[REMARKS]
