000
CXUS54 KSJT 170900
CF6JCT
PRELIMINARY LOCAL CLIMATOLOGICAL DATA (WS FORM: F-6)

                                          STATION:   JUNCTION
                                          MONTH:     APRIL
                                          YEAR:      2015
                                          LATITUDE:   30 18 N
                                          LONGITUDE:  99 28 W

  TEMPERATURE IN F:       :PCPN:    SNOW:  WIND      :SUNSHINE: SKY     :PK WND
================================================================================
1   2   3   4   5  6A  6B    7    8   9   10  11  12  13   14  15   16   17  18
                                     12Z  AVG MX 2MIN
DY MAX MIN AVG DEP HDD CDD  WTR  SNW DPTH SPD SPD DIR MIN PSBL S-S WX    SPD DR
================================================================================

 1  82  64  73  10   0   8 0.00  0.0    0  7.9 22 170   M    M   3 18     30 200
 2  93  67  80  17   0  15 0.00  0.0    0  9.4 20 170   M    M   3 8      26 170
 3  79  60  70   7   0   5 0.00  0.0    0 11.3 24 360   M    M   8        31  10
 4  60  53  57  -7   8   0    T  0.0    0 11.6 21  50   M    M  10        28  40
 5  79  55  67   3   0   2 0.01  0.0    0  4.6 15 140   M    M   6 1      20 150
 6  74  65  70   6   0   5 0.02  0.0    0  8.4 17 210   M    M   7 3      22 200
 7  86  64  75  11   0  10 0.00  0.0    0  8.6 22 170   M    M   5        26 170
 8  77  66  72   8   0   7    T  0.0    0 10.1 41 170   M    M   5        56 170
 9  91  65  78  13   0  13    T  0.0    0  7.8 21  20   M    M   3        26  20
10  80  61  71   6   0   6    T  0.0    0 10.3 21  60   M    M   1        26  70
11  71  59  65   0   0   0    T  0.0    0  6.1 14 200   M    M   6        19 140
12  82  61  72   7   0   7 0.14  0.0    0  7.5 23 260   M    M   7        30 260
13  82  54  68   2   0   3 0.00  0.0    0  6.5 20 350   M    M   2 1      28 340
14  66  46  56 -10   9   0    T  0.0    0  8.8 18 340   M    M   6        23 340
15  85  41  63  -3   2   0 0.00  0.0    0  7.2 20 180   M    M   1        25 190
16  78  64  71   5   0   6 0.30  0.0    0  6.4 21 190   M    M   4 13     27 190
================================================================================
SM 1265  945        19  87  0.47     0.0 132.5          M       77
================================================================================
AV 79.1 59.1                               8.3 FASTST   M    M   5    MAX(MPH)
                                 MISC ---->  # 41 170               # 56  170
================================================================================
NOTES:
# LAST OF SEVERAL OCCURRENCES

COLUMN 17 PEAK WIND IN M.P.H.

PRELIMINARY LOCAL CLIMATOLOGICAL DATA (WS FORM: F-6) , PAGE 2

                                          STATION:  JUNCTION
                                          MONTH:    APRIL
                                          YEAR:     2015
                                          LATITUDE:   30 18 N
                                          LONGITUDE:  99 28 W

[TEMPERATURE DATA]      [PRECIPITATION DATA]       SYMBOLS USED IN COLUMN 16

AVERAGE MONTHLY: 69.1   TOTAL FOR MONTH:   0.47    1 = FOG OR MIST
DPTR FM NORMAL:   4.5   DPTR FM NORMAL:   -0.58    2 = FOG REDUCING VISIBILITY
HIGHEST:    93 ON  2    GRTST 24HR  0.30 ON 16-16      TO 1/4 MILE OR LESS
LOWEST:     41 ON 15                               3 = THUNDER
                        SNOW, ICE PELLETS, HAIL    4 = ICE PELLETS
                        TOTAL MONTH:   0.0 INCH    5 = HAIL
                        GRTST 24HR     0.0         6 = FREEZING RAIN OR DRIZZLE
                        GRTST DEPTH:   0           7 = DUSTSTORM OR SANDSTORM:
                                                       VSBY 1/2 MILE OR LESS
                                                   8 = SMOKE OR HAZE
[NO. OF DAYS WITH]      [WEATHER - DAYS WITH]      9 = BLOWING SNOW
                                                   X = TORNADO
MAX 32 OR BELOW:   0    0.01 INCH OR MORE:   4
MAX 90 OR ABOVE:   2    0.10 INCH OR MORE:   2
MIN 32 OR BELOW:   0    0.50 INCH OR MORE:   0
MIN  0 OR BELOW:   0    1.00 INCH OR MORE:   0

[HDD (BASE 65) ]
TOTAL THIS MO.    19    CLEAR  (SCALE 0-3)   6
DPTR FM NORMAL   -33    PTCLDY (SCALE 4-7)   8
TOTAL FM JUL 1  2148    CLOUDY (SCALE 8-10)  2
DPTR FM NORMAL   -39

[CDD (BASE 65) ]
TOTAL THIS MO.    87
DPTR FM NORMAL    43    [PRESSURE DATA]
TOTAL FM JAN 1   130    HIGHEST SLP M ON M
DPTR FM NORMAL    46    LOWEST  SLP 29.65 ON  8

[REMARKS]
