000
CXUS56 KMTR 271000
CF6LVK
PRELIMINARY LOCAL CLIMATOLOGICAL DATA (WS FORM: F-6)

                                          STATION:   LIVERMORE AIRPORT
                                          MONTH:     APRIL
                                          YEAR:      2015
                                          LATITUDE:   37 42 N
                                          LONGITUDE: 121 49 W

  TEMPERATURE IN F:       :PCPN:    SNOW:  WIND      :SUNSHINE: SKY     :PK WND
================================================================================
1   2   3   4   5  6A  6B    7    8   9   10  11  12  13   14  15   16   17  18
                                     12Z  AVG MX 2MIN
DY MAX MIN AVG DEP HDD CDD  WTR  SNW DPTH SPD SPD DIR MIN PSBL S-S WX    SPD DR
================================================================================

 1  68  39  54   0  11   0 0.00  0.0    0  5.3 17 260   M    M   0        20 240
 2  73  42  58   4   7   0 0.00  0.0    0  5.0 18 340   M    M   0        24 340
 3  77  38  58   4   7   0 0.00  0.0    0  4.5 20 280   M    M   0        22 280
 4  69  41  55   1  10   0 0.00  0.0    0  6.4 21 260   M    M   0        24 270
 5  63  44  54  -1  11   0 0.05    M    0  8.0 22 280   M    M   4        25 280
 6  65  39  52  -3  13   0 0.00  0.0    0  4.6 16 190   M    M   4        22 190
 7   M   M   M   M   M   M 0.50    M    M   M   M   M   M    M   M         M  M
 8  64  43  54  -1  11   0    T    M    M  2.8 12  50   M    M   1        14  20
 9  70  39  55   0  10   0 0.00  0.0    0  2.0 14 270   M    M   0        17  20
10  74  43  59   4   6   0 0.00  0.0    0  4.1 14 270   M    M   0        17 260
11  75  43  59   3   6   0 0.00  0.0    0  4.1 15 280   M    M   0        20 280
12  82  47  65   9   0   0 0.00  0.0    0  2.7 13 270   M    M   2 12     15 280
13  69  47  58   2   7   0 0.00  0.0    0  9.8 23 270   M    M   2        28 280
14  67  45  56   0   9   0 0.00  0.0    0  7.8 18 340   M    M   1        29  10
15  75  41  58   2   7   0 0.00  0.0    0  5.8 17  10   M    M   0 8      25 330
16  81  50  66   9   0   1 0.00  0.0    0  4.6 15  50   M    M   0        21  50
17  84  47  66   9   0   1 0.00  0.0    0  3.9 17 270   M    M   0        21 270
18  85  47  66   9   0   1 0.00  0.0    0  4.3 16 280   M    M   0        20 280
19  80  51  66   9   0   1 0.00  0.0    0  7.5 16 290   M    M   1 18     21 290
20  73  53  63   5   2   0 0.00  0.0    0 10.7 22 290   M    M   4 1      24 270
21  69  53  61   3   4   0 0.00  0.0    0 11.6 21 280   M    M   6        26 270
22  75  52  64   6   1   0 0.00  0.0    0  6.9 18 280   M    M   3        22 280
23  75  53  64   6   1   0 0.00  0.0    0  8.5 21 300   M    M   3        24 290
24  67  54  61   3   4   0 0.06  0.0    0 13.3 22 270   M    M   4        28 250
25  67  52  60   1   5   0 0.32  0.0    0 10.6 17 260   M    M   6 1      21 210
26  76  48  62   3   3   0 0.00  0.0    0  5.6 18 270   M    M   0        23 250
================================================================================
SM 1823 1151       135   4  0.93     0.0 160.4          M       41
================================================================================
AV 72.9 46.0                               6.4 FASTST   M    M   2    MAX(MPH)
                                 MISC ---->  # 23 270               # 29   10
================================================================================
NOTES:
# LAST OF SEVERAL OCCURRENCES

COLUMN 17 PEAK WIND IN M.P.H.

PRELIMINARY LOCAL CLIMATOLOGICAL DATA (WS FORM: F-6) , PAGE 2

                                          STATION:  LIVERMORE AIRPORT
                                          MONTH:    APRIL
                                          YEAR:     2015
                                          LATITUDE:   37 42 N
                                          LONGITUDE: 121 49 W

[TEMPERATURE DATA]      [PRECIPITATION DATA]       SYMBOLS USED IN COLUMN 16

AVERAGE MONTHLY: 59.5   TOTAL FOR MONTH:   0.93    1 = FOG OR MIST
DPTR FM NORMAL:   3.2   DPTR FM NORMAL:    0.01    2 = FOG REDUCING VISIBILITY
HIGHEST:    85 ON 18    GRTST 24HR  0.50 ON  7- 7      TO 1/4 MILE OR LESS
LOWEST:     38 ON  3                               3 = THUNDER
                        SNOW, ICE PELLETS, HAIL    4 = ICE PELLETS
                        TOTAL MONTH:   0.0 INCH    5 = HAIL
                        GRTST 24HR     0.0         6 = FREEZING RAIN OR DRIZZLE
                        GRTST DEPTH:   0           7 = DUSTSTORM OR SANDSTORM:
                                                       VSBY 1/2 MILE OR LESS
                                                   8 = SMOKE OR HAZE
[NO. OF DAYS WITH]      [WEATHER - DAYS WITH]      9 = BLOWING SNOW
                                                   X = TORNADO
MAX 32 OR BELOW:   0    0.01 INCH OR MORE:   4
MAX 90 OR ABOVE:   0    0.10 INCH OR MORE:   2
MIN 32 OR BELOW:   0    0.50 INCH OR MORE:   1
MIN  0 OR BELOW:   0    1.00 INCH OR MORE:   0

[HDD (BASE 65) ]
TOTAL THIS MO.   135    CLEAR  (SCALE 0-3)  18
DPTR FM NORMAL  -100    PTCLDY (SCALE 4-7)   7
TOTAL FM JUL 1  1471    CLOUDY (SCALE 8-10)  0
DPTR FM NORMAL -1128

[CDD (BASE 65) ]
TOTAL THIS MO.     4
DPTR FM NORMAL     3    [PRESSURE DATA]
TOTAL FM JAN 1    10    HIGHEST SLP M ON M
DPTR FM NORMAL     8    LOWEST  SLP 29.82 ON  6

[REMARKS]
