000
CXUS53 KGID 180730
CF6LXN
PRELIMINARY LOCAL CLIMATOLOGICAL DATA (WS FORM: F-6)

                                          STATION:   LEXINGTON
                                          MONTH:     APRIL
                                          YEAR:      2015
                                          LATITUDE:   40 47 N
                                          LONGITUDE:  99 46 W

  TEMPERATURE IN F:       :PCPN:    SNOW:  WIND      :SUNSHINE: SKY     :PK WND
================================================================================
1   2   3   4   5  6A  6B    7    8   9   10  11  12  13   14  15   16   17  18
                                     12Z  AVG MX 2MIN
DY MAX MIN AVG DEP HDD CDD  WTR  SNW DPTH SPD SPD DIR MIN PSBL S-S WX    SPD DR
================================================================================

 1  84  56  70   M   0   5 0.00    M    M 17.7 30 210   M    M   1        40 200
 2  58  32  45   M  20   0 0.13    M    M 11.0 31 360   M    M   7        37 360
 3  53  30  42   M  23   0 0.01    M    M 11.3 18 340   M    M   2        25 340
 4  67  30  49   M  16   0 0.00    M    M 14.4 29 210   M    M   1        39 210
 5  71  37  54   M  11   0 0.00    M    M  9.7 16 170   M    M   0        21 160
 6  60  47  54   M  11   0 0.00    M    M 11.6 17  30   M    M   9 1      23  20
 7  56  42  49   M  16   0    T    M    M 11.7 20  80   M    M  10 1      22 360
 8  45  41  43   M  22   0    T    M    M 10.0 14  10   M    M  10 1       M  M
 9  46  33  40   M  25   0 0.43    M    M 15.8 27 310   M    M   7 1      35 310
10  66  29  48   M  17   0 0.00    M    M  7.0 12 200   M    M   0        16 200
11  74  35  55   M  10   0 0.00    M    M 16.0 28 170   M    M   0        36 170
12  77  38  58   M   7   0 0.00    M    M 11.3 29 360   M    M   4        33 360
13  67  31  49   M  16   0 0.00    M    M  6.0 10 290   M    M   0         M  M
14  71  43  57   M   8   0 0.00    M    M 15.9 25 180   M    M   0        35 160
15  67  39  53   M  12   0 0.02    M    M 14.9 24 150   M    M   4 3      32 150
16  59  52  56   M   9   0 0.72    M    M  9.7 17 120   M    M   9 13     21 100
17  65  53  59   M   6   0 0.41    M    M  9.3 16  60   M    M   8 13     17  70
================================================================================
SM 1086  668       229   5  1.72    M    203.3          M       72
================================================================================
AV 63.9 39.3                              12.0 FASTST   M    M   4    MAX(MPH)
                                 MISC ---->    31   M                 40    M
================================================================================
NOTES:
# LAST OF SEVERAL OCCURRENCES

COLUMN 17 PEAK WIND IN M.P.H.

PRELIMINARY LOCAL CLIMATOLOGICAL DATA (WS FORM: F-6) , PAGE 2

                                          STATION:  LEXINGTON
                                          MONTH:    APRIL
                                          YEAR:     2015
                                          LATITUDE:   40 47 N
                                          LONGITUDE:  99 46 W

[TEMPERATURE DATA]      [PRECIPITATION DATA]       SYMBOLS USED IN COLUMN 16

AVERAGE MONTHLY: 51.6   TOTAL FOR MONTH:   1.72    1 = FOG OR MIST
DPTR FM NORMAL:     M   DPTR FM NORMAL:       M    2 = FOG REDUCING VISIBILITY
HIGHEST:    84 ON  1    GRTST 24HR  0.72 ON 16-16      TO 1/4 MILE OR LESS
LOWEST:     29 ON 10                               3 = THUNDER
                        SNOW, ICE PELLETS, HAIL    4 = ICE PELLETS
                        TOTAL MONTH:    M          5 = HAIL
                        GRTST 24HR    M  ON   M    6 = FREEZING RAIN OR DRIZZLE
                        GRTST DEPTH:  M  ON   M    7 = DUSTSTORM OR SANDSTORM:
                                                       VSBY 1/2 MILE OR LESS
                                                   8 = SMOKE OR HAZE
[NO. OF DAYS WITH]      [WEATHER - DAYS WITH]      9 = BLOWING SNOW
                                                   X = TORNADO
MAX 32 OR BELOW:   0    0.01 INCH OR MORE:   6
MAX 90 OR ABOVE:   0    0.10 INCH OR MORE:   4
MIN 32 OR BELOW:   5    0.50 INCH OR MORE:   1
MIN  0 OR BELOW:   0    1.00 INCH OR MORE:   0

[HDD (BASE 65) ]
TOTAL THIS MO.   229    CLEAR  (SCALE 0-3)   8
DPTR FM NORMAL     M    PTCLDY (SCALE 4-7)   5
TOTAL FM JUL 1  5448    CLOUDY (SCALE 8-10)  4
DPTR FM NORMAL     M

[CDD (BASE 65) ]
TOTAL THIS MO.     5
DPTR FM NORMAL     M    [PRESSURE DATA]
TOTAL FM JAN 1     6    HIGHEST SLP M ON M
DPTR FM NORMAL     M    LOWEST  SLP M ON M

[REMARKS]
