000
CXUS53 KMKX 210900
CF6MKE
PRELIMINARY LOCAL CLIMATOLOGICAL DATA (WS FORM: F-6)

                                          STATION:   MILWAUKEE WI
                                          MONTH:     APRIL
                                          YEAR:      2015
                                          LATITUDE:   42 57 N
                                          LONGITUDE:  87 54 W

  TEMPERATURE IN F:       :PCPN:    SNOW:  WIND      :SUNSHINE: SKY     :PK WND
================================================================================
1   2   3   4   5  6A  6B    7    8   9   10  11  12  13   14  15   16   17  18
                                     12Z  AVG MX 2MIN
DY MAX MIN AVG DEP HDD CDD  WTR  SNW DPTH SPD SPD DIR MIN PSBL S-S WX    SPD DR
================================================================================

 1  62  33  48   8  17   0 0.00  0.0    0 10.6 21 200   M    M   3 8      28 150
 2  66  51  59  18   6   0 0.06  0.0    0  9.2 18 300   M    M   8 18     23 310
 3  53  28  41   0  24   0 0.00  0.0    0  9.8 23  20   M    M   6        30  50
 4  58  23  41  -1  24   0 0.00  0.0    0  9.3 28 310   M    M   4        39 290
 5  47  35  41  -1  24   0 0.00  0.0    0 10.0 18  40   M    M   8 1      23  30
 6  47  32  40  -2  25   0 0.07  0.0    0 10.9 24  20   M    M   6 18     31  20
 7  43  36  40  -2  25   0 0.15  0.0    0 15.9 23  60   M    M  10 18     31  20
 8  39  36  38  -5  27   0 0.33  0.0    0 11.8 21  70   M    M  10 1      26  40
 9  54  37  46   3  19   0 3.18  0.0    0 10.2 32 230   M    M   9 1235   40 240
10  56  38  47   3  18   0 0.17  0.0    0 12.4 32 230   M    M   7 138    42 230
11  63  38  51   7  14   0 0.00  0.0    0  7.7 16 220   M    M   1        22 220
12  68  39  54  10  11   0    T  0.0    0 10.1 21 210   M    M   6        26 210
13  66  52  59  14   6   0 0.05  0.0    0 12.9 26 310   M    M   7        32 300
14  62  41  52   7  13   0 0.00  0.0    0  4.5 12  40   M    M   5        14 130
15  54  36  45   0  20   0 0.00  0.0    0  7.6 17  20   M    M   5        22  10
16  55  41  48   2  17   0 0.00  0.0    0  6.9 21 140   M    M   6        26 140
17  76  46  61  15   4   0 0.00  0.0    0  5.5 17  50   M    M   4 8      20  20
18  58  41  50   4  15   0 0.00  0.0    0 15.7 29  10   M    M   4        39  30
19  55  42  49   2  16   0 0.94  0.0    0 10.1 20 110   M    M   8 1      25 110
20  50  43  47   0  18   0 0.12  0.0    0 12.8 26 280   M    M  10 1      37 280
================================================================================
SM 1132  768       343   0  5.07     0.0 203.9          M      127
================================================================================
AV 56.6 38.4                              10.2 FASTST   M    M   6    MAX(MPH)
                                 MISC ---->  # 32 230               # 42  230
================================================================================
NOTES:
# LAST OF SEVERAL OCCURRENCES

COLUMN 17 PEAK WIND IN M.P.H.

PRELIMINARY LOCAL CLIMATOLOGICAL DATA (WS FORM: F-6) , PAGE 2

                                          STATION:  MILWAUKEE WI
                                          MONTH:    APRIL
                                          YEAR:     2015
                                          LATITUDE:   42 57 N
                                          LONGITUDE:  87 54 W

[TEMPERATURE DATA]      [PRECIPITATION DATA]       SYMBOLS USED IN COLUMN 16

AVERAGE MONTHLY: 47.5   TOTAL FOR MONTH:   5.07    1 = FOG OR MIST
DPTR FM NORMAL:   3.8   DPTR FM NORMAL:    2.65    2 = FOG REDUCING VISIBILITY
HIGHEST:    76 ON 17    GRTST 24HR  3.28 ON  8- 9      TO 1/4 MILE OR LESS
LOWEST:     23 ON  4                               3 = THUNDER
                        SNOW, ICE PELLETS, HAIL    4 = ICE PELLETS
                        TOTAL MONTH:   0.0 INCH    5 = HAIL
                        GRTST 24HR     0.0         6 = FREEZING RAIN OR DRIZZLE
                        GRTST DEPTH:   0           7 = DUSTSTORM OR SANDSTORM:
                                                       VSBY 1/2 MILE OR LESS
                                                   8 = SMOKE OR HAZE
[NO. OF DAYS WITH]      [WEATHER - DAYS WITH]      9 = BLOWING SNOW
                                                   X = TORNADO
MAX 32 OR BELOW:   0    0.01 INCH OR MORE:   9
MAX 90 OR ABOVE:   0    0.10 INCH OR MORE:   6
MIN 32 OR BELOW:   3    0.50 INCH OR MORE:   2
MIN  0 OR BELOW:   0    1.00 INCH OR MORE:   1

[HDD (BASE 65) ]
TOTAL THIS MO.   343    CLEAR  (SCALE 0-3)   2
DPTR FM NORMAL   -84    PTCLDY (SCALE 4-7)  13
TOTAL FM JUL 1  6606    CLOUDY (SCALE 8-10)  5
DPTR FM NORMAL   270

[CDD (BASE 65) ]
TOTAL THIS MO.     0
DPTR FM NORMAL     0    [PRESSURE DATA]
TOTAL FM JAN 1     0    HIGHEST SLP M ON M
DPTR FM NORMAL     0    LOWEST  SLP 29.23 ON 20

[REMARKS]
