000
CXUS54 KMEG 270636
CF6MKL
PRELIMINARY LOCAL CLIMATOLOGICAL DATA (WS FORM: F-6)

                                          STATION:   JACKSON
                                          MONTH:     APRIL
                                          YEAR:      2015
                                          LATITUDE:   35 35 N
                                          LONGITUDE:  88 55 W

  TEMPERATURE IN F:       :PCPN:    SNOW:  WIND      :SUNSHINE: SKY     :PK WND
================================================================================
1   2   3   4   5  6A  6B    7    8   9   10  11  12  13   14  15   16   17  18
                                     12Z  AVG MX 2MIN
DY MAX MIN AVG DEP HDD CDD  WTR  SNW DPTH SPD SPD DIR MIN PSBL S-S WX    SPD DR
================================================================================

 1  79  48  64   8   1   0 0.27  0.0    0  5.9 22 260   M    M   1 13     28 250
 2  80  65  73  17   0   8 0.00  0.0    0 13.6 28 210   M    M   5        38 230
 3  78  47  63   7   2   0 0.07  0.0    0 15.8 29 240   M    M   7 13     36 260
 4  62  37  50  -7  15   0 0.00  0.0    0  7.1 23  10   M    M   0        29  20
 5  65  33  49  -8  16   0 0.00  0.0    0  3.5 12 200   M    M   4        16 230
 6  68  51  60   3   5   0 1.13  0.0    0  6.6 13 180   M    M  10 138    18 170
 7  80  64  72  14   0   7 0.01  0.0    0  8.2 17 210   M    M   4 1      22 200
 8  87  66  77  19   0  12 0.00  0.0    0 10.3 23 240   M    M   2        30 230
 9  85  68  77  19   0  12    T  0.0    0 13.2 24 230   M    M   3 13     34 210
10  69  43  56  -2   9   0 0.40  0.0    0  8.4 22 290   M    M   2 13     28 230
11  75  38  57  -2   8   0 0.00  0.0    0  3.3 13  30   M    M   0 1      17  10
12  83  49  66   7   0   1 0.00  0.0    0  5.8 15 220   M    M   0        21 200
13  74  65  70  11   0   5 1.35  0.0    0  5.8 13 160   M    M   8 1      23 150
14  65  57  61   1   4   0 0.08  0.0    0  6.4 14  20   M    M   9 1      18 350
15  75  58  67   7   0   2 0.59  0.0    0  4.6 12 310   M    M   8 13     17 300
16  81  58  70  10   0   5 0.05  0.0    0  4.2 14 260   M    M   5 123    17 240
17  69  54  62   2   3   0 0.00  0.0    0  3.1  9 170   M    M   8 1      14 150
18  78  53  66   5   0   1    T  0.0    0  3.3 13 100   M    M   6 12     15 110
19  75  57  66   5   0   1 0.53  0.0    0  7.5 22 310   M    M   7 13     29 230
20  66  45  56  -5   9   0 0.00  0.0    0 11.4 20 280   M    M   5        26 290
21  73  41  57  -5   8   0 0.00  0.0    0  9.7 23 240   M    M   1        30 260
22  73  46  60  -2   5   0 0.02  0.0    0  7.1 22 320   M    M   3 1      28 320
23  68  43  56  -6   9   0 0.00  0.0    0  4.8 15  30   M    M   1 1      18  80
24  68  45  57  -5   8   0 0.32  0.0    0  4.9 15 150   M    M   6 1      21 140
25  83  56  70   7   0   5 0.10  0.0    0 12.7 24 230   M    M   3 3      36 160
26  63  44  54  -9  11   0 0.00  0.0    0  5.7 15  20   M    M   6 12     20  20
================================================================================
SM 1922 1331       113  59  4.92     0.0 192.9          M      114
================================================================================
AV 73.9 51.2                               7.4 FASTST   M    M   4    MAX(MPH)
                                 MISC ---->  # 29 240               # 38  230
================================================================================
NOTES:
# LAST OF SEVERAL OCCURRENCES

COLUMN 17 PEAK WIND IN M.P.H.

PRELIMINARY LOCAL CLIMATOLOGICAL DATA (WS FORM: F-6) , PAGE 2

                                          STATION:  JACKSON
                                          MONTH:    APRIL
                                          YEAR:     2015
                                          LATITUDE:   35 35 N
                                          LONGITUDE:  88 55 W

[TEMPERATURE DATA]      [PRECIPITATION DATA]       SYMBOLS USED IN COLUMN 16

AVERAGE MONTHLY: 62.6   TOTAL FOR MONTH:   4.92    1 = FOG OR MIST
DPTR FM NORMAL:   3.1   DPTR FM NORMAL:    0.74    2 = FOG REDUCING VISIBILITY
HIGHEST:    87 ON  8    GRTST 24HR  1.43 ON 13-14      TO 1/4 MILE OR LESS
LOWEST:     33 ON  5                               3 = THUNDER
                        SNOW, ICE PELLETS, HAIL    4 = ICE PELLETS
                        TOTAL MONTH:   0.0 INCH    5 = HAIL
                        GRTST 24HR     0.0         6 = FREEZING RAIN OR DRIZZLE
                        GRTST DEPTH:   0           7 = DUSTSTORM OR SANDSTORM:
                                                       VSBY 1/2 MILE OR LESS
                                                   8 = SMOKE OR HAZE
[NO. OF DAYS WITH]      [WEATHER - DAYS WITH]      9 = BLOWING SNOW
                                                   X = TORNADO
MAX 32 OR BELOW:   0    0.01 INCH OR MORE:  13
MAX 90 OR ABOVE:   0    0.10 INCH OR MORE:   8
MIN 32 OR BELOW:   0    0.50 INCH OR MORE:   4
MIN  0 OR BELOW:   0    1.00 INCH OR MORE:   2

[HDD (BASE 65) ]
TOTAL THIS MO.   113    CLEAR  (SCALE 0-3)   8
DPTR FM NORMAL   -70    PTCLDY (SCALE 4-7)  16
TOTAL FM JUL 1  3765    CLOUDY (SCALE 8-10)  2
DPTR FM NORMAL   254

[CDD (BASE 65) ]
TOTAL THIS MO.    59
DPTR FM NORMAL    21    [PRESSURE DATA]
TOTAL FM JAN 1    61    HIGHEST SLP M ON M
DPTR FM NORMAL    12    LOWEST  SLP 29.54 ON M

[REMARKS]
