000
CXUS56 KSTO 261455
CF6MOD
PRELIMINARY LOCAL CLIMATOLOGICAL DATA (WS FORM: F-6)

                                          STATION:   MODESTO CA
                                          MONTH:     APRIL
                                          YEAR:      2015
                                          LATITUDE:   37 37 N
                                          LONGITUDE: 120 57 W

  TEMPERATURE IN F:       :PCPN:    SNOW:  WIND      :SUNSHINE: SKY     :PK WND
================================================================================
1   2   3   4   5  6A  6B    7    8   9   10  11  12  13   14  15   16   17  18
                                     12Z  AVG MX 2MIN
DY MAX MIN AVG DEP HDD CDD  WTR  SNW DPTH SPD SPD DIR MIN PSBL S-S WX    SPD DR
================================================================================

 1  71  49  60   1   5   0 0.00  0.0    0 13.2 21 320   M    M   0        28 320
 2  74  48  61   2   4   0 0.00  0.0    0 12.9 23 320   M    M   0        30 300
 3  78  44  61   1   4   0 0.00  0.0    0  5.5 14 300   M    M   0        17 300
 4  76  46  61   1   4   0 0.00  0.0    0  9.2 23 290   M    M   0        30 300
 5  65  44  55  -5  10   0    T    M    0  8.0 24 300   M    M   3        30 300
 6  66  39  53  -7  12   0 0.00  0.0    0  4.1 13 140   M    M   0        17 130
 7  62  45  54  -6  11   0 0.41    M    0  7.8 20 150   M    M   6 13     30 130
 8  66  46  56  -4   9   0 0.01  0.0    0  6.7 16 310   M    M   5        21 290
 9  72  45  59  -1   6   0 0.00  0.0    0  4.1 10 300   M    M   0        13 330
10  76  49  63   2   2   0 0.00  0.0    0  6.8 15 320   M    M   0        19 330
11  76  49  63   2   2   0 0.00  0.0    0 10.0 23 290   M    M   0        26 320
12  80  52  66   5   0   1 0.00  0.0    0  7.9 18 300   M    M   0        23 280
13  83  47  65   4   0   0 0.00  0.0    0 10.3 25 300   M    M   0        31 300
14  69  49  59  -3   6   0 0.00  0.0    0 16.3 26 300   M    M   0        34 300
15  76  48  62   0   3   0 0.00  0.0    0 13.8 21 300   M    M   0        27 310
16  81  46  64   2   1   0 0.00  0.0    0  3.7 13 290   M    M   0        20 340
17  86  47  67   5   0   2 0.00  0.0    0  4.7 14 330   M    M   0        19  30
18  86  50  68   6   0   3 0.00  0.0    0  4.1 10 300   M    M   0        14 340
19  86  57  72   9   0   7 0.00  0.0    0  6.3 15 300   M    M   0        19 300
20  82  54  68   5   0   3 0.00  0.0    0  9.9 17 330   M    M   0        24 310
21  78  52  65   2   0   0 0.00  0.0    0  6.9 13 340   M    M   0        17 310
22  74  51  63   0   2   0 0.00  0.0    0  4.8 13  20   M    M   0        15  10
23  83  53  68   4   0   3 0.00  0.0    0  6.1 17 320   M    M   0        22 280
24  76  52  64   0   1   0 0.05  0.0    0  8.1 21 300   M    M   2        26 300
25  72  55  64   0   1   0 0.16  0.0    0  9.2 20 290   M    M   5 1      27 290
================================================================================
SM 1894 1217        83  19  0.63     0.0 200.4          M       21
================================================================================
AV 75.8 48.7                               8.0 FASTST   M    M   1    MAX(MPH)
                                 MISC ---->  # 26 300               # 34  300
================================================================================
NOTES:
# LAST OF SEVERAL OCCURRENCES

COLUMN 17 PEAK WIND IN M.P.H.

PRELIMINARY LOCAL CLIMATOLOGICAL DATA (WS FORM: F-6) , PAGE 2

                                          STATION:  MODESTO CA
                                          MONTH:    APRIL
                                          YEAR:     2015
                                          LATITUDE:   37 37 N
                                          LONGITUDE: 120 57 W

[TEMPERATURE DATA]      [PRECIPITATION DATA]       SYMBOLS USED IN COLUMN 16

AVERAGE MONTHLY: 62.2   TOTAL FOR MONTH:   0.63    1 = FOG OR MIST
DPTR FM NORMAL:   0.8   DPTR FM NORMAL:   -0.21    2 = FOG REDUCING VISIBILITY
HIGHEST:    86 ON 18,19 GRTST 24HR  0.41 ON  7- 7      TO 1/4 MILE OR LESS
LOWEST:     39 ON  6                               3 = THUNDER
                        SNOW, ICE PELLETS, HAIL    4 = ICE PELLETS
                        TOTAL MONTH:   0.0 INCH    5 = HAIL
                        GRTST 24HR     0.0         6 = FREEZING RAIN OR DRIZZLE
                        GRTST DEPTH:   0           7 = DUSTSTORM OR SANDSTORM:
                                                       VSBY 1/2 MILE OR LESS
                                                   8 = SMOKE OR HAZE
[NO. OF DAYS WITH]      [WEATHER - DAYS WITH]      9 = BLOWING SNOW
                                                   X = TORNADO
MAX 32 OR BELOW:   0    0.01 INCH OR MORE:   4
MAX 90 OR ABOVE:   0    0.10 INCH OR MORE:   2
MIN 32 OR BELOW:   0    0.50 INCH OR MORE:   0
MIN  0 OR BELOW:   0    1.00 INCH OR MORE:   0

[HDD (BASE 65) ]
TOTAL THIS MO.    83    CLEAR  (SCALE 0-3)  22
DPTR FM NORMAL   -34    PTCLDY (SCALE 4-7)   3
TOTAL FM JUL 1  1589    CLOUDY (SCALE 8-10)  0
DPTR FM NORMAL  -533

[CDD (BASE 65) ]
TOTAL THIS MO.    19
DPTR FM NORMAL    -8    [PRESSURE DATA]
TOTAL FM JAN 1    51    HIGHEST SLP M ON M
DPTR FM NORMAL    19    LOWEST  SLP 30.11 ON M

[REMARKS]
