000
CXUS53 KGID 280730
CF6ODX
PRELIMINARY LOCAL CLIMATOLOGICAL DATA (WS FORM: F-6)

                                          STATION:   ORD NE
                                          MONTH:     APRIL
                                          YEAR:      2015
                                          LATITUDE:   41 37 N
                                          LONGITUDE:  98 57 W

  TEMPERATURE IN F:       :PCPN:    SNOW:  WIND      :SUNSHINE: SKY     :PK WND
================================================================================
1   2   3   4   5  6A  6B    7    8   9   10  11  12  13   14  15   16   17  18
                                     12Z  AVG MX 2MIN
DY MAX MIN AVG DEP HDD CDD  WTR  SNW DPTH SPD SPD DIR MIN PSBL S-S WX    SPD DR
================================================================================

 1  85  52  69  25   0   4 0.00    M    M 18.1 35 200   M    M   1 8      43 200
 2  61  32  47   3  18   0    T    M    M 10.9 28 350   M    M   6 8      34 340
 3  53  27  40  -5  25   0 0.00    M    M 13.2 24 330   M    M   1        29 340
 4  67  17  42  -3  23   0 0.00    M    M 12.0 32 220   M    M   1        40 220
 5  73  38  56  11   9   0 0.00    M    M 10.9 23 180   M    M   0        30 190
 6  56  48  52   6  13   0    T    M    M  9.6 20 170   M    M   9 1      24 170
 7  49  40  45  -1  20   0 0.03    M    M 12.0 17 350   M    M  10 1      22 360
 8  43  39  41  -5  24   0 0.05    M    M 10.0 20  30   M    M  10 13     25  20
 9  50  33  42  -5  23   0 0.41    M    M 16.1 26 330   M    M   6 123    35 330
10  68  34  51   4  14   0 0.00    M    M  8.4 20 260   M    M   0        24 270
11  74  34  54   7  11   0 0.00    M    M 14.1 31 180   M    M   0        40 160
12  73  35  54   6  11   0 0.01    M    M 12.9 33 360   M    M   3 3      41 360
13  68  27  48   0  17   0 0.00    M    M  6.4 16 260   M    M   0 8      23 270
14  71  39  55   7  10   0 0.00    M    M 14.2 30 190   M    M   0        39 190
15  64  39  52   3  13   0 0.00    M    M 12.1 23 140   M    M   5        29 130
16  65  51  58   9   7   0 0.19    M    M  5.9 18 110   M    M   8 18     25 120
17  65  52  59  10   6   0 1.49    M    M  6.5 18 120   M    M  10 13     22 110
18  69  52  61  11   4   0 0.51    M    M  5.3 22 240   M    M   4 3      29 250
19  55  38  47  -3  18   0 0.02    M    M 21.6 35 340   M    M   7        47 340
20  56  35  46  -4  19   0 0.00    M    M 16.4 31 320   M    M   4        41 330
21  68  35  52   2  13   0 0.00    M    M 12.0 26  40   M    M   2        34 280
22  56  24  40 -11  25   0 0.00    M    M  5.1 16 200   M    M   1        21 210
23  67  31  49  -2  16   0 0.00    M    M 10.8 24 190   M    M   3        31 180
24  72  49  61   9   4   0 0.00    M    M  9.2 20 150   M    M   3 3      27 130
25  58  44  51  -1  14   0    T    M    M  9.6 21 310   M    M   8 18     27 120
26  61  37  49  -3  16   0 0.00    M    M  8.9 18 120   M    M   6 1      26 130
27  69  31  50  -2  15   0 0.00    M    M  6.3 17  30   M    M   0 1      22  20
================================================================================
SM 1716 1013       388   4  2.71    M    298.5          M      108
================================================================================
AV 63.6 37.5                              11.1 FASTST   M    M   4    MAX(MPH)
                                 MISC ---->  # 35 200               # 47  340
================================================================================
NOTES:
# LAST OF SEVERAL OCCURRENCES

COLUMN 17 PEAK WIND IN M.P.H.

PRELIMINARY LOCAL CLIMATOLOGICAL DATA (WS FORM: F-6) , PAGE 2

                                          STATION:  ORD NE
                                          MONTH:    APRIL
                                          YEAR:     2015
                                          LATITUDE:   41 37 N
                                          LONGITUDE:  98 57 W

[TEMPERATURE DATA]      [PRECIPITATION DATA]       SYMBOLS USED IN COLUMN 16

AVERAGE MONTHLY: 50.5   TOTAL FOR MONTH:   2.71    1 = FOG OR MIST
DPTR FM NORMAL:   2.3   DPTR FM NORMAL:    0.45    2 = FOG REDUCING VISIBILITY
HIGHEST:    85 ON  1    GRTST 24HR  1.49 ON 17-17      TO 1/4 MILE OR LESS
LOWEST:     17 ON  4                               3 = THUNDER
                        SNOW, ICE PELLETS, HAIL    4 = ICE PELLETS
                        TOTAL MONTH:    M          5 = HAIL
                        GRTST 24HR    M  ON   M    6 = FREEZING RAIN OR DRIZZLE
                        GRTST DEPTH:  M  ON   M    7 = DUSTSTORM OR SANDSTORM:
                                                       VSBY 1/2 MILE OR LESS
                                                   8 = SMOKE OR HAZE
[NO. OF DAYS WITH]      [WEATHER - DAYS WITH]      9 = BLOWING SNOW
                                                   X = TORNADO
MAX 32 OR BELOW:   0    0.01 INCH OR MORE:   8
MAX 90 OR ABOVE:   0    0.10 INCH OR MORE:   4
MIN 32 OR BELOW:   7    0.50 INCH OR MORE:   2
MIN  0 OR BELOW:   0    1.00 INCH OR MORE:   1

[HDD (BASE 65) ]
TOTAL THIS MO.   388    CLEAR  (SCALE 0-3)  14
DPTR FM NORMAL   -65    PTCLDY (SCALE 4-7)   9
TOTAL FM JUL 1  6246    CLOUDY (SCALE 8-10)  4
DPTR FM NORMAL   -70

[CDD (BASE 65) ]
TOTAL THIS MO.     4
DPTR FM NORMAL     4    [PRESSURE DATA]
TOTAL FM JAN 1     4    HIGHEST SLP M ON M
DPTR FM NORMAL     4    LOWEST  SLP 29.47 ON M

[REMARKS]
