000
CXUS56 KOTX 271500
CF6OMK
PRELIMINARY LOCAL CLIMATOLOGICAL DATA (WS FORM: F-6)

                                          STATION:   OMAK WA AIRPORT
                                          MONTH:     APRIL
                                          YEAR:      2015
                                          LATITUDE:   48 27 N
                                          LONGITUDE: 119 31 W

  TEMPERATURE IN F:       :PCPN:    SNOW:  WIND      :SUNSHINE: SKY     :PK WND
================================================================================
1   2   3   4   5  6A  6B    7    8   9   10  11  12  13   14  15   16   17  18
                                     12Z  AVG MX 2MIN
DY MAX MIN AVG DEP HDD CDD  WTR  SNW DPTH SPD SPD DIR MIN PSBL S-S WX    SPD DR
================================================================================

 1  58  32  45  -2  20   0    T    M    M  7.3 17 340   M    M   3        24 360
 2  58  27  43  -4  22   0 0.00    M    M  4.4 13 210   M    M   0        16 200
 3  58  31  45  -2  20   0 0.00    M    M  7.0 21 150   M    M   3        27 140
 4  58  27  43  -5  22   0 0.00    M    M  3.9  9 270   M    M   1        14 230
 5  59  28  44  -4  21   0 0.00    M    M  6.5 18 350   M    M   2        29 340
 6  54  38  46  -2  19   0 0.01    M    M  7.4 21 160   M    M   6        26 160
 7  54  28  41  -7  24   0    T    M    M  6.0 17 300   M    M   7        21 320
 8  67  33  50   2  15   0 0.00    M    M  8.1 16 350   M    M   0        20 350
 9  65  28  47  -2  18   0 0.04    M    M  4.8 15 230   M    M   1        24 260
10  62  34  48  -1  17   0 0.00    M    M  8.0 23 190   M    M   4        29 180
11  60  34  47  -2  18   0 0.00    M    M  7.8 23 240   M    M   2        35 240
12  57  30  44  -5  21   0 0.00    M    M  8.8 18 200   M    M   4        26 190
13  56  29  43  -7  22   0    T    M    M  4.0 13 220   M    M   5        20 220
14  58  31  45  -5  20   0 0.02    M    M  8.7 22  30   M    M   4        27  30
15  62  24  43  -7  22   0 0.00    M    M  5.3 14 170   M    M   0        17 160
16  69  28  49  -1  16   0 0.00    M    M  6.2 15 150   M    M   0 8      19 200
17  76  33  55   5  10   0 0.00    M    M  8.1 18 290   M    M   0 18     24 300
18  70  43  57   7   8   0 0.00    M    M 11.4 22  20   M    M   0        27  20
19  74  44  59   8   6   0 0.00    M    M  9.6 17 360   M    M   0        23  10
20  77  44  61  10   4   0 0.00    M    M  6.8 14 360   M    M   0        19  10
21  78  39  59   8   6   0 0.00    M    M  5.9 16 220   M    M   0        21 210
22  66  45  56   5   9   0 0.00    M    M  7.9 18 330   M    M   1        27 340
23  60  43  52   0  13   0 0.02    M    M  9.8 20 160   M    M   5        27 130
24  62  32  47  -5  18   0    T    M    M  7.6 23 220   M    M   3        35 220
25  58  40  49  -3  16   0    T    M    M  7.5 18 280   M    M   7        22 290
26  65  32  49  -3  16   0 0.01    M    M  6.0 17 150   M    M   2        27 140
================================================================================
SM 1641  877       423   0  0.10    M    184.8          M       60
================================================================================
AV 63.1 33.7                               7.1 FASTST   M    M   2    MAX(MPH)
                                 MISC ---->  # 23 190               # 35  240
================================================================================
NOTES:
# LAST OF SEVERAL OCCURRENCES

COLUMN 17 PEAK WIND IN M.P.H.

PRELIMINARY LOCAL CLIMATOLOGICAL DATA (WS FORM: F-6) , PAGE 2

                                          STATION:  OMAK WA AIRPORT
                                          MONTH:    APRIL
                                          YEAR:     2015
                                          LATITUDE:   48 27 N
                                          LONGITUDE: 119 31 W

[TEMPERATURE DATA]      [PRECIPITATION DATA]       SYMBOLS USED IN COLUMN 16

AVERAGE MONTHLY: 48.4   TOTAL FOR MONTH:   0.10    1 = FOG OR MIST
DPTR FM NORMAL:  -1.2   DPTR FM NORMAL:   -0.81    2 = FOG REDUCING VISIBILITY
HIGHEST:    78 ON 21    GRTST 24HR  0.04 ON  9- 9      TO 1/4 MILE OR LESS
LOWEST:     24 ON 15                               3 = THUNDER
                        SNOW, ICE PELLETS, HAIL    4 = ICE PELLETS
                        TOTAL MONTH:    M          5 = HAIL
                        GRTST 24HR    M  ON   M    6 = FREEZING RAIN OR DRIZZLE
                        GRTST DEPTH:  M  ON   M    7 = DUSTSTORM OR SANDSTORM:
                                                       VSBY 1/2 MILE OR LESS
                                                   8 = SMOKE OR HAZE
[NO. OF DAYS WITH]      [WEATHER - DAYS WITH]      9 = BLOWING SNOW
                                                   X = TORNADO
MAX 32 OR BELOW:   0    0.01 INCH OR MORE:   5
MAX 90 OR ABOVE:   0    0.10 INCH OR MORE:   0
MIN 32 OR BELOW:  14    0.50 INCH OR MORE:   0
MIN  0 OR BELOW:   0    1.00 INCH OR MORE:   0

[HDD (BASE 65) ]
TOTAL THIS MO.   423    CLEAR  (SCALE 0-3)  17
DPTR FM NORMAL    22    PTCLDY (SCALE 4-7)   9
TOTAL FM JUL 1  5157    CLOUDY (SCALE 8-10)  0
DPTR FM NORMAL  -834

[CDD (BASE 65) ]
TOTAL THIS MO.     0
DPTR FM NORMAL     0    [PRESSURE DATA]
TOTAL FM JAN 1     0    HIGHEST SLP M ON M
DPTR FM NORMAL     0    LOWEST  SLP  0.00 ON M

[REMARKS]
