000
CXUS52 KMFL 281000
CF6PBI
PRELIMINARY LOCAL CLIMATOLOGICAL DATA (WS FORM: F-6)

                                          STATION:   WEST PALM BEACH
                                          MONTH:     APRIL
                                          YEAR:      2015
                                          LATITUDE:   26 40 N
                                          LONGITUDE:  80  7 W

  TEMPERATURE IN F:       :PCPN:    SNOW:  WIND      :SUNSHINE: SKY     :PK WND
================================================================================
1   2   3   4   5  6A  6B    7    8   9   10  11  12  13   14  15   16   17  18
                                     12Z  AVG MX 2MIN
DY MAX MIN AVG DEP HDD CDD  WTR  SNW DPTH SPD SPD DIR MIN PSBL S-S WX    SPD DR
================================================================================

 1  84  64  74   2   0   9 0.00  0.0    0  6.9 14 270   M    M   5        18 270
 2  84  65  75   3   0  10 0.00  0.0    0  6.7 14 110   M    M   5        20 130
 3  84  66  75   3   0  10 0.00  0.0    0  7.9 17 110   M    M   3        28 130
 4  84  65  75   3   0  10 0.00  0.0    0  6.5 15 110   M    M   2        19 120
 5  84  65  75   3   0  10 0.00  0.0    0  7.8 17 120   M    M   4        22 120
 6  83  74  79   7   0  14 0.00  0.0    0 11.5 17 100   M    M   5        23 100
 7  84  75  80   7   0  15 0.00  0.0    0 12.6 17 140   M    M   5        24 120
 8  83  75  79   6   0  14    T  0.0    0 11.9 17 100   M    M   5        24 110
 9  84  75  80   7   0  15 0.00  0.0    0 12.6 18 110   M    M   5        23 100
10  86  75  81   8   0  16 0.00  0.0    0 12.7 20 140   M    M   5        25 130
11  88  76  82   9   0  17 0.00  0.0    0  9.5 18 140   M    M   5        25 130
12  87  70  79   6   0  14 0.40  0.0    0 11.6 23 110   M    M   7 13     29 130
13  86  77  82   9   0  17    T  0.0    0 13.1 21 140   M    M   6        27 130
14  86  76  81   7   0  16 0.00  0.0    0 12.2 18 130   M    M   4        24 140
15  88  76  82   8   0  17 0.00  0.0    0 10.4 21 140   M    M   5        24 140
16  86  73  80   6   0  15 0.08  0.0    0  8.2 20 130   M    M   6 18     23 130
17  89  74  82   8   0  17 0.22  0.0    0  6.9 20 130   M    M   6 3      25 130
18  93  73  83   9   0  18 0.03  0.0    0  8.7 17 150   M    M   5 3      21 140
19  91  76  84  10   0  19 0.00  0.0    0 10.2 22 150   M    M   7        26 140
20  91  71  81   7   0  16 2.13  0.0    0  7.6 24 150   M    M   8 1238   32 170
21  84  71  78   4   0  13 1.71  0.0    0  3.7 14 140   M    M   7 13     17 280
22  86  72  79   4   0  14    T  0.0    0  5.3 13 160   M    M   7        15 110
23  85  72  79   4   0  14 0.43  0.0    0  5.3 17 100   M    M   6 13     20 100
24  86  71  79   4   0  14 0.13  0.0    0  7.8 17  70   M    M   5 18     21  60
25  88  75  82   7   0  17 0.03  0.0    0  9.1 18 150   M    M   4        24 150
26  96  74  85  10   0  20 0.00  0.0    0 14.7 25 280   M    M   3        32 280
27  93  73  83   8   0  18 1.20  0.0    0  9.2 25 140   M    M   6 13     30 130
================================================================================
SM 2343 1949         0 399  6.36     0.0 250.6          M      141
================================================================================
AV 86.8 72.2                               9.3 FASTST   M    M   5    MAX(MPH)
                                 MISC ---->  # 25 280               # 32  170
================================================================================
NOTES:
# LAST OF SEVERAL OCCURRENCES

COLUMN 17 PEAK WIND IN M.P.H.

PRELIMINARY LOCAL CLIMATOLOGICAL DATA (WS FORM: F-6) , PAGE 2

                                          STATION:  WEST PALM BEACH
                                          MONTH:    APRIL
                                          YEAR:     2015
                                          LATITUDE:   26 40 N
                                          LONGITUDE:  80  7 W

[TEMPERATURE DATA]      [PRECIPITATION DATA]       SYMBOLS USED IN COLUMN 16

AVERAGE MONTHLY: 79.5   TOTAL FOR MONTH:   6.36    1 = FOG OR MIST
DPTR FM NORMAL:   6.0   DPTR FM NORMAL:    2.98    2 = FOG REDUCING VISIBILITY
HIGHEST:    96 ON 26    GRTST 24HR  3.81 ON 20-21      TO 1/4 MILE OR LESS
LOWEST:     64 ON  1                               3 = THUNDER
                        SNOW, ICE PELLETS, HAIL    4 = ICE PELLETS
                        TOTAL MONTH:   0.0 INCH    5 = HAIL
                        GRTST 24HR     0.0         6 = FREEZING RAIN OR DRIZZLE
                        GRTST DEPTH:   0           7 = DUSTSTORM OR SANDSTORM:
                                                       VSBY 1/2 MILE OR LESS
                                                   8 = SMOKE OR HAZE
[NO. OF DAYS WITH]      [WEATHER - DAYS WITH]      9 = BLOWING SNOW
                                                   X = TORNADO
MAX 32 OR BELOW:   0    0.01 INCH OR MORE:  10
MAX 90 OR ABOVE:   5    0.10 INCH OR MORE:   7
MIN 32 OR BELOW:   0    0.50 INCH OR MORE:   3
MIN  0 OR BELOW:   0    1.00 INCH OR MORE:   3

[HDD (BASE 65) ]
TOTAL THIS MO.     0    CLEAR  (SCALE 0-3)   2
DPTR FM NORMAL     0    PTCLDY (SCALE 4-7)  25
TOTAL FM JUL 1   126    CLOUDY (SCALE 8-10)  0
DPTR FM NORMAL  -103

[CDD (BASE 65) ]
TOTAL THIS MO.   399
DPTR FM NORMAL   166    [PRESSURE DATA]
TOTAL FM JAN 1  1030    HIGHEST SLP M ON M
DPTR FM NORMAL   369    LOWEST  SLP 29.75 ON 27

[REMARKS]
