000
CXUS56 KPQR 251200
CF6PDX
PRELIMINARY LOCAL CLIMATOLOGICAL DATA (WS FORM: F-6)

                                          STATION:   PORTLAND OR
                                          MONTH:     APRIL
                                          YEAR:      2015
                                          LATITUDE:   45 35 N
                                          LONGITUDE: 122 36 W

  TEMPERATURE IN F:       :PCPN:    SNOW:  WIND      :SUNSHINE: SKY     :PK WND
================================================================================
1   2   3   4   5  6A  6B    7    8   9   10  11  12  13   14  15   16   17  18
                                     12Z  AVG MX 2MIN
DY MAX MIN AVG DEP HDD CDD  WTR  SNW DPTH SPD SPD DIR MIN PSBL S-S WX    SPD DR
================================================================================

 1  55  41  48  -2  17   0 0.14    M    0  3.7 23 310   M    M   7 1      29 300
 2  58  41  50   0  15   0 0.00  0.0    0  2.7  7 300   M    M   7 1       9 290
 3  52  38  45  -5  20   0 0.19    M    0  6.3 14 290   M    M   8 1      17 150
 4  57  41  49  -2  16   0 0.00  0.0    0  2.8 10 180   M    M   5 1      12 180
 5  60  37  49  -2  16   0 0.12    M    0  6.2 26 130   M    M   8 13     32 130
 6  57  39  48  -3  17   0 0.02    M    0  5.2 23 190   M    M   8        27 190
 7  59  46  53   2  12   0 0.02    M    0  5.8 15 100   M    M   9        17  90
 8  59  45  52   1  13   0    T    M    0  6.1 17 240   M    M   9        20 240
 9  66  42  54   3  11   0 0.00  0.0    0  3.0 10 280   M    M   6 128    13 290
10  61  42  52   1  13   0 0.05    M    0  9.2 21 230   M    M   7        26 230
11  57  43  50  -1  15   0 0.26    M    0  8.1 26 250   M    M   8 15     33 250
12  59  42  51  -1  14   0    T    M    0  2.8  9  60   M    M   7        11 120
13  56  41  49  -3  16   0 0.26    M    0  7.3 26 310   M    M   9 1      32 310
14  54  39  47  -5  18   0 0.41    M    0  5.2 14 140   M    M   7 158    19 310
15  60  35  48  -4  17   0 0.00  0.0    0  4.3 12 310   M    M   4 12     15 310
16  72  39  56   4   9   0 0.00  0.0    0  4.1 14 270   M    M   1        16 280
17  73  42  58   6   7   0 0.00  0.0    0  6.9 21 300   M    M   1        25 310
18  76  44  60   8   5   0 0.00  0.0    0  6.6 17 320   M    M   1        21 320
19  77  45  61   8   4   0 0.00  0.0    0  4.2 13 310   M    M   3        18 330
20  81  48  65  12   0   0 0.00  0.0    0  4.4 14 320   M    M   2        19 310
21  62  46  54   1  11   0    T    M    0  9.0 26 310   M    M   6        35 310
22  61  42  52  -1  13   0 0.00  0.0    0  6.5 18 310   M    M   5        23 310
23  53  42  48  -5  17   0 0.07    M    0  6.8 20 210   M    M   9 1      25 210
24  56  46  51  -3  14   0 0.14    M    0  8.0 18 190   M    M   9 1      25 180
================================================================================
SM 1481 1006       310   0  1.68     0.0 135.2          M      146
================================================================================
AV 61.7 41.9                               5.6 FASTST   M    M   6    MAX(MPH)
                                 MISC ---->  # 26 130               # 35  310
================================================================================
NOTES:
# LAST OF SEVERAL OCCURRENCES

COLUMN 17 PEAK WIND IN M.P.H.

PRELIMINARY LOCAL CLIMATOLOGICAL DATA (WS FORM: F-6) , PAGE 2

                                          STATION:  PORTLAND OR
                                          MONTH:    APRIL
                                          YEAR:     2015
                                          LATITUDE:   45 35 N
                                          LONGITUDE: 122 36 W

[TEMPERATURE DATA]      [PRECIPITATION DATA]       SYMBOLS USED IN COLUMN 16

AVERAGE MONTHLY: 51.8   TOTAL FOR MONTH:   1.68    1 = FOG OR MIST
DPTR FM NORMAL:   0.1   DPTR FM NORMAL:   -0.58    2 = FOG REDUCING VISIBILITY
HIGHEST:    81 ON 20    GRTST 24HR  0.43 ON 13-14      TO 1/4 MILE OR LESS
LOWEST:     35 ON 15                               3 = THUNDER
                        SNOW, ICE PELLETS, HAIL    4 = ICE PELLETS
                        TOTAL MONTH:   0.0 INCH    5 = HAIL
                        GRTST 24HR     0.0         6 = FREEZING RAIN OR DRIZZLE
                        GRTST DEPTH:   0           7 = DUSTSTORM OR SANDSTORM:
                                                       VSBY 1/2 MILE OR LESS
                                                   8 = SMOKE OR HAZE
[NO. OF DAYS WITH]      [WEATHER - DAYS WITH]      9 = BLOWING SNOW
                                                   X = TORNADO
MAX 32 OR BELOW:   0    0.01 INCH OR MORE:  11
MAX 90 OR ABOVE:   0    0.10 INCH OR MORE:   7
MIN 32 OR BELOW:   0    0.50 INCH OR MORE:   0
MIN  0 OR BELOW:   0    1.00 INCH OR MORE:   0

[HDD (BASE 65) ]
TOTAL THIS MO.   310    CLEAR  (SCALE 0-3)   5
DPTR FM NORMAL    -9    PTCLDY (SCALE 4-7)  12
TOTAL FM JUL 1  3164    CLOUDY (SCALE 8-10)  7
DPTR FM NORMAL  -735

[CDD (BASE 65) ]
TOTAL THIS MO.     0
DPTR FM NORMAL     0    [PRESSURE DATA]
TOTAL FM JAN 1     0    HIGHEST SLP M ON M
DPTR FM NORMAL     0    LOWEST  SLP 29.65 ON  5

[REMARKS]
