000
CXUS54 KEWX 250910
CF6PEZ
PRELIMINARY LOCAL CLIMATOLOGICAL DATA (WS FORM: F-6)

                                          STATION:   PLEASANTON MUNICIPAL AIRPORT
                                          MONTH:     APRIL
                                          YEAR:      2015
                                          LATITUDE:   28 57 N
                                          LONGITUDE:  98 31 W

  TEMPERATURE IN F:       :PCPN:    SNOW:  WIND      :SUNSHINE: SKY     :PK WND
================================================================================
1   2   3   4   5  6A  6B    7    8   9   10  11  12  13   14  15   16   17  18
                                     12Z  AVG MX 2MIN
DY MAX MIN AVG DEP HDD CDD  WTR  SNW DPTH SPD SPD DIR MIN PSBL S-S WX    SPD DR
================================================================================

 1  83  67  75   M   0  10 0.11  0.0    0  5.7 10 150   M    M   7 1       M  M
 2  86  68  77   M   0  12 0.00  0.0    0  6.6 10 120   M    M   7        16 120
 3  80  68  74   M   0   9 0.00  0.0    0  5.8 14  20   M    M   9 18     18  20
 4  70  60  65   M   0   0 0.00    M    0  9.6 18  30   M    M  10        29  30
 5  75  58  67   M   0   2 0.00    M    0  2.9  7 110   M    M   8 1       M  M
 6  85  67  76   M   0  11 0.00  0.0    0  7.8 13 170   M    M   6        21 160
 7  86  68  77   M   0  12 0.00  0.0    0  9.4 15 150   M    M   4        21 140
 8  85  69  77   M   0  12 0.00  0.0    0  8.4 17 140   M    M   7 1      22 140
 9  88  68  78   M   0  13 0.00  0.0    0  7.1 14 140   M    M   3 1      17 140
10  71  60  66   M   0   1 0.94  0.0    0  7.0 17  30   M    M   8 13     24 350
11  77  62  70   M   0   5    T  0.0    0  5.3  9  80   M    M   9 1       M  M
12  81  66  74   M   0   9 0.42  0.0    M  5.2 13 140   M    M   8 13      M  M
13  83  65  74   M   0   9 0.01  0.0    0  3.2  9  80   M    M   5         M  M
14  75  61  68   M   0   3 0.03    M    0  3.9  9  30   M    M   5 3       M  M
15  80  58  69   M   0   4 0.00    M    0  4.5  8 150   M    M   7         M  M
16  79  65  72   M   0   7 0.04  0.0    0  4.5 10  20   M    M   9 138     M  M
17  73  66  70   M   0   5 2.28  0.0    0  7.5 14  80   M    M   8 13     18  80
18  76  65  71   M   0   6 0.01  0.0    0  3.5  7 130   M    M   8 12      M  M
19  87  65  76   M   0  11 0.00  0.0    0  3.0  9 250   M    M   5 1       M  M
20  73  59  66   M   0   1 0.00  0.0    0  7.3 17  40   M    M   0        24  30
21  79  54  67   M   0   2 0.00  0.0    0  4.9 13 120   M    M   7        16 120
22  76  67  72   M   0   7 1.03  0.0    0  5.0 10 120   M    M   9 13     20 300
23  85  70  78   M   0  13 0.00  0.0    0  3.0 10 130   M    M   8 128     M  M
24  85  67  76   M   0  11 0.91    M    0  5.1 12 140   M    M   7 13     17 120
================================================================================
SM 1918 1543         0 175  5.78     0.0 136.2          M      164
================================================================================
AV 79.9 64.3                               5.7 FASTST   M    M   7    MAX(MPH)
                                 MISC ---->    18   M                 29    M
================================================================================
NOTES:
# LAST OF SEVERAL OCCURRENCES

COLUMN 17 PEAK WIND IN M.P.H.

PRELIMINARY LOCAL CLIMATOLOGICAL DATA (WS FORM: F-6) , PAGE 2

                                          STATION:  PLEASANTON MUNICIPAL AIRPORT
                                          MONTH:    APRIL
                                          YEAR:     2015
                                          LATITUDE:   28 57 N
                                          LONGITUDE:  98 31 W

[TEMPERATURE DATA]      [PRECIPITATION DATA]       SYMBOLS USED IN COLUMN 16

AVERAGE MONTHLY: 72.1   TOTAL FOR MONTH:   5.78    1 = FOG OR MIST
DPTR FM NORMAL:     M   DPTR FM NORMAL:       M    2 = FOG REDUCING VISIBILITY
HIGHEST:    88 ON  9    GRTST 24HR  2.28 ON 17-17      TO 1/4 MILE OR LESS
LOWEST:     54 ON 21                               3 = THUNDER
                        SNOW, ICE PELLETS, HAIL    4 = ICE PELLETS
                        TOTAL MONTH:   0.0 INCH    5 = HAIL
                        GRTST 24HR     0.0         6 = FREEZING RAIN OR DRIZZLE
                        GRTST DEPTH:   0           7 = DUSTSTORM OR SANDSTORM:
                                                       VSBY 1/2 MILE OR LESS
                                                   8 = SMOKE OR HAZE
[NO. OF DAYS WITH]      [WEATHER - DAYS WITH]      9 = BLOWING SNOW
                                                   X = TORNADO
MAX 32 OR BELOW:   0    0.01 INCH OR MORE:  10
MAX 90 OR ABOVE:   0    0.10 INCH OR MORE:   6
MIN 32 OR BELOW:   0    0.50 INCH OR MORE:   4
MIN  0 OR BELOW:   0    1.00 INCH OR MORE:   2

[HDD (BASE 65) ]
TOTAL THIS MO.     0    CLEAR  (SCALE 0-3)   2
DPTR FM NORMAL     M    PTCLDY (SCALE 4-7)  17
TOTAL FM JUL 1  1474    CLOUDY (SCALE 8-10)  5
DPTR FM NORMAL     M

[CDD (BASE 65) ]
TOTAL THIS MO.   175
DPTR FM NORMAL     M    [PRESSURE DATA]
TOTAL FM JAN 1   239    HIGHEST SLP M ON M
DPTR FM NORMAL     M    LOWEST  SLP M ON M

[REMARKS]
