000
CXUS54 KMOB 272115
CF6PNS
PRELIMINARY LOCAL CLIMATOLOGICAL DATA (WS FORM: F-6)

                                          STATION:   PENSACOLA
                                          MONTH:     APRIL
                                          YEAR:      2015
                                          LATITUDE:   30 28 N
                                          LONGITUDE:  87 12 W

  TEMPERATURE IN F:       :PCPN:    SNOW:  WIND      :SUNSHINE: SKY     :PK WND
================================================================================
1   2   3   4   5  6A  6B    7    8   9   10  11  12  13   14  15   16   17  18
                                     12Z  AVG MX 2MIN
DY MAX MIN AVG DEP HDD CDD  WTR  SNW DPTH SPD SPD DIR MIN PSBL S-S WX    SPD DR
================================================================================

 1  81  61  71   8   0   6 0.00  0.0    0  8.4 21 210   M    M   2        24 210
 2  79  66  73   9   0   8 0.00  0.0    0  9.6 16 160   M    M   1        23 170
 3  79  64  72   8   0   7 0.00  0.0    0 11.1 20 170   M    M   2 1      25 180
 4  78  60  69   5   0   4    T  0.0    0 10.4 21 340   M    M   5        27 360
 5  74  54  64   0   1   0    T  0.0    0  8.1 16 130   M    M   3        22 140
 6  74  68  71   7   0   6 0.06  0.0    0  9.0 17 120   M    M  10 1      20 130
 7  81  67  74   9   0   9 0.00  0.0    0  6.7 13 160   M    M   4        15 190
 8  81  67  74   9   0   9 0.00  0.0    0  6.2 13 130   M    M   4 1      16 120
 9  79  70  75  10   0  10 0.00  0.0    0  9.7 16 160   M    M   8        21 140
10  82  67  75  10   0  10 1.20  0.0    0 10.1 22 200   M    M   8 13     28 190
11  79  65  72   6   0   7    T  0.0    0  5.3 10 360   M    M   6 1      14  30
12  75  69  72   6   0   7 0.63  0.0    0  6.3 14 110   M    M   9 1      17 120
13  73  67  70   4   0   5 2.53  0.0    0  8.5 16 100   M    M   7 13     22  90
14  77  66  72   6   0   7 1.28  0.0    0  9.6 22 310   M    M   8 123    27 310
15  79  67  73   7   0   8 0.00  0.0    0  5.4 10 180   M    M   8 3      13 180
16  79  69  74   7   0   9 0.65  0.0    0  8.4 21 200   M    M   6 13     24 210
17  80  69  75   8   0  10 0.47  0.0    0 10.1 23 140   M    M   7 1      27 230
18  75  67  71   4   0   6 0.13  0.0    0  5.5 17 150   M    M   7 1      22 150
19  79  66  73   6   0   8 2.06  0.0    0 11.1 30 190   M    M   6 13     37 190
20  78  63  71   3   0   6 0.00  0.0    0 10.2 17 210   M    M   2        24 230
21  78  57  68   0   0   3 0.00  0.0    0  6.6 16 360   M    M   0        22 360
22  84  57  71   3   0   6 0.00  0.0    0  6.0 13 200   M    M   0        16 180
23  83  63  73   5   0   8 0.00  0.0    0  4.6 13 190   M    M   4        20 230
24  80  64  72   3   0   7 0.00  0.0    0  9.2 17 130   M    M   1        22 130
25  85  69  77   8   0  12 0.36  0.0    0 11.1 39 260   M    M   6 13     61 240
26  87  67  77   8   0  12 0.00  0.0    0  7.2 15 190   M    M   1        19 170
================================================================================
SM 2059 1689         1 190  9.37     0.0 214.4          M      125
================================================================================
AV 79.2 65.0                               8.2 FASTST   M    M   5    MAX(MPH)
                                 MISC ---->  # 39 260               # 61  240
================================================================================
NOTES:
# LAST OF SEVERAL OCCURRENCES

COLUMN 17 PEAK WIND IN M.P.H.

PRELIMINARY LOCAL CLIMATOLOGICAL DATA (WS FORM: F-6) , PAGE 2

                                          STATION:  PENSACOLA
                                          MONTH:    APRIL
                                          YEAR:     2015
                                          LATITUDE:   30 28 N
                                          LONGITUDE:  87 12 W

[TEMPERATURE DATA]      [PRECIPITATION DATA]       SYMBOLS USED IN COLUMN 16

AVERAGE MONTHLY: 72.1   TOTAL FOR MONTH:   9.37    1 = FOG OR MIST
DPTR FM NORMAL:   5.9   DPTR FM NORMAL:    5.57    2 = FOG REDUCING VISIBILITY
HIGHEST:    87 ON 26    GRTST 24HR  2.74 ON 12-13      TO 1/4 MILE OR LESS
LOWEST:     54 ON  5                               3 = THUNDER
                        SNOW, ICE PELLETS, HAIL    4 = ICE PELLETS
                        TOTAL MONTH:   0.0 INCH    5 = HAIL
                        GRTST 24HR     0.0         6 = FREEZING RAIN OR DRIZZLE
                        GRTST DEPTH:   0           7 = DUSTSTORM OR SANDSTORM:
                                                       VSBY 1/2 MILE OR LESS
                                                   8 = SMOKE OR HAZE
[NO. OF DAYS WITH]      [WEATHER - DAYS WITH]      9 = BLOWING SNOW
                                                   X = TORNADO
MAX 32 OR BELOW:   0    0.01 INCH OR MORE:  10
MAX 90 OR ABOVE:   0    0.10 INCH OR MORE:   9
MIN 32 OR BELOW:   0    0.50 INCH OR MORE:   6
MIN  0 OR BELOW:   0    1.00 INCH OR MORE:   4

[HDD (BASE 65) ]
TOTAL THIS MO.     1    CLEAR  (SCALE 0-3)   9
DPTR FM NORMAL   -49    PTCLDY (SCALE 4-7)  15
TOTAL FM JUL 1  1544    CLOUDY (SCALE 8-10)  2
DPTR FM NORMAL    10

[CDD (BASE 65) ]
TOTAL THIS MO.   190
DPTR FM NORMAL   110    [PRESSURE DATA]
TOTAL FM JAN 1   299    HIGHEST SLP M ON M
DPTR FM NORMAL   172    LOWEST  SLP 29.66 ON 25

[REMARKS]
