000
CXUS51 KBTV 010700
CF6SLK
PRELIMINARY LOCAL CLIMATOLOGICAL DATA (WS FORM: F-6)

                                          STATION:   SARANAC LAKE NY
                                          MONTH:     MARCH
                                          YEAR:      2015
                                          LATITUDE:   44 23 N
                                          LONGITUDE:  74 12 W

  TEMPERATURE IN F:       :PCPN:    SNOW:  WIND      :SUNSHINE: SKY     :PK WND
================================================================================
1   2   3   4   5  6A  6B    7    8   9   10  11  12  13   14  15   16   17  18
                                     12Z  AVG MX 2MIN
DY MAX MIN AVG DEP HDD CDD  WTR  SNW DPTH SPD SPD DIR MIN PSBL S-S WX    SPD DR
================================================================================

 1  25 -20   3 -15  62   0 0.02    M    0  7.1 18 210   M    M   6 18     22 210
 2  22  -1  11  -8  54   0 0.02    M    0  7.9 17 270   M    M   8 128    31 280
 3  26 -19   4 -15  61   0 0.02    M    0  5.8 24 210   M    M   4 18     32 200
 4  29  19  24   5  41   0    T    M    0 12.9 23 250   M    M   9 1      34 250
 5  19 -21  -1 -21  66   0    T    M    0  4.8 20 260   M    M   4 8      26 230
 6  18 -29  -5 -25  70   0 0.00  0.0    0  6.8 18 210   M    M   0        23 220
 7  24   M   M   M   M   M    T    M    0  7.4 18 230   M    M   8 18     23 240
 8  28  17  23   2  42   0 0.01    M    0  7.9 20 250   M    M   9 18     26 250
 9  37  20  29   8  36   0 0.09    M    0 10.0 18 240   M    M   6 18     26 250
10  48  17  33  11  32   0    T    M    0 10.8 26 220   M    M   6        33 220
11  43  31  37  15  28   0 0.01    M    0 10.5 20 230   M    M   8 1      30 220
12  29   0  15  -8  50   0 0.02    M    0  7.4 18 320   M    M   1 128    30 310
13  32  -5  14  -9  51   0    T    M    0  2.5  9  60   M    M   6        11  70
14  42  21  32   9  33   0 0.04    M    0  3.3 18 240   M    M   9 18     22 260
15  33  22  28   4  37   0 0.03    M    0  5.2 20 240   M    M  10 168    29 240
16  43  13  28   4  37   0 0.00  0.0    0  3.6  9 220   M    M   8 12     13 220
17  38  15  27   2  38   0 0.08    M    0  9.1 18 330   M    M   8 128    29 340
18  18  -7   6 -19  59   0    T    M    0  7.7 18 310   M    M   4        30 310
19  24 -15   5 -21  60   0 0.00  0.0    0  2.8 14 310   M    M   0        23 290
20  36  -2  17  -9  48   0    T    M    0  6.5 18 210   M    M   5        23 220
21  35  13  24  -2  41   0 0.07    M    0 10.6 24 220   M    M  10 128    29 300
22  13   2   8 -19  57   0    T    M    0  7.1 16 280   M    M   6 18     26 300
23  17  -6   6 -21  59   0    T    M    0  6.0 15 270   M    M   0 18     23 280
24  35 -11  12 -16  53   0 0.00  0.0    0  1.6 10 240   M    M   0        15 240
25  47  -2  23  -5  42   0 0.04    M    0  8.3 30 200   M    M   3 1      41 210
26  39  32  36   7  29   0 0.30    M    0  5.7 18 230   M    M  10 12     28 230
27  35  19  27  -2  38   0 0.02    M    0  5.4 10 330   M    M  10 18     14 300
28  22  -4   9 -21  56   0 0.01    M    0  4.9 14  30   M    M   7 18     18  40
29  34  -9  13 -17  52   0 0.00    M    0  6.3 17 210   M    M   0        22 210
30  35  28  32   1  33   0 0.09    M    0 13.5 25 230   M    M  10 18     37 240
31  35   8  22  -9  43   0    T    M    0  4.8 12 290   M    M   4        20 280
================================================================================
SM  961  126      1408   0  0.87     0.0 214.2          M      179
================================================================================
AV 31.0  4.2                               6.9 FASTST   M    M   6    MAX(MPH)
                                 MISC ---->  # 30 200               # 41  210
================================================================================
NOTES:
# LAST OF SEVERAL OCCURRENCES

COLUMN 17 PEAK WIND IN M.P.H.

PRELIMINARY LOCAL CLIMATOLOGICAL DATA (WS FORM: F-6) , PAGE 2

                                          STATION:  SARANAC LAKE NY
                                          MONTH:    MARCH
                                          YEAR:     2015
                                          LATITUDE:   44 23 N
                                          LONGITUDE:  74 12 W

[TEMPERATURE DATA]      [PRECIPITATION DATA]       SYMBOLS USED IN COLUMN 16

AVERAGE MONTHLY: 17.6   TOTAL FOR MONTH:   0.87    1 = FOG OR MIST
DPTR FM NORMAL:  -6.9   DPTR FM NORMAL:   -1.41    2 = FOG REDUCING VISIBILITY
HIGHEST:    48 ON 10    GRTST 24HR  0.30 ON 26-26      TO 1/4 MILE OR LESS
LOWEST:    -29 ON  6                               3 = THUNDER
                        SNOW, ICE PELLETS, HAIL    4 = ICE PELLETS
                        TOTAL MONTH:   0.0 INCH    5 = HAIL
                        GRTST 24HR     0.0         6 = FREEZING RAIN OR DRIZZLE
                        GRTST DEPTH:   0           7 = DUSTSTORM OR SANDSTORM:
                                                       VSBY 1/2 MILE OR LESS
                                                   8 = SMOKE OR HAZE
[NO. OF DAYS WITH]      [WEATHER - DAYS WITH]      9 = BLOWING SNOW
                                                   X = TORNADO
MAX 32 OR BELOW:  15    0.01 INCH OR MORE:  16
MAX 90 OR ABOVE:   0    0.10 INCH OR MORE:   1
MIN 32 OR BELOW:  30    0.50 INCH OR MORE:   0
MIN  0 OR BELOW:  15    1.00 INCH OR MORE:   0

[HDD (BASE 65) ]
TOTAL THIS MO.  1408    CLEAR  (SCALE 0-3)   7
DPTR FM NORMAL   151    PTCLDY (SCALE 4-7)  15
TOTAL FM JUL 1  8191    CLOUDY (SCALE 8-10)  9
DPTR FM NORMAL   229

[CDD (BASE 65) ]
TOTAL THIS MO.     0
DPTR FM NORMAL     0    [PRESSURE DATA]
TOTAL FM JAN 1     0    HIGHEST SLP M ON M
DPTR FM NORMAL     0    LOWEST  SLP 29.43 ON 17

[REMARKS]
#FINAL-03-15#
