000
CXUS55 KPUB 281059
CF6TAD
PRELIMINARY LOCAL CLIMATOLOGICAL DATA (WS FORM: F-6)

                                          STATION:   TRINIDAD CO
                                          MONTH:     APRIL
                                          YEAR:      2015
                                          LATITUDE:   37 16 N
                                          LONGITUDE: 104 20 W

  TEMPERATURE IN F:       :PCPN:    SNOW:  WIND      :SUNSHINE: SKY     :PK WND
================================================================================
1   2   3   4   5  6A  6B    7    8   9   10  11  12  13   14  15   16   17  18
                                     12Z  AVG MX 2MIN
DY MAX MIN AVG DEP HDD CDD  WTR  SNW DPTH SPD SPD DIR MIN PSBL S-S WX    SPD DR
================================================================================

 1  77  39  58  12   7   0 0.00  0.0    0 14.0 35 250   M    M   0        42 270
 2  73  33  53   7  12   0 0.00  0.0    0 12.6 36  20   M    M   2 18     46  10
 3  50  32  41  -5  24   0 0.00  0.0    0  9.0 20 140   M    M   8 1      24 130
 4  68  28  48   2  17   0 0.00  0.0    0 12.0 31 210   M    M   0        38 220
 5  76  41  59  12   6   0 0.00  0.0    0 12.1 25 240   M    M   0        33 240
 6  77  42  60  13   5   0 0.00  0.0    0 16.6 32 230   M    M   0        47 250
 7  77  36  57  10   8   0 0.00  0.0    0 12.5 28 190   M    M   0        34 200
 8  76  39  58  11   7   0 0.00  0.0    0 18.6 38 230   M    M   0        47 240
 9  58  31  45  -3  20   0 0.00  0.0    0  8.9 23  50   M    M   0        28  60
10  68  29  49   1  16   0 0.00  0.0    0 11.7 26 170   M    M   0        35 190
11  70  33  52   4  13   0 0.00  0.0    0  8.4 17 230   M    M   1        19 220
12  73  39  56   8   9   0 0.00  0.0    0  9.4 28  20   M    M   0        35  30
13  66  33  50   1  15   0 0.00  0.0    0  9.1 30 130   M    M   0        36 140
14  75  40  58   9   7   0 0.00  0.0    0 12.5 32 190   M    M   1        40 190
15  73  43  58   9   7   0 0.00  0.0    0 19.1 36 250   M    M   0        45 260
16  43  34  39 -11  26   0 0.30    M    M  9.5 25 260   M    M  10 13     30 260
17  58  33  46  -4  19   0 0.06    M    M  7.9 26 250   M    M   6 1      32 250
18  56  29  43  -7  22   0    T  0.0    0  8.5 28 340   M    M   5        34 310
19  54  35  45  -6  20   0    T  0.0    0 11.8 30 340   M    M   8        37 350
20  60  39  50  -1  15   0    T  0.0    0  6.7 22 160   M    M   6        26 190
21  72  37  55   4  10   0    T  0.0    0 10.4 28 340   M    M   1        37 350
22  65  38  52   0  13   0    T    M    M 11.4 28 170   M    M   1 3      33 170
23  71  40  56   4   9   0    T    M    0  9.1 21 290   M    M   1        31 270
24  68  38  53   1  12   0 0.00  0.0    0 12.5 40 290   M    M   1        48 290
25  72  40  56   3   9   0 0.00  0.0    0 12.0 25 190   M    M   1        35 190
26  62  40  51  -2  14   0 0.30  0.0    0  8.9 28 150   M    M   7 13     34 140
27  46  35  41 -12  24   0 0.24    M    0 13.9 22  10   M    M  10 1      30  30
================================================================================
SM 1784  976       366   0  0.90     0.0 309.1          M       69
================================================================================
AV 66.1 36.1                              11.4 FASTST   M    M   3    MAX(MPH)
                                 MISC ---->  # 40 290               # 48  290
================================================================================
NOTES:
# LAST OF SEVERAL OCCURRENCES

COLUMN 17 PEAK WIND IN M.P.H.

PRELIMINARY LOCAL CLIMATOLOGICAL DATA (WS FORM: F-6) , PAGE 2

                                          STATION:  TRINIDAD CO
                                          MONTH:    APRIL
                                          YEAR:     2015
                                          LATITUDE:   37 16 N
                                          LONGITUDE: 104 20 W

[TEMPERATURE DATA]      [PRECIPITATION DATA]       SYMBOLS USED IN COLUMN 16

AVERAGE MONTHLY: 51.1   TOTAL FOR MONTH:   0.90    1 = FOG OR MIST
DPTR FM NORMAL:   1.9   DPTR FM NORMAL:   -0.11    2 = FOG REDUCING VISIBILITY
HIGHEST:    77 ON  7, 6 GRTST 24HR  0.53 ON 26-27      TO 1/4 MILE OR LESS
LOWEST:     28 ON  4                               3 = THUNDER
                        SNOW, ICE PELLETS, HAIL    4 = ICE PELLETS
                        TOTAL MONTH:   0.0 INCH    5 = HAIL
                        GRTST 24HR     0.0         6 = FREEZING RAIN OR DRIZZLE
                        GRTST DEPTH:   0           7 = DUSTSTORM OR SANDSTORM:
                                                       VSBY 1/2 MILE OR LESS
                                                   8 = SMOKE OR HAZE
[NO. OF DAYS WITH]      [WEATHER - DAYS WITH]      9 = BLOWING SNOW
                                                   X = TORNADO
MAX 32 OR BELOW:   0    0.01 INCH OR MORE:   4
MAX 90 OR ABOVE:   0    0.10 INCH OR MORE:   3
MIN 32 OR BELOW:   5    0.50 INCH OR MORE:   0
MIN  0 OR BELOW:   0    1.00 INCH OR MORE:   0

[HDD (BASE 65) ]
TOTAL THIS MO.   366    CLEAR  (SCALE 0-3)  19
DPTR FM NORMAL   -61    PTCLDY (SCALE 4-7)   6
TOTAL FM JUL 1  4757    CLOUDY (SCALE 8-10)  2
DPTR FM NORMAL  -499

[CDD (BASE 65) ]
TOTAL THIS MO.     0
DPTR FM NORMAL     0    [PRESSURE DATA]
TOTAL FM JAN 1     0    HIGHEST SLP M ON M
DPTR FM NORMAL     0    LOWEST  SLP 29.49 ON  8

[REMARKS]
