000
CXUS55 KCYS 241000
CF6TOR
PRELIMINARY LOCAL CLIMATOLOGICAL DATA (WS FORM: F-6)

                                          STATION:   TORRINGTON WY AIRPORT
                                          MONTH:     APRIL
                                          YEAR:      2015
                                          LATITUDE:   42  3 N
                                          LONGITUDE: 104  9 W

  TEMPERATURE IN F:       :PCPN:    SNOW:  WIND      :SUNSHINE: SKY     :PK WND
================================================================================
1   2   3   4   5  6A  6B    7    8   9   10  11  12  13   14  15   16   17  18
                                     12Z  AVG MX 2MIN
DY MAX MIN AVG DEP HDD CDD  WTR  SNW DPTH SPD SPD DIR MIN PSBL S-S WX    SPD DR
================================================================================

 1  71  30  51   9  14   0 0.00    M    M 11.6 33 270   M    M   1        42 280
 2  43  24  34  -8  31   0    T    M    M  9.2 23  10   M    M   5 8      26  10
 3  53  22  38  -5  27   0 0.00    M    M  7.4 17 260   0    0   0        30 270
 4   M   M   M   M   M   M    M    M    M   M   M   M   0    0   0         0   0
 5  76  25  51   8  14   0 0.00    M    M  6.3 20  30   M    M   0        25  40
 6  65  28  47   3  18   0 0.00    M    M 11.4 25 110   M    M   0 1      30 110
 7  57  33  45   1  20   0 0.02    M    M  8.7 21 100   M    M   6 1      25 110
 8  63  35  49   5  16   0 0.17    M    M 15.3 29 150   M    M   8 13     38 140
 9  54  30  42  -2  23   0 0.02    M    M 10.3 26 330   M    M   4 1      34 330
10  66  24  45   0  20   0 0.00    M    M  6.5 16 150   M    M   0        20 170
11  76  31  54   9  11   0 0.00    M    M  6.5 25 270   M    M   1        32 270
12  63  29  46   0  19   0 0.00    M    M 11.6 36 300   M    M   0 8      47 270
13  68  24  46   0  19   0 0.00    M    M  5.6 15 130   M    M   0        19 130
14  80  38  59  13   6   0 0.00    M    M 17.3 35 150   M    M   0        43 150
15  59  34  47   1  18   0 0.16    M    M 17.2 38 300   M    M   5 13     46 300
16  47  35  41  -6  24   0 0.31    M    M 11.0 22 340   M    M  10 1      29 330
17  46  40  43  -4  22   0 0.96    M    M 15.3 31  50   M    M  10 1      37  40
18  60  40  50   2  15   0 0.57    M    M  8.1 29 360   M    M   8 1      39 340
19  51  32  42  -6  23   0 0.00    M    M 16.8 29 330   M    M   5        40 330
20  56  29  43  -5  22   0 0.00    M    M 11.0 25 310   M    M   4        35 320
21  67  26  47  -2  18   0 0.00  0.0    0 10.1 25  20   M    M   2        34 360
22  72  30  51   2  14   0 0.00    M    M  7.8 18  60   M    M   0        21  80
23  75  34  55   6  10   0 0.00    M    M  5.8 28 300   M    M   1 3      35 310
================================================================================
SM 1368  673       404   0  2.21     0.0 230.8            0     70
================================================================================
AV 62.2 30.6                              10.5 FASTST    0   0   3    MAX(MPH)
                                 MISC ---->  # 38 300               # 47  270
================================================================================
NOTES:
# LAST OF SEVERAL OCCURRENCES

COLUMN 17 PEAK WIND IN M.P.H.

PRELIMINARY LOCAL CLIMATOLOGICAL DATA (WS FORM: F-6) , PAGE 2

                                          STATION:  TORRINGTON WY AIRPORT
                                          MONTH:    APRIL
                                          YEAR:     2015
                                          LATITUDE:   42  3 N
                                          LONGITUDE: 104  9 W

[TEMPERATURE DATA]      [PRECIPITATION DATA]       SYMBOLS USED IN COLUMN 16

AVERAGE MONTHLY: 46.4   TOTAL FOR MONTH:   2.21    1 = FOG OR MIST
DPTR FM NORMAL:   0.8   DPTR FM NORMAL:    1.03    2 = FOG REDUCING VISIBILITY
HIGHEST:    80 ON 14    GRTST 24HR  1.33 ON 17-18      TO 1/4 MILE OR LESS
LOWEST:     22 ON  3                               3 = THUNDER
                        SNOW, ICE PELLETS, HAIL    4 = ICE PELLETS
                        TOTAL MONTH:   0.0 INCH    5 = HAIL
                        GRTST 24HR     0.0         6 = FREEZING RAIN OR DRIZZLE
                        GRTST DEPTH:   0           7 = DUSTSTORM OR SANDSTORM:
                                                       VSBY 1/2 MILE OR LESS
                                                   8 = SMOKE OR HAZE
[NO. OF DAYS WITH]      [WEATHER - DAYS WITH]      9 = BLOWING SNOW
                                                   X = TORNADO
MAX 32 OR BELOW:   0    0.01 INCH OR MORE:   7
MAX 90 OR ABOVE:   0    0.10 INCH OR MORE:   5
MIN 32 OR BELOW:  14    0.50 INCH OR MORE:   2
MIN  0 OR BELOW:   0    1.00 INCH OR MORE:   0

[HDD (BASE 65) ]
TOTAL THIS MO.   404    CLEAR  (SCALE 0-3)  13
DPTR FM NORMAL   -41    PTCLDY (SCALE 4-7)   8
TOTAL FM JUL 1  5764    CLOUDY (SCALE 8-10)  2
DPTR FM NORMAL  -365

[CDD (BASE 65) ]
TOTAL THIS MO.     0
DPTR FM NORMAL     0    [PRESSURE DATA]
TOTAL FM JAN 1     0    HIGHEST SLP  0.00 ON M
DPTR FM NORMAL     0    LOWEST  SLP 29.47 ON  8

[REMARKS]
