000
CXUS53 KAPX 250631
CF6TVC
PRELIMINARY LOCAL CLIMATOLOGICAL DATA (WS FORM: F-6)

                                          STATION:   TRAVERSE CITY MI
                                          MONTH:     APRIL
                                          YEAR:      2015
                                          LATITUDE:   44 44 N
                                          LONGITUDE:  85 34 W

  TEMPERATURE IN F:       :PCPN:    SNOW:  WIND      :SUNSHINE: SKY     :PK WND
================================================================================
1   2   3   4   5  6A  6B    7    8   9   10  11  12  13   14  15   16   17  18
                                     12Z  AVG MX 2MIN
DY MAX MIN AVG DEP HDD CDD  WTR  SNW DPTH SPD SPD DIR MIN PSBL S-S WX    SPD DR
================================================================================

 1  62  25  44   7  21   0 0.00    M    M  4.6 13 200   M    M   3 1      22 190
 2  60  48  54  16  11   0 0.19    M    M  8.1 17 290   M    M   5 18     26 190
 3  51  24  38   0  27   0 0.00    M    M  8.2 17 340   M    M   6        24 340
 4  45  18  32  -6  33   0    T    M    M  5.1 21 280   M    M   4        24 290
 5  41  24  33  -6  32   0    T    M    M  3.7 13  30   M    M   8        15  30
 6  44  34  39   0  26   0    T    M    M  7.5 15 360   M    M  10        22  20
 7  56  33  45   5  20   0    T    M    M 10.1 18 100   M    M   8 1      24 100
 8  46  36  41   1  24   0 0.05    M    M  9.3 17 100   M    M  10 1      22  90
 9  49  36  43   3  22   0 0.56    M    M  4.4 18 140   M    M  10 13     25 140
10  51  33  42   1  23   0 0.06    M    M 12.9 26 290   M    M   9 1      35 290
11  57  29  43   2  22   0 0.00    M    M  4.2 15 280   M    M   3        21 320
12  72  42  57  15   8   0 0.00    M    M  6.9 15 200   M    M   1        25 230
13  61  42  52  10  13   0 0.18    M    M  8.9 29 280   M    M   6 1      35 270
14  63  32  48   6  17   0 0.00    M    M  3.4 18 290   M    M   3        23 290
15  61  28  45   2  20   0 0.00    M    M  3.9 12  40   M    M   4        15  20
16  54  35  45   2  20   0 0.03    M    M  2.1 10 110   M    M   6        13 110
17  63  34  49   5  16   0 0.00    M    M  3.3 13  40   M    M   4        15  10
18  56  39  48   4  17   0 0.00    M    M  5.8 14  40   M    M   2        17  30
19  70  44  57  13   8   0 0.06    M    M  9.7 21 110   M    M   6        29 130
20  51  38  45   0  20   0 0.23    M    M  7.5 22 270   M    M  10        28 260
21  43  35  39  -6  26   0 0.03    M    M 10.6 23 260   M    M  10        31 260
22  37  28  33 -13  32   0 0.02    M    M 11.0 22 300   M    M   9        28 300
23  43  26  35 -11  30   0    T    M    M  9.2 20 290   M    M   6        25 300
24  45  22  34 -12  31   0 0.00    M    M  4.4 13  40   M    M   4        17  60
================================================================================
SM 1281  785       519   0  1.41    M    164.8          M      147
================================================================================
AV 53.4 32.7                               6.9 FASTST   M    M   6    MAX(MPH)
                                 MISC ---->  # 29 280               # 35  290
================================================================================
NOTES:
# LAST OF SEVERAL OCCURRENCES

COLUMN 17 PEAK WIND IN M.P.H.

PRELIMINARY LOCAL CLIMATOLOGICAL DATA (WS FORM: F-6) , PAGE 2

                                          STATION:  TRAVERSE CITY MI
                                          MONTH:    APRIL
                                          YEAR:     2015
                                          LATITUDE:   44 44 N
                                          LONGITUDE:  85 34 W

[TEMPERATURE DATA]      [PRECIPITATION DATA]       SYMBOLS USED IN COLUMN 16

AVERAGE MONTHLY: 43.0   TOTAL FOR MONTH:   1.41    1 = FOG OR MIST
DPTR FM NORMAL:   1.2   DPTR FM NORMAL:   -0.84    2 = FOG REDUCING VISIBILITY
HIGHEST:    72 ON 12    GRTST 24HR  0.62 ON  9-10      TO 1/4 MILE OR LESS
LOWEST:     18 ON  4                               3 = THUNDER
                        SNOW, ICE PELLETS, HAIL    4 = ICE PELLETS
                        TOTAL MONTH:    M          5 = HAIL
                        GRTST 24HR    M  ON   M    6 = FREEZING RAIN OR DRIZZLE
                        GRTST DEPTH:  M  ON   M    7 = DUSTSTORM OR SANDSTORM:
                                                       VSBY 1/2 MILE OR LESS
                                                   8 = SMOKE OR HAZE
[NO. OF DAYS WITH]      [WEATHER - DAYS WITH]      9 = BLOWING SNOW
                                                   X = TORNADO
MAX 32 OR BELOW:   0    0.01 INCH OR MORE:  10
MAX 90 OR ABOVE:   0    0.10 INCH OR MORE:   4
MIN 32 OR BELOW:  10    0.50 INCH OR MORE:   1
MIN  0 OR BELOW:   0    1.00 INCH OR MORE:   0

[HDD (BASE 65) ]
TOTAL THIS MO.   519    CLEAR  (SCALE 0-3)   5
DPTR FM NORMAL   -40    PTCLDY (SCALE 4-7)  11
TOTAL FM JUL 1  7334    CLOUDY (SCALE 8-10)  8
DPTR FM NORMAL   373

[CDD (BASE 65) ]
TOTAL THIS MO.     0
DPTR FM NORMAL     0    [PRESSURE DATA]
TOTAL FM JAN 1     0    HIGHEST SLP M ON M
DPTR FM NORMAL     0    LOWEST  SLP 29.08 ON 20

[REMARKS]
