000
CXUS54 KMRX 271000
CF6TYS
PRELIMINARY LOCAL CLIMATOLOGICAL DATA (WS FORM: F-6)

                                          STATION:   KNOXVILLE    ASOS
                                          MONTH:     APRIL
                                          YEAR:      2015
                                          LATITUDE:   35 49 N
                                          LONGITUDE:  83 59 W

  TEMPERATURE IN F:       :PCPN:    SNOW:  WIND      :SUNSHINE: SKY     :PK WND
================================================================================
1   2   3   4   5  6A  6B    7    8   9   10  11  12  13   14  15   16   17  18
                                     12Z  AVG MX 2MIN
DY MAX MIN AVG DEP HDD CDD  WTR  SNW DPTH SPD SPD DIR MIN PSBL S-S WX    SPD DR
================================================================================

 1  72  48  60   5   5   0 0.00  0.0    0  6.5 14  50   M    M   4        19 350
 2  74  45  60   5   5   0 0.02  0.0    0  9.9 32 210   M    M   8 8      38 210
 3  76  56  66  11   0   1 0.71  0.0    0 15.9 28 310   M    M  10 13     38 300
 4  60  45  53  -3  12   0 0.00  0.0    0  9.4 20 360   M    M   4        25 330
 5  68  31  50  -6  15   0 0.00  0.0    0  3.9 13 230   M    M   6        16 240
 6  68  52  60   4   5   0 0.49  0.0    0  4.8 14 280   M    M  10 1      17 190
 7  67  56  62   6   3   0 0.15  0.0    0  4.3 13 210   M    M  10 123    27 150
 8  82  56  69  12   0   4 0.00  0.0    0  5.2 16 240   M    M   9 12     21 240
 9  84  61  73  16   0   8 0.00  0.0    0 10.8 30 230   M    M   8        36 230
10  74  56  65   8   0   0 0.19  0.0    0 12.7 29 220   M    M   9 1      38 200
11  72  47  60   2   5   0 0.00  0.0    0  5.3 16  30   M    M   3        21  30
12  80  46  63   5   2   0 0.00  0.0    0  6.6 18 230   M    M   5        22 230
13  78  55  67   9   0   2    T  0.0    0  5.1 14 230   M    M   8        16 170
14  74  63  69  11   0   4 0.24  0.0    0  7.1 23 230   M    M  10 1      27 210
15  67  59  63   4   2   0 1.22  0.0    0  7.8 15  40   M    M  10 1      18  40
16  63  55  59   0   6   0 0.05  0.0    0  3.4  9  50   M    M  10 13     11 310
17  70  59  65   6   0   0    T  0.0    0  2.2  9 310   M    M  10 1      10 320
18  78  58  68   8   0   3 0.07  0.0    0  4.2 16 220   M    M   9 128    18  20
19  73  59  66   6   0   1 0.36  0.0    0  6.9 28 230   M    M   9 13     36 240
20  72  52  62   2   3   0 0.11  0.0    0 14.2 30 280   M    M   5 13     38 280
21  66  46  56  -4   9   0 0.00  0.0    0  7.6 21 240   M    M   2        25 220
22  73  50  62   1   3   0    T  0.0    0 11.7 29 240   M    M   6        38 240
23  66  46  56  -5   9   0 0.00  0.0    0  7.0 18 270   M    M   6        25 260
24  66  37  52  -9  13   0 0.00  0.0    0  4.0 13  20   M    M   6 8      17  50
25  76  52  64   2   1   0 0.44  0.0    0 11.3 29 250   M    M   8 13     44 280
26  68  53  61  -1   4   0 0.01  0.0    0  9.0 18 260   M    M   9 3      24 260
================================================================================
SM 1867 1343       102  23  4.06     0.0 196.8          M      194
================================================================================
AV 71.8 51.7                               7.6 FASTST   M    M   7    MAX(MPH)
                                 MISC ---->  # 32 210               # 44  280
================================================================================
NOTES:
# LAST OF SEVERAL OCCURRENCES

COLUMN 17 PEAK WIND IN M.P.H.

PRELIMINARY LOCAL CLIMATOLOGICAL DATA (WS FORM: F-6) , PAGE 2

                                          STATION:  KNOXVILLE    ASOS
                                          MONTH:    APRIL
                                          YEAR:     2015
                                          LATITUDE:   35 49 N
                                          LONGITUDE:  83 59 W

[TEMPERATURE DATA]      [PRECIPITATION DATA]       SYMBOLS USED IN COLUMN 16

AVERAGE MONTHLY: 61.7   TOTAL FOR MONTH:   4.06    1 = FOG OR MIST
DPTR FM NORMAL:   3.4   DPTR FM NORMAL:    0.60    2 = FOG REDUCING VISIBILITY
HIGHEST:    84 ON  9    GRTST 24HR  1.23 ON 14-15      TO 1/4 MILE OR LESS
LOWEST:     31 ON  5                               3 = THUNDER
                        SNOW, ICE PELLETS, HAIL    4 = ICE PELLETS
                        TOTAL MONTH:   0.0 INCH    5 = HAIL
                        GRTST 24HR     0.0         6 = FREEZING RAIN OR DRIZZLE
                        GRTST DEPTH:   0           7 = DUSTSTORM OR SANDSTORM:
                                                       VSBY 1/2 MILE OR LESS
                                                   8 = SMOKE OR HAZE
[NO. OF DAYS WITH]      [WEATHER - DAYS WITH]      9 = BLOWING SNOW
                                                   X = TORNADO
MAX 32 OR BELOW:   0    0.01 INCH OR MORE:  13
MAX 90 OR ABOVE:   0    0.10 INCH OR MORE:   9
MIN 32 OR BELOW:   1    0.50 INCH OR MORE:   2
MIN  0 OR BELOW:   0    1.00 INCH OR MORE:   1

[HDD (BASE 65) ]
TOTAL THIS MO.   102    CLEAR  (SCALE 0-3)   1
DPTR FM NORMAL  -100    PTCLDY (SCALE 4-7)  13
TOTAL FM JUL 1  3781    CLOUDY (SCALE 8-10) 12
DPTR FM NORMAL   222

[CDD (BASE 65) ]
TOTAL THIS MO.    23
DPTR FM NORMAL    -2    [PRESSURE DATA]
TOTAL FM JAN 1    25    HIGHEST SLP M ON M
DPTR FM NORMAL    -5    LOWEST  SLP 29.55 ON M

[REMARKS]
