000
CXUS53 KGRB 031223
CLAGRB

CLIMATE REPORT
NATIONAL WEATHER SERVICE GREEN BAY
625 AM CST SAT JAN 3 2015

...GREEN BAY 2014 YEARLY STATISTICS...

...TIED 6TH COLDEST ON RECORD...
...31ST WETTEST YEAR ON RECORD...
...32ND SNOWIEST YEAR ON RECORD...
...10TH MOST HEATING DEGREE DAYS ON RECORD...


...THE GREEN BAY WI CLIMATE SUMMARY FOR THE YEAR OF 2014...

CLIMATE NORMAL PERIOD 1981 TO 2010
CLIMATE RECORD PERIOD 1886 TO 2015

WEATHER         OBSERVED          NORMAL  DEPART  LAST YEAR`S
                 VALUE   DATE(S)  VALUE   FROM    VALUE  DATE(S)
                                          NORMAL
................................................................
TEMPERATURE (F)
RECORD
 HIGH             104   07/13/1936
 LOW              -36   01/21/1888
HIGHEST            91   07/22                         93  07/19
                                                          07/18
LOWEST            -24   03/03                        -19  12/30
AVG. MAXIMUM     51.1              53.6    -2.5     53.1
AVG. MINIMUM     32.5              35.0    -2.5     34.6
MEAN             41.8              44.3    -2.5     43.8
DAYS MAX >= 90      1               3.1    -2.1        6
DAYS MAX <= 32     94              71.9    22.1       78
DAYS MIN <= 32    156             156.8    -0.8      167
DAYS MIN <= 0      46              19.2    26.8       23

PRECIPITATION (INCHES)
RECORD
 MAXIMUM        38.36   1985
 MINIMUM        16.31   1930
TOTALS          32.12             29.52    2.60    35.16
DAILY AVG.       0.09
DAYS >= .01       134             123.0    11.0      137
DAYS >= .10        76              64.7    11.3       83
DAYS >= .50        21              17.6     3.4       20
DAYS >= 1.00        6               5.3     0.7        5

SNOWFALL (INCHES)
RECORDS
 TOTAL          123.8   1887
TOTALS           56.2              51.4     4.8     77.5
SINCE 7/1        11.7              17.3    -5.6     27.6
SNOWDEPTH AVG.      3
DAYS >= TRACE      92              40.2    51.8       94
DAYS >= 1.0        19              15.8     3.2       24
GREATEST
 SNOW DEPTH        22   02/18                         15  12/26
 24 HR TOTAL      7.5   MM

DEGREE_DAYS
HEATING TOTAL    8661              7955     706     8118
 SINCE 7/1       3045              3090     -45     3155
COOLING TOTAL     362               398     -36      535
 SINCE 1/1        362               398     -36      535

FREEZE DATES
RECORD
 EARLIEST     09/12/1955
 LATEST       06/06/1958
EARLIEST                        10/03
LATEST                          05/05
.................................................................

WIND (MPH)
AVERAGE WIND SPEED              8.7
HIGHEST WIND SPEED/DIRECTION    41/020    DATE  10/14
HIGHEST GUST SPEED/DIRECTION    53/030    DATE  10/14

SKY COVER
POSSIBLE SUNSHINE (PERCENT)   MM
AVERAGE SKY COVER           0.50
NUMBER OF DAYS FAIR          146
NUMBER OF DAYS PC            125
NUMBER OF DAYS CLOUDY         94

AVERAGE RH (PERCENT)     74

WEATHER CONDITIONS. NUMBER OF DAYS WITH
THUNDERSTORM              M     MIXED PRECIP               1
HEAVY RAIN               33     RAIN                      49
LIGHT RAIN              120     FREEZING RAIN              2
LT FREEZING RAIN          6     HAIL                       0
HEAVY SNOW                5     SNOW                      12
LIGHT SNOW               84     SLEET                      0
FOG                     210     FOG W/VIS <= 1/4 MILE     24
HAZE                     92

-  INDICATES NEGATIVE NUMBERS.
R  INDICATES RECORD WAS SET OR TIED.
MM INDICATES DATA IS MISSING.
T  INDICATES TRACE AMOUNT.

$$
ECKBERG
