000
CXUS56 KMFR 051714
CLAMFR

MFRCLMMFR000TTAA00 KMFR 051648


CLIMATE REPORT
NATIONAL WEATHER SERVICE MEDFORD, OR
848 AM PST MON JAN 5 2015

...................................

...THE MEDFORD OR CLIMATE SUMMARY FOR THE YEAR OF 2014...

CLIMATE NORMAL PERIOD 1981 TO 2010
CLIMATE RECORD PERIOD 1911 TO 2015

WEATHER         OBSERVED          NORMAL  DEPART  LAST YEAR`S
                 VALUE   DATE(S)  VALUE   FROM    VALUE  DATE(S)
                                          NORMAL
................................................................
TEMPERATURE (F)
RECORD
 HIGH             115   07/20/1946
 LOW              -10   12/13/1919
HIGHEST           106   07/28                        106  07/25
LOWEST             18   01/05                         18  01/14
AVG. MAXIMUM     71.5              68.0     3.5     71.2
AVG. MINIMUM     46.2              43.2     3.0     44.8
MEAN             58.9              55.6     3.3     58.0
DAYS MAX >= 90     81              53.9    27.1       66
DAYS MAX <= 32      0               0.6    -0.6        2
DAYS MIN <= 32     45              55.1   -10.1       45
DAYS MIN <= 0       0               0.0     0.0        0

PRECIPITATION (INCHES)
RECORD
 MAXIMUM        31.41   1996
 MINIMUM         8.07   2013
TOTALS          20.28             18.35    1.93     8.07
DAILY AVG.       0.06              0.05    0.01     0.03
DAYS >= .01       108             102.6     5.4       69
DAYS >= .10        45              50.9    -5.9       25
DAYS >= .50         7               8.1    -1.1        4
DAYS >= 1.00        4               1.6     2.4        0

GREATEST
24 HR. TOTAL     2.02   09/24


SNOWFALL (INCHES)
RECORDS
 TOTAL           24.1   1930
TOTALS              T               4.1    -4.1      0.5
SINCE 7/1         0.0               1.7    -1.7      0.0
DAYS >= TRACE       5               5.1    -0.1        6
DAYS >= 1.0         0               1.6    -1.6        0

DEGREE_DAYS
HEATING TOTAL    3354              4250    -896     3060
 SINCE 7/1       1266              1766    -500       MM
COOLING TOTAL    1238               828     410     1057
 SINCE 1/1       1238               829     409     1057

FREEZE DATES
.................................................................

WIND (MPH)
AVERAGE WIND SPEED              3.7
HIGHEST WIND SPEED/DIRECTION    40/140    DATE  08/11
HIGHEST GUST SPEED/DIRECTION    51/150    DATE  08/11

SKY COVER
POSSIBLE SUNSHINE (PERCENT)   MM
AVERAGE SKY COVER           0.40
NUMBER OF DAYS FAIR          172
NUMBER OF DAYS PC            108
NUMBER OF DAYS CLOUDY         85

AVERAGE RH (PERCENT)     61

WEATHER CONDITIONS. NUMBER OF DAYS WITH
THUNDERSTORM              0     MIXED PRECIP               0
HEAVY RAIN               17     RAIN                      44
LIGHT RAIN              126     FREEZING RAIN              0
LT FREEZING RAIN          0     HAIL                       0
HEAVY SNOW                0     SNOW                       0
LIGHT SNOW                5     SLEET                      0
FOG                     141     FOG W/VIS <= 1/4 MILE     39
HAZE                     75

-  INDICATES NEGATIVE NUMBERS.
R  INDICATES RECORD WAS SET OR TIED.
MM INDICATES DATA IS MISSING.
T  INDICATES TRACE AMOUNT.

$$
