000
CDUS46 KMFR 020038
CLIAAT


CLIMATE REPORT
NATIONAL WEATHER SERVICE MEDFORD, OR
537 PM PDT WED APR 1 2015


...................................

...THE ALTURAS CA CLIMATE SUMMARY FOR APRIL 1 2015...
VALID TODAY AS OF 0500 PM LOCAL TIME.

CLIMATE NORMAL PERIOD 1981 TO 2010
CLIMATE RECORD PERIOD 1905 TO 2015


WEATHER ITEM   OBSERVED TIME   RECORD YEAR NORMAL DEPARTURE LAST
                VALUE   (LST)  VALUE       VALUE  FROM      YEAR
                                                  NORMAL
..................................................................
TEMPERATURE (F)
 TODAY
  MAXIMUM         51    212 PM  82    1966  54     -3       46
  MINIMUM         13    612 AM  10    1936  26    -13       28
  AVERAGE         32                        40     -8       37

PRECIPITATION (IN)
  TODAY            0.00          1.04 1978   0.04  -0.04      T
  MONTH TO DATE    0.00                      0.04  -0.04      T
  SINCE OCT 1      6.17                      9.17  -3.00     4.39
  SINCE JAN 1      1.66                      4.66  -3.00     3.76

SNOWFALL (IN)
  TODAY           MM                        MM     MM       MM
  MONTH TO DATE   MM                        MM     MM       MM
  SINCE JUL 1     MM                        MM     MM        0.0
  SNOW DEPTH      MM

DEGREE DAYS
 HEATING
  TODAY           33                        25      8       28
  MONTH TO DATE   33                        25      8       28
  SINCE MAR 1    645                       850   -205      772
  SINCE JUL 1   4272                      5717  -1445     5537

 COOLING
  TODAY            0                         0      0        0
  MONTH TO DATE    0                         0      0        0
  SINCE MAR 1      0                         0      0        0
  SINCE JAN 1      0                         0      0        0
..................................................................


WIND (MPH)
  HIGHEST WIND SPEED    17   HIGHEST WIND DIRECTION     W (270)
  HIGHEST GUST SPEED    20   HIGHEST GUST DIRECTION     W (270)
  AVERAGE WIND SPEED     2.2


SKY COVER
  POSSIBLE SUNSHINE  MM
  AVERAGE SKY COVER 0.2


WEATHER CONDITIONS
 THE FOLLOWING WEATHER WAS RECORDED TODAY.
  FOG


RELATIVE HUMIDITY (PERCENT)
 HIGHEST    92           700 AM
 LOWEST     27           400 PM
 AVERAGE    60

..........................................................


THE ALTURAS CA CLIMATE NORMALS FOR TOMORROW
                         NORMAL    RECORD    YEAR
 MAXIMUM TEMPERATURE (F)   55        84      1966
 MINIMUM TEMPERATURE (F)   26        12      1976


SUNRISE AND SUNSET
APRIL  1 2015.........SUNRISE   646 AM PDT   SUNSET   727 PM PDT
APRIL  2 2015.........SUNRISE   644 AM PDT   SUNSET   728 PM PDT


-  INDICATES NEGATIVE NUMBERS.
R  INDICATES RECORD WAS SET OR TIED.
MM INDICATES DATA IS MISSING.
T  INDICATES TRACE AMOUNT.




$$
