000
CDUS42 KTAE 040636
CLIABY


CLIMATE REPORT
NATIONAL WEATHER SERVICE TALLAHASSEE FL
236 AM EDT MON MAY 4 2015


...................................

...THE ALBANY CLIMATE SUMMARY FOR MAY 3 2015...

CLIMATE NORMAL PERIOD 1981 TO 2010
CLIMATE RECORD PERIOD 1930 TO 2015


WEATHER ITEM   OBSERVED TIME   RECORD YEAR NORMAL DEPARTURE LAST
                VALUE   (LST)  VALUE       VALUE  FROM      YEAR
                                                  NORMAL
..................................................................
TEMPERATURE (F)
 YESTERDAY
  MAXIMUM         82    426 PM  96    1990  84     -2       78
  MINIMUM         52    520 AM  45    1981  58     -6       55
  AVERAGE         67                        71     -4       67

PRECIPITATION (IN)
  YESTERDAY        0.00                      0.07  -0.07    MM
  MONTH TO DATE    0.00                      0.21  -0.21     0.05
  SINCE MAR 1      7.35                      8.90  -1.55    10.78
  SINCE JAN 1     14.68                     17.88  -3.20    16.02

SNOWFALL (IN)
  YESTERDAY        0.0

DEGREE DAYS
 HEATING
  YESTERDAY        0                         0      0        0
  MONTH TO DATE    2                         0      2        5
  SINCE MAR 1    125                       274   -149      343
  SINCE JUL 1   1849                      1834     15     1939

 COOLING
  YESTERDAY        2                         6     -4        2
  MONTH TO DATE    2                        18    -16        2
  SINCE MAR 1    248                       149     99       98
  SINCE JAN 1    250                       158     92      102
..................................................................


WIND (MPH)
  HIGHEST WIND SPEED    12   HIGHEST WIND DIRECTION    SE (150)
  HIGHEST GUST SPEED    14   HIGHEST GUST DIRECTION    SE (150)
  AVERAGE WIND SPEED     1.6




RELATIVE HUMIDITY (PERCENT)
 HIGHEST    93
 LOWEST     30
 AVERAGE    62

..........................................................


THE ALBANY CLIMATE NORMALS FOR TODAY
                         NORMAL    RECORD    YEAR
 MAXIMUM TEMPERATURE (F)   84        95      2002
 MINIMUM TEMPERATURE (F)   58        39      1971


SUNRISE AND SUNSET
MAY  4 2015...........SUNRISE   649 AM EDT   SUNSET   818 PM EDT
MAY  5 2015...........SUNRISE   648 AM EDT   SUNSET   819 PM EDT


-  INDICATES NEGATIVE NUMBERS.
R  INDICATES RECORD WAS SET OR TIED.
MM INDICATES DATA IS MISSING.
T  INDICATES TRACE AMOUNT.




$$
