000
CDUS42 KCAE 260629
CLIAGS


CLIMATE REPORT
NATIONAL WEATHER SERVICE COLUMBIA SC
229 AM EDT SUN APR 26 2015


...................................

...THE AUGUSTA REGIONAL BUSH FIELD GA CLIMATE SUMMARY FOR APRIL 25 2015...

CLIMATE NORMAL PERIOD 1981 TO 2010
CLIMATE RECORD PERIOD 1873 TO 2015


WEATHER ITEM   OBSERVED TIME   RECORD YEAR NORMAL DEPARTURE LAST
                VALUE   (LST)  VALUE       VALUE  FROM      YEAR
                                                  NORMAL
..................................................................
TEMPERATURE (F)
 YESTERDAY
  MAXIMUM         79    442 PM  93    1885  80     -1       83
  MINIMUM         56    915 AM  34    1974  50      6       58
  AVERAGE         68                        65      3       71

PRECIPITATION (IN)
  YESTERDAY        0.62          1.58 1979   0.08   0.54     0.00
  MONTH TO DATE    4.49                      2.43   2.06     4.24
  SINCE MAR 1      7.53                      6.61   0.92     6.80
  SINCE JAN 1     14.33                     14.44  -0.11    13.01

SNOWFALL (IN)
  YESTERDAY        0.0          MM      MM   0.0             0.0
  MONTH TO DATE    0.0                       0.0             0.0
  SINCE MAR 1      0.0                       0.0             0.0
  SINCE JUL 1      T                         0.9             3.3

DEGREE DAYS
 HEATING
  YESTERDAY        0                         3     -3        0
  MONTH TO DATE   36                       113    -77      101
  SINCE MAR 1    249                       409   -160      501
  SINCE JUL 1   2535                      2441     94     2663

 COOLING
  YESTERDAY        3                         3      0        6
  MONTH TO DATE   96                        39     57       26
  SINCE MAR 1    108                        54     54       26
  SINCE JAN 1    108                        57     51       28
..................................................................


WIND (MPH)
  HIGHEST WIND SPEED    18   HIGHEST WIND DIRECTION     W (250)
  HIGHEST GUST SPEED    27   HIGHEST GUST DIRECTION     W (250)
  AVERAGE WIND SPEED     7.0


SKY COVER
  AVERAGE SKY COVER 0.6


WEATHER CONDITIONS
 THE FOLLOWING WEATHER WAS RECORDED YESTERDAY.
  THUNDERSTORM
  HEAVY RAIN
  RAIN
  LIGHT RAIN
  FOG


RELATIVE HUMIDITY (PERCENT)
 HIGHEST   100          1000 AM
 LOWEST     60          1200 AM
 AVERAGE    80

..........................................................


THE AUGUSTA REGIONAL BUSH FIELD GA CLIMATE NORMALS FOR TODAY
                         NORMAL    RECORD    YEAR
 MAXIMUM TEMPERATURE (F)   80        91      2011
                                             1986
                                             1925
 MINIMUM TEMPERATURE (F)   51        36      1910


SUNRISE AND SUNSET
APRIL 26 2015.........SUNRISE   645 AM EDT   SUNSET   807 PM EDT
APRIL 27 2015.........SUNRISE   644 AM EDT   SUNSET   807 PM EDT


-  INDICATES NEGATIVE NUMBERS.
R  INDICATES RECORD WAS SET OR TIED.
MM INDICATES DATA IS MISSING.
T  INDICATES TRACE AMOUNT.




$$
