000
CDUS45 KBOU 200725
CLIAKO


CLIMATE REPORT
NATIONAL WEATHER SERVICE BOULDER, CO
125 AM MDT MON APR 20 2015


...................................

...THE AKRON CO CLIMATE SUMMARY FOR APRIL 19 2015...

CLIMATE NORMAL PERIOD 1981 TO 2010
CLIMATE RECORD PERIOD 9999 TO 9999


WEATHER ITEM   OBSERVED TIME   RECORD YEAR NORMAL DEPARTURE LAST
                VALUE   (LST)  VALUE       VALUE  FROM      YEAR
                                                  NORMAL
..................................................................
TEMPERATURE (F)
 YESTERDAY
  MAXIMUM         50    245 PM  86    1940  62    -12
  MINIMUM         29   1144 PM  16    1966  34     -5
  AVERAGE         40                        48     -8

PRECIPITATION (IN)
  YESTERDAY        0.04          1.14 1977   0.06  -0.02     0.00
  MONTH TO DATE    0.90                      0.90   0.00     0.54
  SINCE MAR 1      1.12                      1.77  -0.65     0.97
  SINCE JAN 1      1.40                      2.51  -1.11     1.40

DEGREE DAYS
 HEATING
  YESTERDAY       25
  MONTH TO DATE  319

 COOLING
  YESTERDAY        0
  MONTH TO DATE    0
..................................................................


WIND (MPH)
  HIGHEST WIND SPEED    37   HIGHEST WIND DIRECTION     N (10)
  HIGHEST GUST SPEED    47   HIGHEST GUST DIRECTION     N (10)




RELATIVE HUMIDITY (PERCENT)
 HIGHEST   100
 LOWEST     36
 AVERAGE    68

..........................................................


THE AKRON CO CLIMATE NORMALS FOR TODAY
                         NORMAL    RECORD    YEAR
 MAXIMUM TEMPERATURE (F)   62        87      1962
 MINIMUM TEMPERATURE (F)   35        15      1966


SUNRISE AND SUNSET
APRIL 20 2015.........SUNRISE   608 AM MDT   SUNSET   736 PM MDT
APRIL 21 2015.........SUNRISE   606 AM MDT   SUNSET   737 PM MDT


-  INDICATES NEGATIVE NUMBERS.
R  INDICATES RECORD WAS SET OR TIED.
MM INDICATES DATA IS MISSING.
T  INDICATES TRACE AMOUNT.




$$
