000
CDUS42 KMFL 012016
CLIAPF


CLIMATE REPORT
NATIONAL WEATHER SERVICE MIAMI, FL
416 PM EDT WED APR 1 2015


...................................

...THE NAPLES CLIMATE SUMMARY FOR APRIL 1 2015...
VALID TODAY AS OF 0400 PM LOCAL TIME.

CLIMATE NORMAL PERIOD 1981 TO 2010
CLIMATE RECORD PERIOD 1942 TO 2015


WEATHER ITEM   OBSERVED TIME   RECORD YEAR NORMAL DEPARTURE LAST
                VALUE   (LST)  VALUE       VALUE  FROM      YEAR
                                                  NORMAL
..................................................................
TEMPERATURE (F)
 TODAY
  MAXIMUM         81   1218 PM  89    2008  81      0       83
                                      1974
  MINIMUM         62    608 AM  45    1987  62      0       58
  AVERAGE         72                        71      1       71

PRECIPITATION (IN)
  TODAY            0.00          2.95 2008   0.08  -0.08     0.00
  MONTH TO DATE    0.00                      0.08  -0.08     0.00
  SINCE NOV 1      4.39                      9.90  -5.51     6.16
  SINCE JAN 1      3.09                      6.41  -3.32     5.06

SNOWFALL (IN)
  TODAY            0.0
  MONTH TO DATE    0.0
  SINCE MAR 1      0.0
  SINCE JUL 1      0.0
  SNOW DEPTH       0

DEGREE DAYS
 HEATING
  TODAY            0                         0      0        0
  MONTH TO DATE    0                         0      0        0
  SINCE MAR 1      1                        23    -22        7
  SINCE JUL 1    198                       256    -58      149

 COOLING
  TODAY            7                         7      0        6
  MONTH TO DATE    7                         7      0        6
  SINCE MAR 1    311                       183    128      164
  SINCE JAN 1    487                       374    113      437
..................................................................


WIND (MPH)
  HIGHEST WIND SPEED    15   HIGHEST WIND DIRECTION     W (260)
  HIGHEST GUST SPEED    18   HIGHEST GUST DIRECTION     W (270)
  AVERAGE WIND SPEED     3.8


SKY COVER
  AVERAGE SKY COVER 0.0


WEATHER CONDITIONS
 THE FOLLOWING WEATHER WAS RECORDED TODAY.
  FOG


RELATIVE HUMIDITY (PERCENT)
 HIGHEST   100
 LOWEST     45
 AVERAGE    73

..........................................................


THE NAPLES CLIMATE NORMALS FOR TOMORROW
                         NORMAL    RECORD    YEAR
 MAXIMUM TEMPERATURE (F)   81        90      1970
 MINIMUM TEMPERATURE (F)   62        42      1987


SUNRISE AND SUNSET
APRIL  1 2015.........SUNRISE   718 AM EDT   SUNSET   744 PM EDT
APRIL  2 2015.........SUNRISE   717 AM EDT   SUNSET   744 PM EDT


-  INDICATES NEGATIVE NUMBERS.
R  INDICATES RECORD WAS SET OR TIED.
MM INDICATES DATA IS MISSING.
T  INDICATES TRACE AMOUNT.




$$
