000
CDUS41 KBUF 040706
CLIART


CLIMATE REPORT
NATIONAL WEATHER SERVICE BUFFALO NY
305 AM EDT MON MAY 4 2015


...................................

...THE WATERTOWN NY CLIMATE SUMMARY FOR MAY 3 2015...

CLIMATE NORMAL PERIOD 1981 TO 2010
CLIMATE RECORD PERIOD 1949 TO 2015


WEATHER ITEM   OBSERVED TIME   RECORD YEAR NORMAL DEPARTURE LAST
                VALUE   (LST)  VALUE       VALUE  FROM      YEAR
                                                  NORMAL
..................................................................
TEMPERATURE (F)
 YESTERDAY
  MAXIMUM         73    333 PM  81    2001  62     11       60
  MINIMUM         48    525 AM  23    1966  39      9       47
  AVERAGE         61                        51     10       54

PRECIPITATION (IN)
  YESTERDAY        0.00          1.70 1954   0.10  -0.10     0.23
  MONTH TO DATE    0.00                      0.28  -0.28     0.50
  SINCE MAR 1      2.52                      5.48  -2.96     8.54
  SINCE JAN 1      5.61                     10.36  -4.75    15.64

DEGREE DAYS
 HEATING
  YESTERDAY        4                        15    -11       11
  MONTH TO DATE   24                        45    -21       38
  SINCE MAR 1   1832                      1747     85     1962
  SINCE JUL 1   7352                      7188    164     7633

 COOLING
  YESTERDAY        0                         0      0        0
  MONTH TO DATE    0                         0      0        0
  SINCE MAR 1      0                         1     -1        0
  SINCE JAN 1      0                         1     -1        0
..................................................................


WIND (MPH)
  HIGHEST WIND SPEED    18   HIGHEST WIND DIRECTION     W (260)
  HIGHEST GUST SPEED    24   HIGHEST GUST DIRECTION     W (260)
  AVERAGE WIND SPEED     6.0


SKY COVER
  AVERAGE SKY COVER 0.0


WEATHER CONDITIONS
 THE FOLLOWING WEATHER WAS RECORDED YESTERDAY.
  NO SIGNIFICANT WEATHER WAS OBSERVED.


RELATIVE HUMIDITY (PERCENT)
 HIGHEST    61           600 AM
 LOWEST     31           500 PM
 AVERAGE    46

..........................................................


THE WATERTOWN NY CLIMATE NORMALS FOR TODAY
                         NORMAL    RECORD    YEAR
 MAXIMUM TEMPERATURE (F)   62        83      1949
 MINIMUM TEMPERATURE (F)   40        21      1986


SUNRISE AND SUNSET
MAY  4 2015...........SUNRISE   552 AM EDT   SUNSET   811 PM EDT
MAY  5 2015...........SUNRISE   551 AM EDT   SUNSET   812 PM EDT


-  INDICATES NEGATIVE NUMBERS.
R  INDICATES RECORD WAS SET OR TIED.
MM INDICATES DATA IS MISSING.
T  INDICATES TRACE AMOUNT.




$$
