000
CDUS44 KEWX 050828
CLIAUS


CLIMATE REPORT
NATIONAL WEATHER SERVICE AUSTIN/SAN ANTONIO, TX
328 AM CDT TUE MAY 5 2015


...................................

...THE AUSTIN BERGSTROM CLIMATE SUMMARY FOR MAY 4 2015...

CLIMATE NORMAL PERIOD 1981 TO 2010
CLIMATE RECORD PERIOD 1943 TO 2015


WEATHER ITEM   OBSERVED TIME   RECORD YEAR NORMAL DEPARTURE LAST
                VALUE   (LST)  VALUE       VALUE  FROM      YEAR
                                                  NORMAL
..................................................................
TEMPERATURE (F)
 YESTERDAY
  MAXIMUM         84    335 PM  98    1984  84      0       90
  MINIMUM         59    318 AM  37    2013  60     -1       55
  AVERAGE         72                        72      0       73

PRECIPITATION (IN)
  YESTERDAY        T             1.59 2006   0.09  -0.09     0.00
  MONTH TO DATE    T                         0.36  -0.36     0.00
  SINCE MAR 1      6.39                      5.45   0.94     2.84
  SINCE JAN 1     12.13                      9.96   2.17     3.93

SNOWFALL (IN)
  YESTERDAY        0.0
  MONTH TO DATE    0.0
  SINCE MAR 1      0.0
  SINCE JUL 1      T
  SNOW DEPTH       0

DEGREE DAYS
 HEATING
  YESTERDAY        0                         0      0        0
  MONTH TO DATE    0                         0      0        4
  SINCE MAR 1    265                       285    -20      361
  SINCE JUL 1   1979                      1900     79     2178

 COOLING
  YESTERDAY        7                         7      0        8
  MONTH TO DATE   10                        28    -18       14
  SINCE MAR 1    216                       200     16      185
  SINCE JAN 1    218                       216      2      202
..................................................................


WIND (MPH)
  HIGHEST WIND SPEED    21   HIGHEST WIND DIRECTION    SE (140)
  HIGHEST GUST SPEED    27   HIGHEST GUST DIRECTION    SE (120)
  AVERAGE WIND SPEED     9.7


SKY COVER
  AVERAGE SKY COVER 0.7


WEATHER CONDITIONS
 THE FOLLOWING WEATHER WAS RECORDED YESTERDAY.
  LIGHT RAIN
  FOG


RELATIVE HUMIDITY (PERCENT)
 HIGHEST   100           100 AM
 LOWEST     48           300 PM
 AVERAGE    74

..........................................................


THE AUSTIN BERGSTROM CLIMATE NORMALS FOR TODAY
                         NORMAL    RECORD    YEAR
 MAXIMUM TEMPERATURE (F)   84       101      1984
 MINIMUM TEMPERATURE (F)   60        44      2011


SUNRISE AND SUNSET
MAY  5 2015...........SUNRISE   644 AM CDT   SUNSET   811 PM CDT
MAY  6 2015...........SUNRISE   643 AM CDT   SUNSET   812 PM CDT


-  INDICATES NEGATIVE NUMBERS.
R  INDICATES RECORD WAS SET OR TIED.
MM INDICATES DATA IS MISSING.
T  INDICATES TRACE AMOUNT.




$$
